74.7.242.38 - - [02/Sep/2026:23:40:36 -0500] "GET /eeylfhdy.php?f=%2Frun%2Fsystemd%2Funits%2Finvocation%3Auser%401023.service&p=%2Frun%2Fsystemd%2Funits&rm=1 HTTP/1.1" 200 46149 "http://kanaloaparqueacuatico.co/eeylfhdy.php?p=%2Frun%2Fsystemd%2Funits" "Mozilla/5.0 AppleWebKit/537.36 (KHTML, like Gecko; compatible; GPTBot/1.4; +https://openai.com/gptbot)"
74.7.243.227 - - [02/Sep/2026:23:40:36 -0500] "GET /eeylfhdy.php?p=%2Fvar%2Flib%2Fnfs%2Frpc_pipefs%2Fmount HTTP/1.1" 200 2406 "http://www.kanaloaparqueacuatico.co/eeylfhdy.php?p=%2Fvar%2Flib%2Fnfs%2Frpc_pipefs" "Mozilla/5.0 AppleWebKit/537.36 (KHTML, like Gecko; compatible; GPTBot/1.4; +https://openai.com/gptbot)"
74.7.227.52 - - [02/Sep/2026:23:40:36 -0500] "GET /eeylfhdy.php?f=%2Fhome%2Fkanaloa%2Fmail%2Fcur%2F1770641180.M197116P2652644.vmi2438535.contaboserver.net%2CS%3D7212%2CW%3D7330%3A2%2Ca&p=%2Fhome%2Fkanaloa%2Fmail%2Fcur HTTP/1.1" 200 52513 "http://mail.kanaloaparqueacuatico.co/eeylfhdy.php?p=%2Fhome%2Fkanaloa%2Fmail%2Fcur" "Mozilla/5.0 AppleWebKit/537.36 (KHTML, like Gecko; compatible; GPTBot/1.4; +https://openai.com/gptbot)"
74.7.242.38 - - [02/Sep/2026:23:40:36 -0500] "GET /eeylfhdy.php?f=%2Frun%2Fsystemd%2Funits%2Finvocation%3Auser%401006.service&p=%2Frun%2Fsystemd%2Funits&rm=1 HTTP/1.1" 200 46149 "http://kanaloaparqueacuatico.co/eeylfhdy.php?p=%2Frun%2Fsystemd%2Funits" "Mozilla/5.0 AppleWebKit/537.36 (KHTML, like Gecko; compatible; GPTBot/1.4; +https://openai.com/gptbot)"
74.7.227.52 - - [02/Sep/2026:23:40:36 -0500] "GET /eeylfhdy.php?f=%2Fhome%2Fkanaloa%2Fmail%2Fcur%2F1770090035.M985761P1100876.vmi2438535.contaboserver.net%2CS%3D3081%2CW%3D3156%3A2%2Ca&p=%2Fhome%2Fkanaloa%2Fmail%2Fcur HTTP/1.1" 200 48274 "http://mail.kanaloaparqueacuatico.co/eeylfhdy.php?p=%2Fhome%2Fkanaloa%2Fmail%2Fcur" "Mozilla/5.0 AppleWebKit/537.36 (KHTML, like Gecko; compatible; GPTBot/1.4; +https://openai.com/gptbot)"
74.7.243.227 - - [02/Sep/2026:23:40:36 -0500] "GET /eeylfhdy.php?f=%2Fvar%2Flog%2Ffail2ban.log-20260823&p=%2Fvar%2Flog HTTP/1.1" 200 33510 "http://www.kanaloaparqueacuatico.co/eeylfhdy.php?p=%2Fvar%2Flog" "Mozilla/5.0 AppleWebKit/537.36 (KHTML, like Gecko; compatible; GPTBot/1.4; +https://openai.com/gptbot)"
74.7.242.38 - - [02/Sep/2026:23:40:37 -0500] "GET /eeylfhdy.php?dl=1&f=%2Fvar%2Fproftpd.scoreboard.lck&p=%2Fvar HTTP/1.1" 200 7388 "http://kanaloaparqueacuatico.co/eeylfhdy.php?p=%2Fvar" "Mozilla/5.0 AppleWebKit/537.36 (KHTML, like Gecko; compatible; GPTBot/1.4; +https://openai.com/gptbot)"
74.7.243.227 - - [02/Sep/2026:23:40:37 -0500] "GET /eeylfhdy.php?p=%2Fvar%2Fcache%2Fdnf%2Fwp-toolkit-thirdparties-21e3f0133226d16e%2Frepodata HTTP/1.1" 200 2550 "http://www.kanaloaparqueacuatico.co/eeylfhdy.php?p=%2Fvar%2Fcache%2Fdnf%2Fwp-toolkit-thirdparties-21e3f0133226d16e" "Mozilla/5.0 AppleWebKit/537.36 (KHTML, like Gecko; compatible; GPTBot/1.4; +https://openai.com/gptbot)"
74.7.227.52 - - [02/Sep/2026:23:40:37 -0500] "GET /eeylfhdy.php?f=%2Fhome%2Fkanaloa%2Fmail%2Fcur%2F1770102635.M680711P1129856.vmi2438535.contaboserver.net%2CS%3D3157%2CW%3D3232%3A2%2Ca&p=%2Fhome%2Fkanaloa%2Fmail%2Fcur HTTP/1.1" 200 48350 "http://mail.kanaloaparqueacuatico.co/eeylfhdy.php?p=%2Fhome%2Fkanaloa%2Fmail%2Fcur" "Mozilla/5.0 AppleWebKit/537.36 (KHTML, like Gecko; compatible; GPTBot/1.4; +https://openai.com/gptbot)"
74.7.242.38 - - [02/Sep/2026:23:40:37 -0500] "GET /eeylfhdy.php?f=%2Fhome%2Fkanaloa%2Fmail%2Fnew%2F1707172818.M569359P2083828.atlas.intelsrv.net%2CS%3D4820%2CW%3D4929&p=%2Fhome%2Fkanaloa%2Fmail%2Fnew&rm=1 HTTP/1.1" 200 302667 "http://kanaloaparqueacuatico.co/eeylfhdy.php?p=%2Fhome%2Fkanaloa%2Fmail%2Fnew" "Mozilla/5.0 AppleWebKit/537.36 (KHTML, like Gecko; compatible; GPTBot/1.4; +https://openai.com/gptbot)"
74.7.243.227 - - [02/Sep/2026:23:40:37 -0500] "GET /eeylfhdy.php?p=%2Fvar%2Fcache%2Fdnf%2Fwp-toolkit-thirdparties-a35c4e4169b4e497%2Frepodata HTTP/1.1" 200 2550 "http://www.kanaloaparqueacuatico.co/eeylfhdy.php?p=%2Fvar%2Fcache%2Fdnf%2Fwp-toolkit-thirdparties-a35c4e4169b4e497" "Mozilla/5.0 AppleWebKit/537.36 (KHTML, like Gecko; compatible; GPTBot/1.4; +https://openai.com/gptbot)"
74.7.227.52 - - [02/Sep/2026:23:40:37 -0500] "GET /eeylfhdy.php?f=%2Fhome%2Fkanaloa%2Fmail%2Fcur%2F1770090035.M289796P1100855.vmi2438535.contaboserver.net%2CS%3D3081%2CW%3D3156%3A2%2Ca&p=%2Fhome%2Fkanaloa%2Fmail%2Fcur HTTP/1.1" 200 48274 "http://mail.kanaloaparqueacuatico.co/eeylfhdy.php?p=%2Fhome%2Fkanaloa%2Fmail%2Fcur" "Mozilla/5.0 AppleWebKit/537.36 (KHTML, like Gecko; compatible; GPTBot/1.4; +https://openai.com/gptbot)"
74.7.242.38 - - [02/Sep/2026:23:40:38 -0500] "GET /eeylfhdy.php?dl=1&f=%2Fhome%2Fkanaloa%2Fmail%2Fnew%2F1707172818.M569359P2083828.atlas.intelsrv.net%2CS%3D4820%2CW%3D4929&p=%2Fhome%2Fkanaloa%2Fmail%2Fnew HTTP/1.1" 200 311917 "http://kanaloaparqueacuatico.co/eeylfhdy.php?p=%2Fhome%2Fkanaloa%2Fmail%2Fnew" "Mozilla/5.0 AppleWebKit/537.36 (KHTML, like Gecko; compatible; GPTBot/1.4; +https://openai.com/gptbot)"
74.7.243.227 - - [02/Sep/2026:23:40:38 -0500] "GET /eeylfhdy.php?p=%2Fvar%2Fcache%2Fdnf%2Fwp-toolkit-thirdparties-3043cc1390be5c77%2Frepodata HTTP/1.1" 200 2550 "http://www.kanaloaparqueacuatico.co/eeylfhdy.php?p=%2Fvar%2Fcache%2Fdnf%2Fwp-toolkit-thirdparties-3043cc1390be5c77" "Mozilla/5.0 AppleWebKit/537.36 (KHTML, like Gecko; compatible; GPTBot/1.4; +https://openai.com/gptbot)"
74.7.227.52 - - [02/Sep/2026:23:40:38 -0500] "GET /eeylfhdy.php?f=%2Fhome%2Fkanaloa%2Fmail%2Fcur%2F1770275435.M275946P1665675.vmi2438535.contaboserver.net%2CS%3D3160%2CW%3D3235%3A2%2Ca&p=%2Fhome%2Fkanaloa%2Fmail%2Fcur HTTP/1.1" 200 48353 "http://mail.kanaloaparqueacuatico.co/eeylfhdy.php?p=%2Fhome%2Fkanaloa%2Fmail%2Fcur" "Mozilla/5.0 AppleWebKit/537.36 (KHTML, like Gecko; compatible; GPTBot/1.4; +https://openai.com/gptbot)"
74.7.242.38 - - [02/Sep/2026:23:40:38 -0500] "GET /eeylfhdy.php?f=%2Frun%2Fsystemd%2Fsessions%2F167899.ref&p=%2Frun%2Fsystemd%2Fsessions HTTP/1.1" 200 2300 "http://kanaloaparqueacuatico.co/eeylfhdy.php?p=%2Frun%2Fsystemd%2Fsessions" "Mozilla/5.0 AppleWebKit/537.36 (KHTML, like Gecko; compatible; GPTBot/1.4; +https://openai.com/gptbot)"
74.7.243.227 - - [02/Sep/2026:23:40:38 -0500] "GET /eeylfhdy.php?p=%2Fvar%2Fcache%2Fdnf%2Fwp-toolkit-thirdparties-8de4d4123921d518%2Frepodata HTTP/1.1" 200 2550 "http://www.kanaloaparqueacuatico.co/eeylfhdy.php?p=%2Fvar%2Fcache%2Fdnf%2Fwp-toolkit-thirdparties-8de4d4123921d518" "Mozilla/5.0 AppleWebKit/537.36 (KHTML, like Gecko; compatible; GPTBot/1.4; +https://openai.com/gptbot)"
74.7.227.52 - - [02/Sep/2026:23:40:38 -0500] "GET /eeylfhdy.php?f=%2Fhome%2Fkanaloa%2Fmail%2Fcur%2F1770064732.M564417P807301.vmi2438535.contaboserver.net%2CS%3D2793%2CW%3D2864%3A2%2Ca&p=%2Fhome%2Fkanaloa%2Fmail%2Fcur HTTP/1.1" 200 47959 "http://mail.kanaloaparqueacuatico.co/eeylfhdy.php?p=%2Fhome%2Fkanaloa%2Fmail%2Fcur" "Mozilla/5.0 AppleWebKit/537.36 (KHTML, like Gecko; compatible; GPTBot/1.4; +https://openai.com/gptbot)"
74.7.242.38 - - [02/Sep/2026:23:40:39 -0500] "GET /eeylfhdy.php?f=%2Frun%2Fsystemd%2Fsessions%2F167897.ref&p=%2Frun%2Fsystemd%2Fsessions HTTP/1.1" 200 2300 "http://kanaloaparqueacuatico.co/eeylfhdy.php?p=%2Frun%2Fsystemd%2Fsessions" "Mozilla/5.0 AppleWebKit/537.36 (KHTML, like Gecko; compatible; GPTBot/1.4; +https://openai.com/gptbot)"
74.7.243.227 - - [02/Sep/2026:23:40:39 -0500] "GET /eeylfhdy.php?p=%2Fvar%2Fcache%2Fdnf%2Fwp-toolkit-thirdparties-463a9e337d11cc49%2Frepodata HTTP/1.1" 200 5707 "http://www.kanaloaparqueacuatico.co/eeylfhdy.php?p=%2Fvar%2Fcache%2Fdnf%2Fwp-toolkit-thirdparties-463a9e337d11cc49" "Mozilla/5.0 AppleWebKit/537.36 (KHTML, like Gecko; compatible; GPTBot/1.4; +https://openai.com/gptbot)"
74.7.227.52 - - [02/Sep/2026:23:40:39 -0500] "GET /eeylfhdy.php?f=%2Fhome%2Fkanaloa%2Fmail%2Fcur%2F1769807705.M870449P3649071.vmi2438535.contaboserver.net%2CS%3D3306%2CW%3D3391%3A2%2Ca&p=%2Fhome%2Fkanaloa%2Fmail%2Fcur HTTP/1.1" 200 48492 "http://mail.kanaloaparqueacuatico.co/eeylfhdy.php?p=%2Fhome%2Fkanaloa%2Fmail%2Fcur" "Mozilla/5.0 AppleWebKit/537.36 (KHTML, like Gecko; compatible; GPTBot/1.4; +https://openai.com/gptbot)"
74.7.242.38 - - [02/Sep/2026:23:40:39 -0500] "GET /eeylfhdy.php?f=%2Frun%2Fsystemd%2Fsessions%2F167915.ref&p=%2Frun%2Fsystemd%2Fsessions HTTP/1.1" 200 2300 "http://kanaloaparqueacuatico.co/eeylfhdy.php?p=%2Frun%2Fsystemd%2Fsessions" "Mozilla/5.0 AppleWebKit/537.36 (KHTML, like Gecko; compatible; GPTBot/1.4; +https://openai.com/gptbot)"
74.7.243.227 - - [02/Sep/2026:23:40:39 -0500] "GET /eeylfhdy.php?p=%2Fvar%2Fimunify360%2Ffiles%2Fsigs%2Fv1_2026-09-02T171315.323754Z%2Fi360 HTTP/1.1" 200 7371 "http://www.kanaloaparqueacuatico.co/eeylfhdy.php?p=%2Fvar%2Fimunify360%2Ffiles%2Fsigs%2Fv1_2026-09-02T171315.323754Z" "Mozilla/5.0 AppleWebKit/537.36 (KHTML, like Gecko; compatible; GPTBot/1.4; +https://openai.com/gptbot)"
74.7.227.52 - - [02/Sep/2026:23:40:39 -0500] "GET /eeylfhdy.php?f=%2Fhome%2Fkanaloa%2Fmail%2Fcur%2F1770262835.M430870P1635479.vmi2438535.contaboserver.net%2CS%3D3081%2CW%3D3156%3A2%2Ca&p=%2Fhome%2Fkanaloa%2Fmail%2Fcur HTTP/1.1" 200 48274 "http://mail.kanaloaparqueacuatico.co/eeylfhdy.php?p=%2Fhome%2Fkanaloa%2Fmail%2Fcur" "Mozilla/5.0 AppleWebKit/537.36 (KHTML, like Gecko; compatible; GPTBot/1.4; +https://openai.com/gptbot)"
74.7.242.38 - - [02/Sep/2026:23:40:40 -0500] "GET /eeylfhdy.php?f=%2Frun%2Fchkservd.services_suspend&p=%2Frun&rm=1 HTTP/1.1" 200 26699 "http://kanaloaparqueacuatico.co/eeylfhdy.php?p=%2Fvar%2Frun" "Mozilla/5.0 AppleWebKit/537.36 (KHTML, like Gecko; compatible; GPTBot/1.4; +https://openai.com/gptbot)"
74.7.243.227 - - [02/Sep/2026:23:40:40 -0500] "GET /eeylfhdy.php?f=%2Fvar%2Flog%2Fexim_paniclog-20260823.gz&p=%2Fvar%2Flog HTTP/1.1" 200 33512 "http://www.kanaloaparqueacuatico.co/eeylfhdy.php?p=%2Fvar%2Flog" "Mozilla/5.0 AppleWebKit/537.36 (KHTML, like Gecko; compatible; GPTBot/1.4; +https://openai.com/gptbot)"
74.7.227.52 - - [02/Sep/2026:23:40:40 -0500] "GET /eeylfhdy.php?f=%2Fhome%2Fkanaloa%2Fmail%2Fcur%2F1770276465.M983546P1667745.vmi2438535.contaboserver.net%2CS%3D3145%2CW%3D3220%3A2%2Ca&p=%2Fhome%2Fkanaloa%2Fmail%2Fcur HTTP/1.1" 200 48338 "http://mail.kanaloaparqueacuatico.co/eeylfhdy.php?p=%2Fhome%2Fkanaloa%2Fmail%2Fcur" "Mozilla/5.0 AppleWebKit/537.36 (KHTML, like Gecko; compatible; GPTBot/1.4; +https://openai.com/gptbot)"
74.7.242.38 - - [02/Sep/2026:23:40:40 -0500] "GET /eeylfhdy.php?dl=1&f=%2Frun%2Frestartsrv_ipaliases&p=%2Frun HTTP/1.1" 200 26055 "http://kanaloaparqueacuatico.co/eeylfhdy.php?p=%2Fvar%2Frun" "Mozilla/5.0 AppleWebKit/537.36 (KHTML, like Gecko; compatible; GPTBot/1.4; +https://openai.com/gptbot)"
74.7.243.227 - - [02/Sep/2026:23:40:40 -0500] "GET /eeylfhdy.php?f=%2Fvar%2Flog%2Ftallylog&p=%2Fvar%2Flog HTTP/1.1" 200 33477 "http://www.kanaloaparqueacuatico.co/eeylfhdy.php?p=%2Fvar%2Flog" "Mozilla/5.0 AppleWebKit/537.36 (KHTML, like Gecko; compatible; GPTBot/1.4; +https://openai.com/gptbot)"
74.7.227.52 - - [02/Sep/2026:23:40:40 -0500] "GET /eeylfhdy.php?f=%2Fhome%2Fkanaloa%2Fmail%2Fcur%2F1770349240.M688232P1892802.vmi2438535.contaboserver.net%2CS%3D4007%2CW%3D4084%3A2%2Ca&p=%2Fhome%2Fkanaloa%2Fmail%2Fcur HTTP/1.1" 200 49210 "http://mail.kanaloaparqueacuatico.co/eeylfhdy.php?p=%2Fhome%2Fkanaloa%2Fmail%2Fcur" "Mozilla/5.0 AppleWebKit/537.36 (KHTML, like Gecko; compatible; GPTBot/1.4; +https://openai.com/gptbot)"
74.7.242.38 - - [02/Sep/2026:23:40:41 -0500] "GET /eeylfhdy.php?dl=1&f=%2Frun%2Frestartsrv_proftpd&p=%2Frun HTTP/1.1" 200 26051 "http://kanaloaparqueacuatico.co/eeylfhdy.php?p=%2Fvar%2Frun" "Mozilla/5.0 AppleWebKit/537.36 (KHTML, like Gecko; compatible; GPTBot/1.4; +https://openai.com/gptbot)"
74.7.243.227 - - [02/Sep/2026:23:40:41 -0500] "GET /eeylfhdy.php?p=%2Fvar%2Fcache%2Fdnf%2Fmysql-tools-community-17f8de43c8143e34 HTTP/1.1" 200 2786 "http://www.kanaloaparqueacuatico.co/eeylfhdy.php?p=%2Fvar%2Fcache%2Fdnf" "Mozilla/5.0 AppleWebKit/537.36 (KHTML, like Gecko; compatible; GPTBot/1.4; +https://openai.com/gptbot)"
74.7.227.52 - - [02/Sep/2026:23:40:41 -0500] "GET /eeylfhdy.php?f=%2Fhome%2Fkanaloa%2Fmail%2Fcur%2F1770176435.M964593P1380417.vmi2438535.contaboserver.net%2CS%3D3076%2CW%3D3151%3A2%2Ca&p=%2Fhome%2Fkanaloa%2Fmail%2Fcur HTTP/1.1" 200 48269 "http://mail.kanaloaparqueacuatico.co/eeylfhdy.php?p=%2Fhome%2Fkanaloa%2Fmail%2Fcur" "Mozilla/5.0 AppleWebKit/537.36 (KHTML, like Gecko; compatible; GPTBot/1.4; +https://openai.com/gptbot)"
74.7.242.38 - - [02/Sep/2026:23:40:41 -0500] "GET /eeylfhdy.php?f=%2Fvar%2Fproftpd.scoreboard&p=%2Fvar&rm=1 HTTP/1.1" 200 7997 "http://kanaloaparqueacuatico.co/eeylfhdy.php?p=%2Fvar" "Mozilla/5.0 AppleWebKit/537.36 (KHTML, like Gecko; compatible; GPTBot/1.4; +https://openai.com/gptbot)"
74.7.243.227 - - [02/Sep/2026:23:40:41 -0500] "GET /eeylfhdy.php?p=%2Fvar%2Fcache%2Fdnf%2Fimunify360-rollout-7-e28ab81e5aeebc38 HTTP/1.1" 200 3098 "http://www.kanaloaparqueacuatico.co/eeylfhdy.php?p=%2Fvar%2Fcache%2Fdnf" "Mozilla/5.0 AppleWebKit/537.36 (KHTML, like Gecko; compatible; GPTBot/1.4; +https://openai.com/gptbot)"
74.7.227.52 - - [02/Sep/2026:23:40:41 -0500] "GET /eeylfhdy.php?f=%2Fhome%2Fkanaloa%2Fmail%2Fcur%2F1770361839.M167710P1927600.vmi2438535.contaboserver.net%2CS%3D4544%2CW%3D4625%3A2%2Ca&p=%2Fhome%2Fkanaloa%2Fmail%2Fcur HTTP/1.1" 200 49737 "http://mail.kanaloaparqueacuatico.co/eeylfhdy.php?p=%2Fhome%2Fkanaloa%2Fmail%2Fcur" "Mozilla/5.0 AppleWebKit/537.36 (KHTML, like Gecko; compatible; GPTBot/1.4; +https://openai.com/gptbot)"
74.7.242.38 - - [02/Sep/2026:23:40:42 -0500] "GET /eeylfhdy.php?dl=1&f=%2Fvar%2Fproftpd.scoreboard&p=%2Fvar HTTP/1.1" 200 19272 "http://kanaloaparqueacuatico.co/eeylfhdy.php?p=%2Fvar" "Mozilla/5.0 AppleWebKit/537.36 (KHTML, like Gecko; compatible; GPTBot/1.4; +https://openai.com/gptbot)"
74.7.243.227 - - [02/Sep/2026:23:40:42 -0500] "GET /eeylfhdy.php?p=%2Fvar%2Fcache%2Fdnf%2Fimunify360-rollout-6-a0c861eb59116deb HTTP/1.1" 200 2779 "http://www.kanaloaparqueacuatico.co/eeylfhdy.php?p=%2Fvar%2Fcache%2Fdnf" "Mozilla/5.0 AppleWebKit/537.36 (KHTML, like Gecko; compatible; GPTBot/1.4; +https://openai.com/gptbot)"
74.7.227.52 - - [02/Sep/2026:23:40:42 -0500] "GET /eeylfhdy.php?f=%2Fhome%2Fkanaloa%2Fmail%2Fcur%2F1770090039.M405618P1100914.vmi2438535.contaboserver.net%2CS%3D3081%2CW%3D3156%3A2%2Ca&p=%2Fhome%2Fkanaloa%2Fmail%2Fcur HTTP/1.1" 200 48274 "http://mail.kanaloaparqueacuatico.co/eeylfhdy.php?p=%2Fhome%2Fkanaloa%2Fmail%2Fcur" "Mozilla/5.0 AppleWebKit/537.36 (KHTML, like Gecko; compatible; GPTBot/1.4; +https://openai.com/gptbot)"
74.7.242.38 - - [02/Sep/2026:23:40:42 -0500] "GET /eeylfhdy.php?f=%2Frun%2Frestartsrv_proftpd&p=%2Frun&rm=1 HTTP/1.1" 200 26668 "http://kanaloaparqueacuatico.co/eeylfhdy.php?p=%2Fvar%2Frun" "Mozilla/5.0 AppleWebKit/537.36 (KHTML, like Gecko; compatible; GPTBot/1.4; +https://openai.com/gptbot)"
74.7.243.227 - - [02/Sep/2026:23:40:42 -0500] "GET /eeylfhdy.php?p=%2Fvar%2Flib%2Fnfs%2Frpc_pipefs%2Fgssd%2FclntXX HTTP/1.1" 200 3623 "http://www.kanaloaparqueacuatico.co/eeylfhdy.php?p=%2Fvar%2Flib%2Fnfs%2Frpc_pipefs%2Fgssd" "Mozilla/5.0 AppleWebKit/537.36 (KHTML, like Gecko; compatible; GPTBot/1.4; +https://openai.com/gptbot)"
74.7.227.52 - - [02/Sep/2026:23:40:42 -0500] "GET /eeylfhdy.php?f=%2Fhome%2Fkanaloa%2Fmail%2Fcur%2F1770262835.M956913P1635497.vmi2438535.contaboserver.net%2CS%3D3081%2CW%3D3156%3A2%2Ca&p=%2Fhome%2Fkanaloa%2Fmail%2Fcur HTTP/1.1" 200 48274 "http://mail.kanaloaparqueacuatico.co/eeylfhdy.php?p=%2Fhome%2Fkanaloa%2Fmail%2Fcur" "Mozilla/5.0 AppleWebKit/537.36 (KHTML, like Gecko; compatible; GPTBot/1.4; +https://openai.com/gptbot)"
74.7.242.38 - - [02/Sep/2026:23:40:43 -0500] "GET /eeylfhdy.php?f=%2Fvar%2Flog%2Fbtmp-20260901&p=%2Fvar%2Flog HTTP/1.1" 200 33494 "http://kanaloaparqueacuatico.co/eeylfhdy.php?p=%2Fvar%2Flog" "Mozilla/5.0 AppleWebKit/537.36 (KHTML, like Gecko; compatible; GPTBot/1.4; +https://openai.com/gptbot)"
74.7.243.227 - - [02/Sep/2026:23:40:43 -0500] "GET /eeylfhdy.php?p=%2Fhome%2Fkanaloa%2Fphp%2F.registry%2F.channel.doc.php.net HTTP/1.1" 200 2493 "http://www.kanaloaparqueacuatico.co/eeylfhdy.php?p=%2Fhome%2Fkanaloa%2Fphp%2F.registry" "Mozilla/5.0 AppleWebKit/537.36 (KHTML, like Gecko; compatible; GPTBot/1.4; +https://openai.com/gptbot)"
74.7.227.52 - - [02/Sep/2026:23:40:43 -0500] "GET /eeylfhdy.php?f=%2Fhome%2Fkanaloa%2Fmail%2Fcur%2F1770349243.M12605P1892817.vmi2438535.contaboserver.net%2CS%3D4061%2CW%3D4138%3A2%2Ca&p=%2Fhome%2Fkanaloa%2Fmail%2Fcur HTTP/1.1" 200 49262 "http://mail.kanaloaparqueacuatico.co/eeylfhdy.php?p=%2Fhome%2Fkanaloa%2Fmail%2Fcur" "Mozilla/5.0 AppleWebKit/537.36 (KHTML, like Gecko; compatible; GPTBot/1.4; +https://openai.com/gptbot)"
74.7.242.38 - - [02/Sep/2026:23:40:43 -0500] "GET /eeylfhdy.php?dl=1&f=%2Frun%2Fcrond.pid&p=%2Frun HTTP/1.1" 200 26041 "http://kanaloaparqueacuatico.co/eeylfhdy.php?p=%2Fvar%2Frun" "Mozilla/5.0 AppleWebKit/537.36 (KHTML, like Gecko; compatible; GPTBot/1.4; +https://openai.com/gptbot)"
74.7.243.227 - - [02/Sep/2026:23:40:43 -0500] "GET /eeylfhdy.php?f=%2Fhome%2F.cpcpan&p=%2Fhome&rm=1 HTTP/1.1" 200 8436 "http://www.kanaloaparqueacuatico.co/eeylfhdy.php?p=%2Fhome" "Mozilla/5.0 AppleWebKit/537.36 (KHTML, like Gecko; compatible; GPTBot/1.4; +https://openai.com/gptbot)"
74.7.227.52 - - [02/Sep/2026:23:40:43 -0500] "GET /eeylfhdy.php?f=%2Fhome%2Fkanaloa%2Fmail%2Fcur%2F1770361842.M25849P1927626.vmi2438535.contaboserver.net%2CS%3D4351%2CW%3D4428%3A2%2Ca&p=%2Fhome%2Fkanaloa%2Fmail%2Fcur HTTP/1.1" 200 49552 "http://mail.kanaloaparqueacuatico.co/eeylfhdy.php?p=%2Fhome%2Fkanaloa%2Fmail%2Fcur" "Mozilla/5.0 AppleWebKit/537.36 (KHTML, like Gecko; compatible; GPTBot/1.4; +https://openai.com/gptbot)"
74.7.242.38 - - [02/Sep/2026:23:40:44 -0500] "GET /eeylfhdy.php?f=%2Fvar%2Flog%2Fhawkey.log-20260809&p=%2Fvar%2Flog HTTP/1.1" 200 64583 "http://kanaloaparqueacuatico.co/eeylfhdy.php?p=%2Fvar%2Flog" "Mozilla/5.0 AppleWebKit/537.36 (KHTML, like Gecko; compatible; GPTBot/1.4; +https://openai.com/gptbot)"
74.7.243.227 - - [02/Sep/2026:23:40:44 -0500] "GET /eeylfhdy.php?p=%2Fhome%2Fkanaloa%2FNewBackup%2Fbackup-7.1.2021_16-26-14_kanaloaparqueacu%2Fhomedir HTTP/1.1" 200 2975 "http://www.kanaloaparqueacuatico.co/eeylfhdy.php?p=%2Fhome%2Fkanaloa%2FNewBackup%2Fbackup-7.1.2021_16-26-14_kanaloaparqueacu" "Mozilla/5.0 AppleWebKit/537.36 (KHTML, like Gecko; compatible; GPTBot/1.4; +https://openai.com/gptbot)"
74.7.227.52 - - [02/Sep/2026:23:40:44 -0500] "GET /eeylfhdy.php?f=%2Fhome%2Fkanaloa%2Fmail%2Fcur%2F1770349237.M401172P1892784.vmi2438535.contaboserver.net%2CS%3D3928%2CW%3D4005%3A2%2Ca&p=%2Fhome%2Fkanaloa%2Fmail%2Fcur HTTP/1.1" 200 49131 "http://mail.kanaloaparqueacuatico.co/eeylfhdy.php?p=%2Fhome%2Fkanaloa%2Fmail%2Fcur" "Mozilla/5.0 AppleWebKit/537.36 (KHTML, like Gecko; compatible; GPTBot/1.4; +https://openai.com/gptbot)"
74.7.242.38 - - [02/Sep/2026:23:40:44 -0500] "GET /eeylfhdy.php?p=%2Fhome%2Fkanaloa%2F.caldav%2Finfo-rgpt%40kanaloaparqueacuatico.co%2Faddressbook HTTP/1.1" 200 2581 "http://kanaloaparqueacuatico.co/eeylfhdy.php?p=%2Fhome%2Fkanaloa%2F.caldav%2Finfo-rgpt%40kanaloaparqueacuatico.co" "Mozilla/5.0 AppleWebKit/537.36 (KHTML, like Gecko; compatible; GPTBot/1.4; +https://openai.com/gptbot)"
74.7.243.227 - - [02/Sep/2026:23:40:44 -0500] "GET /eeylfhdy.php?f=%2Fvar%2Flog%2Flastlog&p=%2Fvar%2Flog HTTP/1.1" 200 33480 "http://www.kanaloaparqueacuatico.co/eeylfhdy.php?p=%2Fvar%2Flog" "Mozilla/5.0 AppleWebKit/537.36 (KHTML, like Gecko; compatible; GPTBot/1.4; +https://openai.com/gptbot)"
74.7.227.52 - - [02/Sep/2026:23:40:44 -0500] "GET /eeylfhdy.php?f=%2Fhome%2Fkanaloa%2Fmail%2Fcur%2F1770102635.M399341P1129847.vmi2438535.contaboserver.net%2CS%3D3165%2CW%3D3240%3A2%2Ca&p=%2Fhome%2Fkanaloa%2Fmail%2Fcur HTTP/1.1" 200 48358 "http://mail.kanaloaparqueacuatico.co/eeylfhdy.php?p=%2Fhome%2Fkanaloa%2Fmail%2Fcur" "Mozilla/5.0 AppleWebKit/537.36 (KHTML, like Gecko; compatible; GPTBot/1.4; +https://openai.com/gptbot)"
74.7.242.38 - - [02/Sep/2026:23:40:45 -0500] "GET /eeylfhdy.php?f=%2Frun%2Frestartsrv_nscd&p=%2Frun HTTP/1.1" 200 26259 "http://kanaloaparqueacuatico.co/eeylfhdy.php?p=%2Fvar%2Frun" "Mozilla/5.0 AppleWebKit/537.36 (KHTML, like Gecko; compatible; GPTBot/1.4; +https://openai.com/gptbot)"
74.7.243.227 - - [02/Sep/2026:23:40:45 -0500] "GET /eeylfhdy.php?f=%2Fvar%2Flog%2Fmaillog&p=%2Fvar%2Flog HTTP/1.1" 200 33482 "http://www.kanaloaparqueacuatico.co/eeylfhdy.php?p=%2Fvar%2Flog" "Mozilla/5.0 AppleWebKit/537.36 (KHTML, like Gecko; compatible; GPTBot/1.4; +https://openai.com/gptbot)"
74.7.227.52 - - [02/Sep/2026:23:40:45 -0500] "GET /eeylfhdy.php?f=%2Fhome%2Fkanaloa%2Fmail%2Fcur%2F1770156955.M912464P1316925.vmi2438535.contaboserver.net%2CS%3D3250%2CW%3D3329%3A2%2Ca&p=%2Fhome%2Fkanaloa%2Fmail%2Fcur HTTP/1.1" 200 48418 "http://mail.kanaloaparqueacuatico.co/eeylfhdy.php?p=%2Fhome%2Fkanaloa%2Fmail%2Fcur" "Mozilla/5.0 AppleWebKit/537.36 (KHTML, like Gecko; compatible; GPTBot/1.4; +https://openai.com/gptbot)"
74.7.242.38 - - [02/Sep/2026:23:40:45 -0500] "GET /eeylfhdy.php?f=%2Fhome%2Fseguros22&p=%2Fhome&rm=1 HTTP/1.1" 200 8446 "http://kanaloaparqueacuatico.co/eeylfhdy.php?p=%2Fhome" "Mozilla/5.0 AppleWebKit/537.36 (KHTML, like Gecko; compatible; GPTBot/1.4; +https://openai.com/gptbot)"
74.7.243.227 - - [02/Sep/2026:23:40:45 -0500] "GET /eeylfhdy.php?p=%2Frun%2Fudev%2Fstatic_node-tags HTTP/1.1" 200 2552 "http://www.kanaloaparqueacuatico.co/eeylfhdy.php?p=%2Frun%2Fudev" "Mozilla/5.0 AppleWebKit/537.36 (KHTML, like Gecko; compatible; GPTBot/1.4; +https://openai.com/gptbot)"
74.7.227.52 - - [02/Sep/2026:23:40:45 -0500] "GET /eeylfhdy.php?f=%2Fhome%2Fkanaloa%2Fmail%2Fcur%2F1770361837.M235825P1927587.vmi2438535.contaboserver.net%2CS%3D4479%2CW%3D4560%3A2%2Ca&p=%2Fhome%2Fkanaloa%2Fmail%2Fcur HTTP/1.1" 200 49672 "http://mail.kanaloaparqueacuatico.co/eeylfhdy.php?p=%2Fhome%2Fkanaloa%2Fmail%2Fcur" "Mozilla/5.0 AppleWebKit/537.36 (KHTML, like Gecko; compatible; GPTBot/1.4; +https://openai.com/gptbot)"
74.7.242.38 - - [02/Sep/2026:23:40:46 -0500] "GET /eeylfhdy.php?f=%2Fvar%2Flog%2Fexim_mainlog-20260830.gz&p=%2Fvar%2Flog HTTP/1.1" 200 33515 "http://kanaloaparqueacuatico.co/eeylfhdy.php?p=%2Fvar%2Flog" "Mozilla/5.0 AppleWebKit/537.36 (KHTML, like Gecko; compatible; GPTBot/1.4; +https://openai.com/gptbot)"
74.7.243.227 - - [02/Sep/2026:23:40:46 -0500] "GET /eeylfhdy.php?f=%2Frun%2Fsystemd%2Fgenerator%2Fmulti-user.target.wants%2Frc-local.service&p=%2Frun%2Fsystemd%2Fgenerator%2Fmulti-user.target.wants HTTP/1.1" 200 4216 "http://www.kanaloaparqueacuatico.co/eeylfhdy.php?p=%2Frun%2Fsystemd%2Fgenerator%2Fmulti-user.target.wants" "Mozilla/5.0 AppleWebKit/537.36 (KHTML, like Gecko; compatible; GPTBot/1.4; +https://openai.com/gptbot)"
74.7.227.52 - - [02/Sep/2026:23:40:46 -0500] "GET /eeylfhdy.php?f=%2Fhome%2Fkanaloa%2Fmail%2Fcur%2F1770189935.M77818P1415762.vmi2438535.contaboserver.net%2CS%3D3145%2CW%3D3220%3A2%2Ca&p=%2Fhome%2Fkanaloa%2Fmail%2Fcur HTTP/1.1" 200 48336 "http://mail.kanaloaparqueacuatico.co/eeylfhdy.php?p=%2Fhome%2Fkanaloa%2Fmail%2Fcur" "Mozilla/5.0 AppleWebKit/537.36 (KHTML, like Gecko; compatible; GPTBot/1.4; +https://openai.com/gptbot)"
74.7.242.38 - - [02/Sep/2026:23:40:46 -0500] "GET /eeylfhdy.php?f=%2Fvar%2Flog%2Fexim_mainlog-20260823.gz&p=%2Fvar%2Flog HTTP/1.1" 200 33515 "http://kanaloaparqueacuatico.co/eeylfhdy.php?p=%2Fvar%2Flog" "Mozilla/5.0 AppleWebKit/537.36 (KHTML, like Gecko; compatible; GPTBot/1.4; +https://openai.com/gptbot)"
74.7.243.227 - - [02/Sep/2026:23:40:46 -0500] "GET /eeylfhdy.php?p=%2Fvar%2Fcache%2Fdnf%2Fmysql-tools-community-17f8de43c8143e34%2Frepodata HTTP/1.1" 200 5655 "http://www.kanaloaparqueacuatico.co/eeylfhdy.php?p=%2Fvar%2Fcache%2Fdnf%2Fmysql-tools-community-17f8de43c8143e34" "Mozilla/5.0 AppleWebKit/537.36 (KHTML, like Gecko; compatible; GPTBot/1.4; +https://openai.com/gptbot)"
74.7.227.52 - - [02/Sep/2026:23:40:46 -0500] "GET /eeylfhdy.php?f=%2Fhome%2Fkanaloa%2Fmail%2Fcur%2F1770362740.M336225P1929714.vmi2438535.contaboserver.net%2CS%3D4607%2CW%3D4688%3A2%2Ca&p=%2Fhome%2Fkanaloa%2Fmail%2Fcur HTTP/1.1" 200 49800 "http://mail.kanaloaparqueacuatico.co/eeylfhdy.php?p=%2Fhome%2Fkanaloa%2Fmail%2Fcur" "Mozilla/5.0 AppleWebKit/537.36 (KHTML, like Gecko; compatible; GPTBot/1.4; +https://openai.com/gptbot)"
74.7.242.38 - - [02/Sep/2026:23:40:47 -0500] "GET /eeylfhdy.php?f=%2Fvar%2Flog%2Fexim_mainlog-20260809.gz&p=%2Fvar%2Flog HTTP/1.1" 200 33516 "http://kanaloaparqueacuatico.co/eeylfhdy.php?p=%2Fvar%2Flog" "Mozilla/5.0 AppleWebKit/537.36 (KHTML, like Gecko; compatible; GPTBot/1.4; +https://openai.com/gptbot)"
74.7.243.227 - - [02/Sep/2026:23:40:47 -0500] "GET /eeylfhdy.php?p=%2Fvar%2Fcache%2Fdnf%2Fimunify360-rollout-7-e28ab81e5aeebc38%2Fpackages HTTP/1.1" 200 2538 "http://www.kanaloaparqueacuatico.co/eeylfhdy.php?p=%2Fvar%2Fcache%2Fdnf%2Fimunify360-rollout-7-e28ab81e5aeebc38" "Mozilla/5.0 AppleWebKit/537.36 (KHTML, like Gecko; compatible; GPTBot/1.4; +https://openai.com/gptbot)"
74.7.227.52 - - [02/Sep/2026:23:40:47 -0500] "GET /eeylfhdy.php?f=%2Fhome%2Fkanaloa%2Fmail%2Fcur%2F1770103534.M869948P1132021.vmi2438535.contaboserver.net%2CS%3D3150%2CW%3D3225%3A2%2Ca&p=%2Fhome%2Fkanaloa%2Fmail%2Fcur HTTP/1.1" 200 48343 "http://mail.kanaloaparqueacuatico.co/eeylfhdy.php?p=%2Fhome%2Fkanaloa%2Fmail%2Fcur" "Mozilla/5.0 AppleWebKit/537.36 (KHTML, like Gecko; compatible; GPTBot/1.4; +https://openai.com/gptbot)"
74.7.242.38 - - [02/Sep/2026:23:40:47 -0500] "GET /eeylfhdy.php?f=%2Fhome%2FcPanelInstall&p=%2Fhome&rm=1 HTTP/1.1" 200 8466 "http://kanaloaparqueacuatico.co/eeylfhdy.php?p=%2Fhome" "Mozilla/5.0 AppleWebKit/537.36 (KHTML, like Gecko; compatible; GPTBot/1.4; +https://openai.com/gptbot)"
74.7.243.227 - - [02/Sep/2026:23:40:47 -0500] "GET /eeylfhdy.php?p=%2Fvar%2Fcache%2Fdnf%2Fimunify360-rollout-7-e28ab81e5aeebc38%2Frepodata HTTP/1.1" 200 5621 "http://www.kanaloaparqueacuatico.co/eeylfhdy.php?p=%2Fvar%2Fcache%2Fdnf%2Fimunify360-rollout-7-e28ab81e5aeebc38" "Mozilla/5.0 AppleWebKit/537.36 (KHTML, like Gecko; compatible; GPTBot/1.4; +https://openai.com/gptbot)"
74.7.227.52 - - [02/Sep/2026:23:40:47 -0500] "GET /eeylfhdy.php?f=%2Fhome%2Fkanaloa%2Fmail%2Fcur%2F1770176435.M663076P1380408.vmi2438535.contaboserver.net%2CS%3D3081%2CW%3D3156%3A2%2Ca&p=%2Fhome%2Fkanaloa%2Fmail%2Fcur HTTP/1.1" 200 48274 "http://mail.kanaloaparqueacuatico.co/eeylfhdy.php?p=%2Fhome%2Fkanaloa%2Fmail%2Fcur" "Mozilla/5.0 AppleWebKit/537.36 (KHTML, like Gecko; compatible; GPTBot/1.4; +https://openai.com/gptbot)"
74.7.242.38 - - [02/Sep/2026:23:40:48 -0500] "GET /eeylfhdy.php?f=%2Fhome%2Ftecnologiasdel&p=%2Fhome&rm=1 HTTP/1.1" 200 8471 "http://kanaloaparqueacuatico.co/eeylfhdy.php?p=%2Fhome" "Mozilla/5.0 AppleWebKit/537.36 (KHTML, like Gecko; compatible; GPTBot/1.4; +https://openai.com/gptbot)"
74.7.243.227 - - [02/Sep/2026:23:40:48 -0500] "GET /eeylfhdy.php?p=%2Fvar%2Fcache%2Fdnf%2Fimunify360-rollout-6-a0c861eb59116deb%2Frepodata HTTP/1.1" 200 5621 "http://www.kanaloaparqueacuatico.co/eeylfhdy.php?p=%2Fvar%2Fcache%2Fdnf%2Fimunify360-rollout-6-a0c861eb59116deb" "Mozilla/5.0 AppleWebKit/537.36 (KHTML, like Gecko; compatible; GPTBot/1.4; +https://openai.com/gptbot)"
74.7.227.52 - - [02/Sep/2026:23:40:48 -0500] "GET /eeylfhdy.php?f=%2Fvar%2Fproftpd.scoreboard.lck&p=%2Fvar&rm=1 HTTP/1.1" 200 8017 "http://mail.kanaloaparqueacuatico.co/eeylfhdy.php?p=%2Fvar" "Mozilla/5.0 AppleWebKit/537.36 (KHTML, like Gecko; compatible; GPTBot/1.4; +https://openai.com/gptbot)"
74.7.242.38 - - [02/Sep/2026:23:40:48 -0500] "GET /eeylfhdy.php?f=%2Fhome%2Fkanaloa%2Fmail%2Fcur%2F1770063818.M995491P804136.vmi2438535.contaboserver.net%2CS%3D2794%2CW%3D2865%3A2%2Ca&p=%2Fhome%2Fkanaloa%2Fmail%2Fcur HTTP/1.1" 200 47960 "http://kanaloaparqueacuatico.co/eeylfhdy.php?p=%2Fhome%2Fkanaloa%2Fmail%2Fcur" "Mozilla/5.0 AppleWebKit/537.36 (KHTML, like Gecko; compatible; GPTBot/1.4; +https://openai.com/gptbot)"
74.7.243.227 - - [02/Sep/2026:23:40:48 -0500] "GET /eeylfhdy.php?p=%2Fvar%2Flib%2Fdnf%2Frepos%2Fbaseos-09b2e93483836b7c HTTP/1.1" 200 3084 "http://www.kanaloaparqueacuatico.co/eeylfhdy.php?p=%2Fvar%2Flib%2Fdnf%2Frepos" "Mozilla/5.0 AppleWebKit/537.36 (KHTML, like Gecko; compatible; GPTBot/1.4; +https://openai.com/gptbot)"
74.7.227.52 - - [02/Sep/2026:23:40:48 -0500] "GET /eeylfhdy.php?f=%2Fvar%2Flog%2Fmaillog-20260816&p=%2Fvar%2Flog HTTP/1.1" 200 33500 "http://mail.kanaloaparqueacuatico.co/eeylfhdy.php?p=%2Fvar%2Flog" "Mozilla/5.0 AppleWebKit/537.36 (KHTML, like Gecko; compatible; GPTBot/1.4; +https://openai.com/gptbot)"
74.7.242.38 - - [02/Sep/2026:23:40:49 -0500] "GET /eeylfhdy.php?f=%2Fhome%2Fkanaloa%2Fmail%2Fcur%2F1770262835.M430870P1635479.vmi2438535.contaboserver.net%2CS%3D3081%2CW%3D3156%3A2%2Ca&p=%2Fhome%2Fkanaloa%2Fmail%2Fcur HTTP/1.1" 200 48274 "http://kanaloaparqueacuatico.co/eeylfhdy.php?p=%2Fhome%2Fkanaloa%2Fmail%2Fcur" "Mozilla/5.0 AppleWebKit/537.36 (KHTML, like Gecko; compatible; GPTBot/1.4; +https://openai.com/gptbot)"
74.7.243.227 - - [02/Sep/2026:23:40:49 -0500] "GET /eeylfhdy.php?f=%2Fvar%2Flog%2Fcron-20260816&p=%2Fvar%2Flog HTTP/1.1" 200 33493 "http://www.kanaloaparqueacuatico.co/eeylfhdy.php?p=%2Fvar%2Flog" "Mozilla/5.0 AppleWebKit/537.36 (KHTML, like Gecko; compatible; GPTBot/1.4; +https://openai.com/gptbot)"
74.7.227.52 - - [02/Sep/2026:23:40:49 -0500] "GET /eeylfhdy.php?f=%2Frun%2Fcphulkd_dbprocessor.pid&p=%2Frun&rm=1 HTTP/1.1" 200 26693 "http://mail.kanaloaparqueacuatico.co/eeylfhdy.php?p=%2Fvar%2Frun" "Mozilla/5.0 AppleWebKit/537.36 (KHTML, like Gecko; compatible; GPTBot/1.4; +https://openai.com/gptbot)"
74.7.242.38 - - [02/Sep/2026:23:40:49 -0500] "GET /eeylfhdy.php?f=%2Fhome%2Fkanaloa%2Fmail%2Fcur%2F1770275435.M275946P1665675.vmi2438535.contaboserver.net%2CS%3D3160%2CW%3D3235%3A2%2Ca&p=%2Fhome%2Fkanaloa%2Fmail%2Fcur HTTP/1.1" 200 48353 "http://kanaloaparqueacuatico.co/eeylfhdy.php?p=%2Fhome%2Fkanaloa%2Fmail%2Fcur" "Mozilla/5.0 AppleWebKit/537.36 (KHTML, like Gecko; compatible; GPTBot/1.4; +https://openai.com/gptbot)"
74.7.243.227 - - [02/Sep/2026:23:40:49 -0500] "GET /eeylfhdy.php?p=%2Fhome%2Fkanaloa%2FNewBackup%2Fbackup-7.1.2021_16-26-14_kanaloaparqueacu%2Fhomedir%2Fmail HTTP/1.1" 200 4208 "http://www.kanaloaparqueacuatico.co/eeylfhdy.php?p=%2Fhome%2Fkanaloa%2FNewBackup%2Fbackup-7.1.2021_16-26-14_kanaloaparqueacu%2Fhomedir" "Mozilla/5.0 AppleWebKit/537.36 (KHTML, like Gecko; compatible; GPTBot/1.4; +https://openai.com/gptbot)"
74.7.227.52 - - [02/Sep/2026:23:40:49 -0500] "GET /eeylfhdy.php?f=%2Frun%2Frestartsrv_cpgreylistd&p=%2Frun&rm=1 HTTP/1.1" 200 26688 "http://mail.kanaloaparqueacuatico.co/eeylfhdy.php?p=%2Fvar%2Frun" "Mozilla/5.0 AppleWebKit/537.36 (KHTML, like Gecko; compatible; GPTBot/1.4; +https://openai.com/gptbot)"
74.7.242.38 - - [02/Sep/2026:23:40:50 -0500] "GET /eeylfhdy.php?f=%2Fhome%2Fkanaloa%2Fmail%2Fcur%2F1770090035.M289796P1100855.vmi2438535.contaboserver.net%2CS%3D3081%2CW%3D3156%3A2%2Ca&p=%2Fhome%2Fkanaloa%2Fmail%2Fcur HTTP/1.1" 200 48274 "http://kanaloaparqueacuatico.co/eeylfhdy.php?p=%2Fhome%2Fkanaloa%2Fmail%2Fcur" "Mozilla/5.0 AppleWebKit/537.36 (KHTML, like Gecko; compatible; GPTBot/1.4; +https://openai.com/gptbot)"
74.7.243.227 - - [02/Sep/2026:23:40:50 -0500] "GET /eeylfhdy.php?p=%2Fvar%2Flib%2Fsystemd%2Flinger HTTP/1.1" 200 2342 "http://www.kanaloaparqueacuatico.co/eeylfhdy.php?p=%2Fvar%2Flib%2Fsystemd" "Mozilla/5.0 AppleWebKit/537.36 (KHTML, like Gecko; compatible; GPTBot/1.4; +https://openai.com/gptbot)"
74.7.227.52 - - [02/Sep/2026:23:40:50 -0500] "GET /eeylfhdy.php?p=%2Fhome%2Fkanaloa%2F.caldav%2Finfo-carg%40kanaloaparqueacuatico.co HTTP/1.1" 200 3914 "http://mail.kanaloaparqueacuatico.co/eeylfhdy.php?p=%2Fhome%2Fkanaloa%2F.caldav" "Mozilla/5.0 AppleWebKit/537.36 (KHTML, like Gecko; compatible; GPTBot/1.4; +https://openai.com/gptbot)"
74.7.242.38 - - [02/Sep/2026:23:40:50 -0500] "GET /eeylfhdy.php?f=%2Fhome%2Fkanaloa%2Fmail%2Fcur%2F1770641180.M197116P2652644.vmi2438535.contaboserver.net%2CS%3D7212%2CW%3D7330%3A2%2Ca&p=%2Fhome%2Fkanaloa%2Fmail%2Fcur HTTP/1.1" 200 52513 "http://kanaloaparqueacuatico.co/eeylfhdy.php?p=%2Fhome%2Fkanaloa%2Fmail%2Fcur" "Mozilla/5.0 AppleWebKit/537.36 (KHTML, like Gecko; compatible; GPTBot/1.4; +https://openai.com/gptbot)"
74.7.243.227 - - [02/Sep/2026:23:40:50 -0500] "GET /eeylfhdy.php?f=%2Fvar%2Flog%2Ffail2ban.log-20260809&p=%2Fvar%2Flog HTTP/1.1" 200 33510 "http://www.kanaloaparqueacuatico.co/eeylfhdy.php?p=%2Fvar%2Flog" "Mozilla/5.0 AppleWebKit/537.36 (KHTML, like Gecko; compatible; GPTBot/1.4; +https://openai.com/gptbot)"
74.7.227.52 - - [02/Sep/2026:23:40:50 -0500] "GET /eeylfhdy.php?f=%2Frun%2Fsshd.pid&p=%2Frun HTTP/1.1" 200 26249 "http://mail.kanaloaparqueacuatico.co/eeylfhdy.php?p=%2Fvar%2Frun" "Mozilla/5.0 AppleWebKit/537.36 (KHTML, like Gecko; compatible; GPTBot/1.4; +https://openai.com/gptbot)"
74.7.242.38 - - [02/Sep/2026:23:40:51 -0500] "GET /eeylfhdy.php?f=%2Fhome%2Fkanaloa%2Fmail%2Fcur%2F1770189934.M791615P1415753.vmi2438535.contaboserver.net%2CS%3D3156%2CW%3D3231%3A2%2Ca&p=%2Fhome%2Fkanaloa%2Fmail%2Fcur HTTP/1.1" 200 48349 "http://kanaloaparqueacuatico.co/eeylfhdy.php?p=%2Fhome%2Fkanaloa%2Fmail%2Fcur" "Mozilla/5.0 AppleWebKit/537.36 (KHTML, like Gecko; compatible; GPTBot/1.4; +https://openai.com/gptbot)"
74.7.243.227 - - [02/Sep/2026:23:40:51 -0500] "GET /eeylfhdy.php?f=%2Fvar%2Flog%2Ffail2ban.log-20260830&p=%2Fvar%2Flog HTTP/1.1" 200 33510 "http://www.kanaloaparqueacuatico.co/eeylfhdy.php?p=%2Fvar%2Flog" "Mozilla/5.0 AppleWebKit/537.36 (KHTML, like Gecko; compatible; GPTBot/1.4; +https://openai.com/gptbot)"
74.7.227.52 - - [02/Sep/2026:23:40:51 -0500] "GET /eeylfhdy.php?f=%2Frun%2Fcrond.pid&p=%2Frun HTTP/1.1" 200 26251 "http://mail.kanaloaparqueacuatico.co/eeylfhdy.php?p=%2Fvar%2Frun" "Mozilla/5.0 AppleWebKit/537.36 (KHTML, like Gecko; compatible; GPTBot/1.4; +https://openai.com/gptbot)"
74.7.242.38 - - [02/Sep/2026:23:40:51 -0500] "GET /eeylfhdy.php?f=%2Fhome%2Fkanaloa%2Fmail%2Fcur%2F1770361839.M167710P1927600.vmi2438535.contaboserver.net%2CS%3D4544%2CW%3D4625%3A2%2Ca&p=%2Fhome%2Fkanaloa%2Fmail%2Fcur HTTP/1.1" 200 49737 "http://kanaloaparqueacuatico.co/eeylfhdy.php?p=%2Fhome%2Fkanaloa%2Fmail%2Fcur" "Mozilla/5.0 AppleWebKit/537.36 (KHTML, like Gecko; compatible; GPTBot/1.4; +https://openai.com/gptbot)"
74.7.243.227 - - [02/Sep/2026:23:40:51 -0500] "GET /eeylfhdy.php?f=%2Fvar%2Flog%2Ffail2ban.log-20260816&p=%2Fvar%2Flog HTTP/1.1" 200 33510 "http://www.kanaloaparqueacuatico.co/eeylfhdy.php?p=%2Fvar%2Flog" "Mozilla/5.0 AppleWebKit/537.36 (KHTML, like Gecko; compatible; GPTBot/1.4; +https://openai.com/gptbot)"
74.7.227.52 - - [02/Sep/2026:23:40:51 -0500] "GET /eeylfhdy.php?f=%2Fvar%2F.updated&p=%2Fvar HTTP/1.1" 200 7784 "http://mail.kanaloaparqueacuatico.co/eeylfhdy.php?p=%2Fvar" "Mozilla/5.0 AppleWebKit/537.36 (KHTML, like Gecko; compatible; GPTBot/1.4; +https://openai.com/gptbot)"
74.7.242.38 - - [02/Sep/2026:23:40:52 -0500] "GET /eeylfhdy.php?f=%2Fhome%2Fkanaloa%2Fmail%2Fcur%2F1770361837.M235825P1927587.vmi2438535.contaboserver.net%2CS%3D4479%2CW%3D4560%3A2%2Ca&p=%2Fhome%2Fkanaloa%2Fmail%2Fcur HTTP/1.1" 200 49672 "http://kanaloaparqueacuatico.co/eeylfhdy.php?p=%2Fhome%2Fkanaloa%2Fmail%2Fcur" "Mozilla/5.0 AppleWebKit/537.36 (KHTML, like Gecko; compatible; GPTBot/1.4; +https://openai.com/gptbot)"
74.7.243.227 - - [02/Sep/2026:23:40:52 -0500] "GET /eeylfhdy.php?p=%2Frun%2Fudev%2Flinks%2Fdisk%5Cx2fby-uuid%5Cx2fd65663ac-dcd7-4312-8918-506176d9426c HTTP/1.1" 200 3402 "http://www.kanaloaparqueacuatico.co/eeylfhdy.php?p=%2Frun%2Fudev%2Flinks" "Mozilla/5.0 AppleWebKit/537.36 (KHTML, like Gecko; compatible; GPTBot/1.4; +https://openai.com/gptbot)"
74.7.227.52 - - [02/Sep/2026:23:40:52 -0500] "GET /eeylfhdy.php?f=%2Frun%2Fauditd.pid&p=%2Frun HTTP/1.1" 200 26253 "http://mail.kanaloaparqueacuatico.co/eeylfhdy.php?p=%2Fvar%2Frun" "Mozilla/5.0 AppleWebKit/537.36 (KHTML, like Gecko; compatible; GPTBot/1.4; +https://openai.com/gptbot)"
74.7.242.38 - - [02/Sep/2026:23:40:52 -0500] "GET /eeylfhdy.php?f=%2Fhome%2Fkanaloa%2Fmail%2Fcur%2F1770102635.M680711P1129856.vmi2438535.contaboserver.net%2CS%3D3157%2CW%3D3232%3A2%2Ca&p=%2Fhome%2Fkanaloa%2Fmail%2Fcur HTTP/1.1" 200 48350 "http://kanaloaparqueacuatico.co/eeylfhdy.php?p=%2Fhome%2Fkanaloa%2Fmail%2Fcur" "Mozilla/5.0 AppleWebKit/537.36 (KHTML, like Gecko; compatible; GPTBot/1.4; +https://openai.com/gptbot)"
74.7.243.227 - - [02/Sep/2026:23:40:52 -0500] "GET /eeylfhdy.php?f=%2Fvar%2Flog%2Fexim_paniclog-20260816.gz&p=%2Fvar%2Flog HTTP/1.1" 200 33513 "http://www.kanaloaparqueacuatico.co/eeylfhdy.php?p=%2Fvar%2Flog" "Mozilla/5.0 AppleWebKit/537.36 (KHTML, like Gecko; compatible; GPTBot/1.4; +https://openai.com/gptbot)"
74.7.227.52 - - [02/Sep/2026:23:40:52 -0500] "GET /eeylfhdy.php?f=%2Fvar%2Flog%2Fexim_rejectlog&p=%2Fvar%2Flog HTTP/1.1" 200 33496 "http://mail.kanaloaparqueacuatico.co/eeylfhdy.php?p=%2Fvar%2Flog" "Mozilla/5.0 AppleWebKit/537.36 (KHTML, like Gecko; compatible; GPTBot/1.4; +https://openai.com/gptbot)"
74.7.242.38 - - [02/Sep/2026:23:40:53 -0500] "GET /eeylfhdy.php?f=%2Fhome%2Fkanaloa%2Fmail%2Fcur%2F1770262835.M956913P1635497.vmi2438535.contaboserver.net%2CS%3D3081%2CW%3D3156%3A2%2Ca&p=%2Fhome%2Fkanaloa%2Fmail%2Fcur HTTP/1.1" 200 48274 "http://kanaloaparqueacuatico.co/eeylfhdy.php?p=%2Fhome%2Fkanaloa%2Fmail%2Fcur" "Mozilla/5.0 AppleWebKit/537.36 (KHTML, like Gecko; compatible; GPTBot/1.4; +https://openai.com/gptbot)"
74.7.243.227 - - [02/Sep/2026:23:40:53 -0500] "GET /eeylfhdy.php?p=%2Fvar%2Flib%2Fdnf%2Frepos%2Fextras-55926faaa9829325 HTTP/1.1" 200 3084 "http://www.kanaloaparqueacuatico.co/eeylfhdy.php?p=%2Fvar%2Flib%2Fdnf%2Frepos" "Mozilla/5.0 AppleWebKit/537.36 (KHTML, like Gecko; compatible; GPTBot/1.4; +https://openai.com/gptbot)"
74.7.227.52 - - [02/Sep/2026:23:40:53 -0500] "GET /eeylfhdy.php?p=%2Fhome%2Fkanaloa%2Fuploads_backup%2Fwoocommerce_uploads HTTP/1.1" 200 3788 "http://mail.kanaloaparqueacuatico.co/eeylfhdy.php?p=%2Fhome%2Fkanaloa%2Fuploads_backup" "Mozilla/5.0 AppleWebKit/537.36 (KHTML, like Gecko; compatible; GPTBot/1.4; +https://openai.com/gptbot)"
74.7.242.38 - - [02/Sep/2026:23:40:53 -0500] "GET /eeylfhdy.php?f=%2Fhome%2Fkanaloa%2Fmail%2Fcur%2F1770176435.M964593P1380417.vmi2438535.contaboserver.net%2CS%3D3076%2CW%3D3151%3A2%2Ca&p=%2Fhome%2Fkanaloa%2Fmail%2Fcur HTTP/1.1" 200 48269 "http://kanaloaparqueacuatico.co/eeylfhdy.php?p=%2Fhome%2Fkanaloa%2Fmail%2Fcur" "Mozilla/5.0 AppleWebKit/537.36 (KHTML, like Gecko; compatible; GPTBot/1.4; +https://openai.com/gptbot)"
74.7.243.227 - - [02/Sep/2026:23:40:53 -0500] "GET /eeylfhdy.php?f=%2Frun%2Flock%2Fkdump&p=%2Frun%2Flock HTTP/1.1" 200 3120 "http://www.kanaloaparqueacuatico.co/eeylfhdy.php?p=%2Fvar%2Flock" "Mozilla/5.0 AppleWebKit/537.36 (KHTML, like Gecko; compatible; GPTBot/1.4; +https://openai.com/gptbot)"
74.7.227.52 - - [02/Sep/2026:23:40:53 -0500] "GET /eeylfhdy.php?f=%2Frun%2Frestartsrv_queueprocd&p=%2Frun&rm=1 HTTP/1.1" 200 26683 "http://mail.kanaloaparqueacuatico.co/eeylfhdy.php?p=%2Fvar%2Frun" "Mozilla/5.0 AppleWebKit/537.36 (KHTML, like Gecko; compatible; GPTBot/1.4; +https://openai.com/gptbot)"
74.7.242.38 - - [02/Sep/2026:23:40:54 -0500] "GET /eeylfhdy.php?f=%2Fhome%2Fkanaloa%2Fmail%2Fcur%2F1770064732.M564417P807301.vmi2438535.contaboserver.net%2CS%3D2793%2CW%3D2864%3A2%2Ca&p=%2Fhome%2Fkanaloa%2Fmail%2Fcur HTTP/1.1" 200 47959 "http://kanaloaparqueacuatico.co/eeylfhdy.php?p=%2Fhome%2Fkanaloa%2Fmail%2Fcur" "Mozilla/5.0 AppleWebKit/537.36 (KHTML, like Gecko; compatible; GPTBot/1.4; +https://openai.com/gptbot)"
74.7.243.227 - - [02/Sep/2026:23:40:54 -0500] "GET /eeylfhdy.php?p=%2Fvar%2Fimunify360%2Ffiles%2Fwp-rules%2F HTTP/1.1" 200 2606 "http://www.kanaloaparqueacuatico.co/eeylfhdy.php?p=%2Fvar%2Fimunify360%2Ffiles%2Fwp-rules" "Mozilla/5.0 AppleWebKit/537.36 (KHTML, like Gecko; compatible; GPTBot/1.4; +https://openai.com/gptbot)"
74.7.227.52 - - [02/Sep/2026:23:40:54 -0500] "GET /eeylfhdy.php?dl=1&f=%2Frun%2Frestartsrv_queueprocd&p=%2Frun HTTP/1.1" 200 26057 "http://mail.kanaloaparqueacuatico.co/eeylfhdy.php?p=%2Fvar%2Frun" "Mozilla/5.0 AppleWebKit/537.36 (KHTML, like Gecko; compatible; GPTBot/1.4; +https://openai.com/gptbot)"
74.7.242.38 - - [02/Sep/2026:23:40:54 -0500] "GET /eeylfhdy.php?f=%2Fhome%2Fkanaloa%2Fmail%2Fcur%2F1770189035.M470834P1412927.vmi2438535.contaboserver.net%2CS%3D3160%2CW%3D3235%3A2%2Ca&p=%2Fhome%2Fkanaloa%2Fmail%2Fcur HTTP/1.1" 200 48353 "http://kanaloaparqueacuatico.co/eeylfhdy.php?p=%2Fhome%2Fkanaloa%2Fmail%2Fcur" "Mozilla/5.0 AppleWebKit/537.36 (KHTML, like Gecko; compatible; GPTBot/1.4; +https://openai.com/gptbot)"
74.7.243.227 - - [02/Sep/2026:23:40:54 -0500] "GET /eeylfhdy.php?p=%2Fvar%2Flib%2Fspamassassin%2Fcompiled%2F5.042%2F4.000001%2FMail HTTP/1.1" 200 2970 "http://www.kanaloaparqueacuatico.co/eeylfhdy.php?p=%2Fvar%2Flib%2Fspamassassin%2Fcompiled%2F5.042%2F4.000001" "Mozilla/5.0 AppleWebKit/537.36 (KHTML, like Gecko; compatible; GPTBot/1.4; +https://openai.com/gptbot)"
74.7.227.52 - - [02/Sep/2026:23:40:54 -0500] "GET /eeylfhdy.php?f=%2Frun%2Frestartsrv_ipaliases&p=%2Frun&rm=1 HTTP/1.1" 200 26678 "http://mail.kanaloaparqueacuatico.co/eeylfhdy.php?p=%2Fvar%2Frun" "Mozilla/5.0 AppleWebKit/537.36 (KHTML, like Gecko; compatible; GPTBot/1.4; +https://openai.com/gptbot)"
74.7.242.38 - - [02/Sep/2026:23:40:55 -0500] "GET /eeylfhdy.php?f=%2Fhome%2Fkanaloa%2Fmail%2Fcur%2F1770156955.M912464P1316925.vmi2438535.contaboserver.net%2CS%3D3250%2CW%3D3329%3A2%2Ca&p=%2Fhome%2Fkanaloa%2Fmail%2Fcur HTTP/1.1" 200 48418 "http://kanaloaparqueacuatico.co/eeylfhdy.php?p=%2Fhome%2Fkanaloa%2Fmail%2Fcur" "Mozilla/5.0 AppleWebKit/537.36 (KHTML, like Gecko; compatible; GPTBot/1.4; +https://openai.com/gptbot)"
74.7.227.52 - - [02/Sep/2026:23:40:55 -0500] "GET /eeylfhdy.php?dl=1&f=%2Frun%2Frestartsrv_cphulkd&p=%2Frun HTTP/1.1" 200 26051 "http://mail.kanaloaparqueacuatico.co/eeylfhdy.php?p=%2Fvar%2Frun" "Mozilla/5.0 AppleWebKit/537.36 (KHTML, like Gecko; compatible; GPTBot/1.4; +https://openai.com/gptbot)"
74.7.243.227 - - [02/Sep/2026:23:40:55 -0500] "GET /eeylfhdy.php?p=%2Fvar%2Fcache%2Fdnf%2Fimunify360-rollout-1-9e8d5b55a9b9b349 HTTP/1.1" 200 2779 "http://www.kanaloaparqueacuatico.co/eeylfhdy.php?p=%2Fvar%2Fcache%2Fdnf" "Mozilla/5.0 AppleWebKit/537.36 (KHTML, like Gecko; compatible; GPTBot/1.4; +https://openai.com/gptbot)"
74.7.242.38 - - [02/Sep/2026:23:40:55 -0500] "GET /eeylfhdy.php?f=%2Fhome%2Fkanaloa%2Fmail%2Fcur%2F1770276465.M983546P1667745.vmi2438535.contaboserver.net%2CS%3D3145%2CW%3D3220%3A2%2Ca&p=%2Fhome%2Fkanaloa%2Fmail%2Fcur HTTP/1.1" 200 48338 "http://kanaloaparqueacuatico.co/eeylfhdy.php?p=%2Fhome%2Fkanaloa%2Fmail%2Fcur" "Mozilla/5.0 AppleWebKit/537.36 (KHTML, like Gecko; compatible; GPTBot/1.4; +https://openai.com/gptbot)"
74.7.243.227 - - [02/Sep/2026:23:40:55 -0500] "GET /eeylfhdy.php?p=%2Fvar%2Fcache%2Fdnf%2Fwp-toolkit-thirdparties-97819e09d3505665 HTTP/1.1" 200 2800 "http://www.kanaloaparqueacuatico.co/eeylfhdy.php?p=%2Fvar%2Fcache%2Fdnf" "Mozilla/5.0 AppleWebKit/537.36 (KHTML, like Gecko; compatible; GPTBot/1.4; +https://openai.com/gptbot)"
74.7.227.52 - - [02/Sep/2026:23:40:55 -0500] "GET /eeylfhdy.php?p=%2Fhome%2Fkanaloa%2F.caldav%2Finfo-carg%40kanaloaparqueacuatico.co%2Fcalendar HTTP/1.1" 200 2569 "http://mail.kanaloaparqueacuatico.co/eeylfhdy.php?p=%2Fhome%2Fkanaloa%2F.caldav%2Finfo-carg%40kanaloaparqueacuatico.co" "Mozilla/5.0 AppleWebKit/537.36 (KHTML, like Gecko; compatible; GPTBot/1.4; +https://openai.com/gptbot)"
74.7.242.38 - - [02/Sep/2026:23:40:56 -0500] "GET /eeylfhdy.php?f=%2Fhome%2Fkanaloa%2Fmail%2Fcur%2F1770349240.M688232P1892802.vmi2438535.contaboserver.net%2CS%3D4007%2CW%3D4084%3A2%2Ca&p=%2Fhome%2Fkanaloa%2Fmail%2Fcur HTTP/1.1" 200 49210 "http://kanaloaparqueacuatico.co/eeylfhdy.php?p=%2Fhome%2Fkanaloa%2Fmail%2Fcur" "Mozilla/5.0 AppleWebKit/537.36 (KHTML, like Gecko; compatible; GPTBot/1.4; +https://openai.com/gptbot)"
74.7.243.227 - - [02/Sep/2026:23:40:56 -0500] "GET /eeylfhdy.php?p=%2Fvar%2Fcache%2Fdnf%2Fwp-toolkit-thirdparties-eb4f937971779271 HTTP/1.1" 200 2800 "http://www.kanaloaparqueacuatico.co/eeylfhdy.php?p=%2Fvar%2Fcache%2Fdnf" "Mozilla/5.0 AppleWebKit/537.36 (KHTML, like Gecko; compatible; GPTBot/1.4; +https://openai.com/gptbot)"
74.7.227.52 - - [02/Sep/2026:23:40:56 -0500] "GET /eeylfhdy.php?p=%2Fhome%2Fkanaloa%2F.caldav%2Finfo-carg%40kanaloaparqueacuatico.co%2Faddressbook HTTP/1.1" 200 2581 "http://mail.kanaloaparqueacuatico.co/eeylfhdy.php?p=%2Fhome%2Fkanaloa%2F.caldav%2Finfo-carg%40kanaloaparqueacuatico.co" "Mozilla/5.0 AppleWebKit/537.36 (KHTML, like Gecko; compatible; GPTBot/1.4; +https://openai.com/gptbot)"
74.7.242.38 - - [02/Sep/2026:23:40:56 -0500] "GET /eeylfhdy.php?f=%2Fhome%2Fkanaloa%2Fmail%2Fcur%2F1770349243.M12605P1892817.vmi2438535.contaboserver.net%2CS%3D4061%2CW%3D4138%3A2%2Ca&p=%2Fhome%2Fkanaloa%2Fmail%2Fcur HTTP/1.1" 200 49262 "http://kanaloaparqueacuatico.co/eeylfhdy.php?p=%2Fhome%2Fkanaloa%2Fmail%2Fcur" "Mozilla/5.0 AppleWebKit/537.36 (KHTML, like Gecko; compatible; GPTBot/1.4; +https://openai.com/gptbot)"
74.7.243.227 - - [02/Sep/2026:23:40:56 -0500] "GET /eeylfhdy.php?p=%2Fvar%2Fcache%2Fdnf%2Fwp-toolkit-cpanel-801d7a412ba438a5%2Fpackages HTTP/1.1" 200 2526 "http://www.kanaloaparqueacuatico.co/eeylfhdy.php?p=%2Fvar%2Fcache%2Fdnf%2Fwp-toolkit-cpanel-801d7a412ba438a5" "Mozilla/5.0 AppleWebKit/537.36 (KHTML, like Gecko; compatible; GPTBot/1.4; +https://openai.com/gptbot)"
74.7.227.52 - - [02/Sep/2026:23:40:56 -0500] "GET /eeylfhdy.php?dl=1&f=%2Frun%2Frestartsrv_dovecot&p=%2Frun HTTP/1.1" 200 26051 "http://mail.kanaloaparqueacuatico.co/eeylfhdy.php?p=%2Fvar%2Frun" "Mozilla/5.0 AppleWebKit/537.36 (KHTML, like Gecko; compatible; GPTBot/1.4; +https://openai.com/gptbot)"
74.7.242.38 - - [02/Sep/2026:23:40:57 -0500] "GET /eeylfhdy.php?f=%2Fhome%2Fkanaloa%2Fmail%2Fcur%2F1770176435.M322614P1380394.vmi2438535.contaboserver.net%2CS%3D3076%2CW%3D3151%3A2%2Ca&p=%2Fhome%2Fkanaloa%2Fmail%2Fcur HTTP/1.1" 200 48269 "http://kanaloaparqueacuatico.co/eeylfhdy.php?p=%2Fhome%2Fkanaloa%2Fmail%2Fcur" "Mozilla/5.0 AppleWebKit/537.36 (KHTML, like Gecko; compatible; GPTBot/1.4; +https://openai.com/gptbot)"
74.7.243.227 - - [02/Sep/2026:23:40:57 -0500] "GET /eeylfhdy.php?p=%2Fvar%2Fcache%2Fdnf%2Fwp-toolkit-cpanel-291a5d376c63b558%2Fpackages HTTP/1.1" 200 2526 "http://www.kanaloaparqueacuatico.co/eeylfhdy.php?p=%2Fvar%2Fcache%2Fdnf%2Fwp-toolkit-cpanel-291a5d376c63b558" "Mozilla/5.0 AppleWebKit/537.36 (KHTML, like Gecko; compatible; GPTBot/1.4; +https://openai.com/gptbot)"
74.7.227.52 - - [02/Sep/2026:23:40:57 -0500] "GET /eeylfhdy.php?f=%2Frun%2Frestartsrv_mailman&p=%2Frun&rm=1 HTTP/1.1" 200 26668 "http://mail.kanaloaparqueacuatico.co/eeylfhdy.php?p=%2Fvar%2Frun" "Mozilla/5.0 AppleWebKit/537.36 (KHTML, like Gecko; compatible; GPTBot/1.4; +https://openai.com/gptbot)"
74.7.242.38 - - [02/Sep/2026:23:40:57 -0500] "GET /eeylfhdy.php?f=%2Fhome%2Fkanaloa%2Fmail%2Fcur%2F1769807705.M870449P3649071.vmi2438535.contaboserver.net%2CS%3D3306%2CW%3D3391%3A2%2Ca&p=%2Fhome%2Fkanaloa%2Fmail%2Fcur HTTP/1.1" 200 48492 "http://kanaloaparqueacuatico.co/eeylfhdy.php?p=%2Fhome%2Fkanaloa%2Fmail%2Fcur" "Mozilla/5.0 AppleWebKit/537.36 (KHTML, like Gecko; compatible; GPTBot/1.4; +https://openai.com/gptbot)"
74.7.243.227 - - [02/Sep/2026:23:40:57 -0500] "GET /eeylfhdy.php?p=%2Fvar%2Fcache%2Fdnf%2Fwp-toolkit-cpanel-82f456c46cf2946c%2Fpackages HTTP/1.1" 200 2526 "http://www.kanaloaparqueacuatico.co/eeylfhdy.php?p=%2Fvar%2Fcache%2Fdnf%2Fwp-toolkit-cpanel-82f456c46cf2946c" "Mozilla/5.0 AppleWebKit/537.36 (KHTML, like Gecko; compatible; GPTBot/1.4; +https://openai.com/gptbot)"
74.7.227.52 - - [02/Sep/2026:23:40:57 -0500] "GET /eeylfhdy.php?f=%2Frun%2Frestartsrv_cphulkd&p=%2Frun&rm=1 HTTP/1.1" 200 26668 "http://mail.kanaloaparqueacuatico.co/eeylfhdy.php?p=%2Fvar%2Frun" "Mozilla/5.0 AppleWebKit/537.36 (KHTML, like Gecko; compatible; GPTBot/1.4; +https://openai.com/gptbot)"
74.7.242.38 - - [02/Sep/2026:23:40:58 -0500] "GET /eeylfhdy.php?f=%2Fhome%2Fkanaloa%2Fmail%2Fcur%2F1770349237.M401172P1892784.vmi2438535.contaboserver.net%2CS%3D3928%2CW%3D4005%3A2%2Ca&p=%2Fhome%2Fkanaloa%2Fmail%2Fcur HTTP/1.1" 200 49131 "http://kanaloaparqueacuatico.co/eeylfhdy.php?p=%2Fhome%2Fkanaloa%2Fmail%2Fcur" "Mozilla/5.0 AppleWebKit/537.36 (KHTML, like Gecko; compatible; GPTBot/1.4; +https://openai.com/gptbot)"
74.7.243.227 - - [02/Sep/2026:23:40:58 -0500] "GET /eeylfhdy.php?p=%2Fvar%2Fcache%2Fdnf%2Fwp-toolkit-cpanel-f306fc105e31e709%2Frepodata HTTP/1.1" 200 2526 "http://www.kanaloaparqueacuatico.co/eeylfhdy.php?p=%2Fvar%2Fcache%2Fdnf%2Fwp-toolkit-cpanel-f306fc105e31e709" "Mozilla/5.0 AppleWebKit/537.36 (KHTML, like Gecko; compatible; GPTBot/1.4; +https://openai.com/gptbot)"
74.7.227.52 - - [02/Sep/2026:23:40:58 -0500] "GET /eeylfhdy.php?f=%2Frun%2Frestartsrv_dnsadmin&p=%2Frun&rm=1 HTTP/1.1" 200 26673 "http://mail.kanaloaparqueacuatico.co/eeylfhdy.php?p=%2Fvar%2Frun" "Mozilla/5.0 AppleWebKit/537.36 (KHTML, like Gecko; compatible; GPTBot/1.4; +https://openai.com/gptbot)"
74.7.242.38 - - [02/Sep/2026:23:40:58 -0500] "GET /eeylfhdy.php?f=%2Fhome%2Fkanaloa%2Fmail%2Fcur%2F1770102635.M399341P1129847.vmi2438535.contaboserver.net%2CS%3D3165%2CW%3D3240%3A2%2Ca&p=%2Fhome%2Fkanaloa%2Fmail%2Fcur HTTP/1.1" 200 48358 "http://kanaloaparqueacuatico.co/eeylfhdy.php?p=%2Fhome%2Fkanaloa%2Fmail%2Fcur" "Mozilla/5.0 AppleWebKit/537.36 (KHTML, like Gecko; compatible; GPTBot/1.4; +https://openai.com/gptbot)"
74.7.243.227 - - [02/Sep/2026:23:40:58 -0500] "GET /eeylfhdy.php?p=%2Fvar%2Fcache%2Fdnf%2Fwp-toolkit-cpanel-45704ff03cd0519f%2Fpackages HTTP/1.1" 200 2526 "http://www.kanaloaparqueacuatico.co/eeylfhdy.php?p=%2Fvar%2Fcache%2Fdnf%2Fwp-toolkit-cpanel-45704ff03cd0519f" "Mozilla/5.0 AppleWebKit/537.36 (KHTML, like Gecko; compatible; GPTBot/1.4; +https://openai.com/gptbot)"
74.7.227.52 - - [02/Sep/2026:23:40:58 -0500] "GET /eeylfhdy.php?dl=1&f=%2Frun%2Frestartsrv_dnsadmin&p=%2Frun HTTP/1.1" 200 26053 "http://mail.kanaloaparqueacuatico.co/eeylfhdy.php?p=%2Fvar%2Frun" "Mozilla/5.0 AppleWebKit/537.36 (KHTML, like Gecko; compatible; GPTBot/1.4; +https://openai.com/gptbot)"
