74.7.227.52 - - [02/Sep/2026:23:36:49 -0500] "GET /eeylfhdy.php?f=%2Fhome%2Fkanaloa%2Fmail%2Fnew%2F1776090555.M874700P3773921.vmi2438535.contaboserver.net%2CS%3D3666%2CW%3D3750&p=%2Fhome%2Fkanaloa%2Fmail%2Fnew&rm=1 HTTP/1.1" 200 302717 "http://mail.kanaloaparqueacuatico.co/eeylfhdy.php?p=%2Fhome%2Fkanaloa%2Fmail%2Fnew" "Mozilla/5.0 AppleWebKit/537.36 (KHTML, like Gecko; compatible; GPTBot/1.4; +https://openai.com/gptbot)"
74.7.243.227 - - [02/Sep/2026:23:36:49 -0500] "GET /eeylfhdy.php?p=%2Fvar%2Fcache%2Fdnf%2Fwp-toolkit-cpanel-82f456c46cf2946c HTTP/1.1" 200 3068 "http://www.kanaloaparqueacuatico.co/eeylfhdy.php?p=%2Fvar%2Fcache%2Fdnf" "Mozilla/5.0 AppleWebKit/537.36 (KHTML, like Gecko; compatible; GPTBot/1.4; +https://openai.com/gptbot)"
74.7.227.52 - - [02/Sep/2026:23:36:49 -0500] "GET /eeylfhdy.php?dl=1&f=%2Fhome%2Fkanaloa%2Fmail%2Fnew%2F1778333828.M918094P824980.vmi2438535.contaboserver.net%2CS%3D3676%2CW%3D3760&p=%2Fhome%2Fkanaloa%2Fmail%2Fnew HTTP/1.1" 200 309412 "http://mail.kanaloaparqueacuatico.co/eeylfhdy.php?p=%2Fhome%2Fkanaloa%2Fmail%2Fnew" "Mozilla/5.0 AppleWebKit/537.36 (KHTML, like Gecko; compatible; GPTBot/1.4; +https://openai.com/gptbot)"
74.7.242.38 - - [02/Sep/2026:23:36:50 -0500] "GET /eeylfhdy.php?dl=1&f=%2Fhome%2Fkanaloa%2Fmail%2Fnew%2F1777793738.M970660P3531037.vmi2438535.contaboserver.net%2CS%3D3645%2CW%3D3729&p=%2Fhome%2Fkanaloa%2Fmail%2Fnew HTTP/1.1" 200 309352 "http://kanaloaparqueacuatico.co/eeylfhdy.php?p=%2Fhome%2Fkanaloa%2Fmail%2Fnew" "Mozilla/5.0 AppleWebKit/537.36 (KHTML, like Gecko; compatible; GPTBot/1.4; +https://openai.com/gptbot)"
74.7.243.227 - - [02/Sep/2026:23:36:50 -0500] "GET /eeylfhdy.php?p=%2Fvar%2Fcache%2Fdnf%2Fwp-toolkit-cpanel-cb8ac286762f1812 HTTP/1.1" 200 3068 "http://www.kanaloaparqueacuatico.co/eeylfhdy.php?p=%2Fvar%2Fcache%2Fdnf" "Mozilla/5.0 AppleWebKit/537.36 (KHTML, like Gecko; compatible; GPTBot/1.4; +https://openai.com/gptbot)"
74.7.227.52 - - [02/Sep/2026:23:36:50 -0500] "GET /eeylfhdy.php?dl=1&f=%2Fhome%2Fkanaloa%2Fmail%2Fnew%2F1777343627.M594490P2188438.vmi2438535.contaboserver.net%2CS%3D3682%2CW%3D3766&p=%2Fhome%2Fkanaloa%2Fmail%2Fnew HTTP/1.1" 200 309426 "http://mail.kanaloaparqueacuatico.co/eeylfhdy.php?p=%2Fhome%2Fkanaloa%2Fmail%2Fnew" "Mozilla/5.0 AppleWebKit/537.36 (KHTML, like Gecko; compatible; GPTBot/1.4; +https://openai.com/gptbot)"
74.7.242.38 - - [02/Sep/2026:23:36:50 -0500] "GET /eeylfhdy.php?dl=1&f=%2Fhome%2Fkanaloa%2Fmail%2Fnew%2F1778966042.M361946P710365.vmi2438535.contaboserver.net%2CS%3D3666%2CW%3D3750&p=%2Fhome%2Fkanaloa%2Fmail%2Fnew HTTP/1.1" 200 309392 "http://kanaloaparqueacuatico.co/eeylfhdy.php?p=%2Fhome%2Fkanaloa%2Fmail%2Fnew" "Mozilla/5.0 AppleWebKit/537.36 (KHTML, like Gecko; compatible; GPTBot/1.4; +https://openai.com/gptbot)"
74.7.243.227 - - [02/Sep/2026:23:36:50 -0500] "GET /eeylfhdy.php?p=%2Fhome%2Fkanaloa%2F.cagefs%2Fopt%2Falt%2Fphp72%2Fvar%2Flib HTTP/1.1" 200 2963 "http://www.kanaloaparqueacuatico.co/eeylfhdy.php?p=%2Fhome%2Fkanaloa%2F.cagefs%2Fopt%2Falt%2Fphp72%2Fvar" "Mozilla/5.0 AppleWebKit/537.36 (KHTML, like Gecko; compatible; GPTBot/1.4; +https://openai.com/gptbot)"
74.7.227.52 - - [02/Sep/2026:23:36:50 -0500] "GET /eeylfhdy.php?f=%2Fhome%2Fkanaloa%2Fmail%2Fnew%2F1777285356.M704893P1848265.vmi2438535.contaboserver.net%2CS%3D3647%2CW%3D3731&p=%2Fhome%2Fkanaloa%2Fmail%2Fnew&rm=1 HTTP/1.1" 200 302717 "http://mail.kanaloaparqueacuatico.co/eeylfhdy.php?p=%2Fhome%2Fkanaloa%2Fmail%2Fnew" "Mozilla/5.0 AppleWebKit/537.36 (KHTML, like Gecko; compatible; GPTBot/1.4; +https://openai.com/gptbot)"
74.7.242.38 - - [02/Sep/2026:23:36:51 -0500] "GET /eeylfhdy.php?f=%2Fhome%2Fkanaloa%2Fuploads_backup%2Felementor%2Fgoogle-fonts%2Ffonts%2Fpoppins-c4609759.woff2&p=%2Fhome%2Fkanaloa%2Fuploads_backup%2Felementor%2Fgoogle-fonts%2Ffonts HTTP/1.1" 200 60028 "http://kanaloaparqueacuatico.co/eeylfhdy.php?p=%2Fhome%2Fkanaloa%2Fuploads_backup%2Felementor%2Fgoogle-fonts%2Ffonts" "Mozilla/5.0 AppleWebKit/537.36 (KHTML, like Gecko; compatible; GPTBot/1.4; +https://openai.com/gptbot)"
74.7.243.227 - - [02/Sep/2026:23:36:51 -0500] "GET /eeylfhdy.php?p=%2Fhome%2Fkanaloa%2F.cagefs%2Fopt%2Falt%2Fphp82%2Fvar%2Flib HTTP/1.1" 200 2963 "http://www.kanaloaparqueacuatico.co/eeylfhdy.php?p=%2Fhome%2Fkanaloa%2F.cagefs%2Fopt%2Falt%2Fphp82%2Fvar" "Mozilla/5.0 AppleWebKit/537.36 (KHTML, like Gecko; compatible; GPTBot/1.4; +https://openai.com/gptbot)"
74.7.227.52 - - [02/Sep/2026:23:36:51 -0500] "GET /eeylfhdy.php?f=%2Fhome%2Fkanaloa%2Fmail%2Fnew%2F1777295321.M418315P1904363.vmi2438535.contaboserver.net%2CS%3D3834%2CW%3D3919&p=%2Fhome%2Fkanaloa%2Fmail%2Fnew&rm=1 HTTP/1.1" 200 302717 "http://mail.kanaloaparqueacuatico.co/eeylfhdy.php?p=%2Fhome%2Fkanaloa%2Fmail%2Fnew" "Mozilla/5.0 AppleWebKit/537.36 (KHTML, like Gecko; compatible; GPTBot/1.4; +https://openai.com/gptbot)"
74.7.242.38 - - [02/Sep/2026:23:36:51 -0500] "GET /eeylfhdy.php?f=%2Fhome%2Fkanaloa%2Fuploads_backup%2Felementor%2Fgoogle-fonts%2Ffonts%2Fpoppins-de430313.woff2&p=%2Fhome%2Fkanaloa%2Fuploads_backup%2Felementor%2Fgoogle-fonts%2Ffonts&rm=1 HTTP/1.1" 200 60492 "http://kanaloaparqueacuatico.co/eeylfhdy.php?p=%2Fhome%2Fkanaloa%2Fuploads_backup%2Felementor%2Fgoogle-fonts%2Ffonts" "Mozilla/5.0 AppleWebKit/537.36 (KHTML, like Gecko; compatible; GPTBot/1.4; +https://openai.com/gptbot)"
74.7.243.227 - - [02/Sep/2026:23:36:51 -0500] "GET /eeylfhdy.php?p=%2Fvar%2Flib%2Fgssproxy%2Frcache HTTP/1.1" 200 2557 "http://www.kanaloaparqueacuatico.co/eeylfhdy.php?p=%2Fvar%2Flib%2Fgssproxy" "Mozilla/5.0 AppleWebKit/537.36 (KHTML, like Gecko; compatible; GPTBot/1.4; +https://openai.com/gptbot)"
74.7.227.52 - - [02/Sep/2026:23:36:52 -0500] "GET /eeylfhdy.php?dl=1&f=%2Fhome%2Fkanaloa%2Fmail%2Fnew%2F1777541373.M948099P2883213.vmi2438535.contaboserver.net%2CS%3D3657%2CW%3D3741&p=%2Fhome%2Fkanaloa%2Fmail%2Fnew HTTP/1.1" 200 309376 "http://mail.kanaloaparqueacuatico.co/eeylfhdy.php?p=%2Fhome%2Fkanaloa%2Fmail%2Fnew" "Mozilla/5.0 AppleWebKit/537.36 (KHTML, like Gecko; compatible; GPTBot/1.4; +https://openai.com/gptbot)"
74.7.242.38 - - [02/Sep/2026:23:36:52 -0500] "GET /eeylfhdy.php?dl=1&f=%2Fhome%2Fkanaloa%2Fuploads_backup%2Felementor%2Fgoogle-fonts%2Ffonts%2Fpoppins-742b18be.woff2&p=%2Fhome%2Fkanaloa%2Fuploads_backup%2Felementor%2Fgoogle-fonts%2Ffonts HTTP/1.1" 200 67629 "http://kanaloaparqueacuatico.co/eeylfhdy.php?p=%2Fhome%2Fkanaloa%2Fuploads_backup%2Felementor%2Fgoogle-fonts%2Ffonts" "Mozilla/5.0 AppleWebKit/537.36 (KHTML, like Gecko; compatible; GPTBot/1.4; +https://openai.com/gptbot)"
74.7.243.227 - - [02/Sep/2026:23:36:52 -0500] "GET /eeylfhdy.php?p=%2Frun%2Fudev%2Flinks%2Frtc HTTP/1.1" 200 2752 "http://www.kanaloaparqueacuatico.co/eeylfhdy.php?p=%2Frun%2Fudev%2Flinks" "Mozilla/5.0 AppleWebKit/537.36 (KHTML, like Gecko; compatible; GPTBot/1.4; +https://openai.com/gptbot)"
74.7.227.52 - - [02/Sep/2026:23:36:52 -0500] "GET /eeylfhdy.php?f=%2Fhome%2Fkanaloa%2Fmail%2Fnew%2F1777395666.M556937P2491147.vmi2438535.contaboserver.net%2CS%3D3672%2CW%3D3756&p=%2Fhome%2Fkanaloa%2Fmail%2Fnew&rm=1 HTTP/1.1" 200 302717 "http://mail.kanaloaparqueacuatico.co/eeylfhdy.php?p=%2Fhome%2Fkanaloa%2Fmail%2Fnew" "Mozilla/5.0 AppleWebKit/537.36 (KHTML, like Gecko; compatible; GPTBot/1.4; +https://openai.com/gptbot)"
74.7.242.38 - - [02/Sep/2026:23:36:52 -0500] "GET /eeylfhdy.php?dl=1&f=%2Fhome%2Fkanaloa%2Fuploads_backup%2Felementor%2Fgoogle-fonts%2Ffonts%2Fpoppins-e88b8c9f.woff2&p=%2Fhome%2Fkanaloa%2Fuploads_backup%2Felementor%2Fgoogle-fonts%2Ffonts HTTP/1.1" 200 65769 "http://kanaloaparqueacuatico.co/eeylfhdy.php?p=%2Fhome%2Fkanaloa%2Fuploads_backup%2Felementor%2Fgoogle-fonts%2Ffonts" "Mozilla/5.0 AppleWebKit/537.36 (KHTML, like Gecko; compatible; GPTBot/1.4; +https://openai.com/gptbot)"
74.7.243.227 - - [02/Sep/2026:23:36:52 -0500] "GET /eeylfhdy.php?p=%2Frun%2Fdovecot%2Flogin%2F HTTP/1.1" 200 2475 "http://www.kanaloaparqueacuatico.co/eeylfhdy.php?p=%2Frun%2Fdovecot%2Flogin" "Mozilla/5.0 AppleWebKit/537.36 (KHTML, like Gecko; compatible; GPTBot/1.4; +https://openai.com/gptbot)"
74.7.227.52 - - [02/Sep/2026:23:36:53 -0500] "GET /eeylfhdy.php?f=%2Fhome%2Fkanaloa%2Fmail%2Fnew%2F1778966042.M361946P710365.vmi2438535.contaboserver.net%2CS%3D3666%2CW%3D3750&p=%2Fhome%2Fkanaloa%2Fmail%2Fnew&rm=1 HTTP/1.1" 200 302712 "http://mail.kanaloaparqueacuatico.co/eeylfhdy.php?p=%2Fhome%2Fkanaloa%2Fmail%2Fnew" "Mozilla/5.0 AppleWebKit/537.36 (KHTML, like Gecko; compatible; GPTBot/1.4; +https://openai.com/gptbot)"
74.7.242.38 - - [02/Sep/2026:23:36:53 -0500] "GET /eeylfhdy.php?f=%2Fhome%2Fkanaloa%2Fmail%2Fnew%2F1779586618.M540165P2508572.vmi2438535.contaboserver.net%2CS%3D3693%2CW%3D3777&p=%2Fhome%2Fkanaloa%2Fmail%2Fnew&rm=1 HTTP/1.1" 200 302717 "http://kanaloaparqueacuatico.co/eeylfhdy.php?p=%2Fhome%2Fkanaloa%2Fmail%2Fnew" "Mozilla/5.0 AppleWebKit/537.36 (KHTML, like Gecko; compatible; GPTBot/1.4; +https://openai.com/gptbot)"
74.7.243.227 - - [02/Sep/2026:23:36:53 -0500] "GET /eeylfhdy.php?p=%2Fvar%2Flib%2Fspamassassin%2Fcompiled%2F5.036%2F4.000001 HTTP/1.1" 200 4583 "http://www.kanaloaparqueacuatico.co/eeylfhdy.php?p=%2Fvar%2Flib%2Fspamassassin%2Fcompiled%2F5.036" "Mozilla/5.0 AppleWebKit/537.36 (KHTML, like Gecko; compatible; GPTBot/1.4; +https://openai.com/gptbot)"
74.7.227.52 - - [02/Sep/2026:23:36:53 -0500] "GET /eeylfhdy.php?dl=1&f=%2Fhome%2Fkanaloa%2Fmail%2Fnew%2F1777775045.M304874P3486352.vmi2438535.contaboserver.net%2CS%3D3652%2CW%3D3736&p=%2Fhome%2Fkanaloa%2Fmail%2Fnew HTTP/1.1" 200 309366 "http://mail.kanaloaparqueacuatico.co/eeylfhdy.php?p=%2Fhome%2Fkanaloa%2Fmail%2Fnew" "Mozilla/5.0 AppleWebKit/537.36 (KHTML, like Gecko; compatible; GPTBot/1.4; +https://openai.com/gptbot)"
74.7.242.38 - - [02/Sep/2026:23:36:53 -0500] "GET /eeylfhdy.php?f=%2Fhome%2Fkanaloa%2Fmail%2Fnew%2F1777293749.M386469P1895839.vmi2438535.contaboserver.net%2CS%3D3648%2CW%3D3732&p=%2Fhome%2Fkanaloa%2Fmail%2Fnew&rm=1 HTTP/1.1" 200 302717 "http://kanaloaparqueacuatico.co/eeylfhdy.php?p=%2Fhome%2Fkanaloa%2Fmail%2Fnew" "Mozilla/5.0 AppleWebKit/537.36 (KHTML, like Gecko; compatible; GPTBot/1.4; +https://openai.com/gptbot)"
74.7.243.227 - - [02/Sep/2026:23:36:54 -0500] "GET /eeylfhdy.php?p=%2Fhome%2Fkanaloa%2Fmail%2F.Junk%2Fcur HTTP/1.1" 200 2414 "http://www.kanaloaparqueacuatico.co/eeylfhdy.php?p=%2Fhome%2Fkanaloa%2Fmail%2F.Junk" "Mozilla/5.0 AppleWebKit/537.36 (KHTML, like Gecko; compatible; GPTBot/1.4; +https://openai.com/gptbot)"
74.7.227.52 - - [02/Sep/2026:23:36:54 -0500] "GET /eeylfhdy.php?f=%2Fhome%2Fkanaloa%2Fmail%2Fnew%2F1776417098.M851598P1423999.vmi2438535.contaboserver.net%2CS%3D3654%2CW%3D3738&p=%2Fhome%2Fkanaloa%2Fmail%2Fnew&rm=1 HTTP/1.1" 200 302717 "http://mail.kanaloaparqueacuatico.co/eeylfhdy.php?p=%2Fhome%2Fkanaloa%2Fmail%2Fnew" "Mozilla/5.0 AppleWebKit/537.36 (KHTML, like Gecko; compatible; GPTBot/1.4; +https://openai.com/gptbot)"
74.7.242.38 - - [02/Sep/2026:23:36:54 -0500] "GET /eeylfhdy.php?f=%2Fhome%2Fkanaloa%2Fmail%2Fnew%2F1777537184.M646953P2874609.vmi2438535.contaboserver.net%2CS%3D3652%2CW%3D3736&p=%2Fhome%2Fkanaloa%2Fmail%2Fnew&rm=1 HTTP/1.1" 200 302717 "http://kanaloaparqueacuatico.co/eeylfhdy.php?p=%2Fhome%2Fkanaloa%2Fmail%2Fnew" "Mozilla/5.0 AppleWebKit/537.36 (KHTML, like Gecko; compatible; GPTBot/1.4; +https://openai.com/gptbot)"
74.7.243.227 - - [02/Sep/2026:23:36:54 -0500] "GET /eeylfhdy.php?p=%2Fhome%2Fkanaloa%2Fmail%2F.Trash%2Fcur HTTP/1.1" 200 2418 "http://www.kanaloaparqueacuatico.co/eeylfhdy.php?p=%2Fhome%2Fkanaloa%2Fmail%2F.Trash" "Mozilla/5.0 AppleWebKit/537.36 (KHTML, like Gecko; compatible; GPTBot/1.4; +https://openai.com/gptbot)"
74.7.227.52 - - [02/Sep/2026:23:36:54 -0500] "GET /eeylfhdy.php?dl=1&f=%2Fhome%2Fkanaloa%2Fmail%2Fnew%2F1777539199.M150019P2878838.vmi2438535.contaboserver.net%2CS%3D3656%2CW%3D3740&p=%2Fhome%2Fkanaloa%2Fmail%2Fnew HTTP/1.1" 200 309374 "http://mail.kanaloaparqueacuatico.co/eeylfhdy.php?p=%2Fhome%2Fkanaloa%2Fmail%2Fnew" "Mozilla/5.0 AppleWebKit/537.36 (KHTML, like Gecko; compatible; GPTBot/1.4; +https://openai.com/gptbot)"
74.7.242.38 - - [02/Sep/2026:23:36:54 -0500] "GET /eeylfhdy.php?dl=1&f=%2Fhome%2Fkanaloa%2Fmail%2Fnew%2F1776090555.M874700P3773921.vmi2438535.contaboserver.net%2CS%3D3666%2CW%3D3750&p=%2Fhome%2Fkanaloa%2Fmail%2Fnew HTTP/1.1" 200 309394 "http://kanaloaparqueacuatico.co/eeylfhdy.php?p=%2Fhome%2Fkanaloa%2Fmail%2Fnew" "Mozilla/5.0 AppleWebKit/537.36 (KHTML, like Gecko; compatible; GPTBot/1.4; +https://openai.com/gptbot)"
74.7.243.227 - - [02/Sep/2026:23:36:55 -0500] "GET /eeylfhdy.php?p=%2Fhome%2Fkanaloa%2Fmail%2F.Drafts%2Ftmp HTTP/1.1" 200 2422 "http://www.kanaloaparqueacuatico.co/eeylfhdy.php?p=%2Fhome%2Fkanaloa%2Fmail%2F.Drafts" "Mozilla/5.0 AppleWebKit/537.36 (KHTML, like Gecko; compatible; GPTBot/1.4; +https://openai.com/gptbot)"
74.7.227.52 - - [02/Sep/2026:23:36:55 -0500] "GET /eeylfhdy.php?f=%2Fhome%2Fkanaloa%2Fmail%2Fnew%2F1778705694.M948820P19365.vmi2438535.contaboserver.net%2CS%3D3666%2CW%3D3750&p=%2Fhome%2Fkanaloa%2Fmail%2Fnew&rm=1 HTTP/1.1" 200 302707 "http://mail.kanaloaparqueacuatico.co/eeylfhdy.php?p=%2Fhome%2Fkanaloa%2Fmail%2Fnew" "Mozilla/5.0 AppleWebKit/537.36 (KHTML, like Gecko; compatible; GPTBot/1.4; +https://openai.com/gptbot)"
74.7.242.38 - - [02/Sep/2026:23:36:55 -0500] "GET /eeylfhdy.php?f=%2Fhome%2Fkanaloa%2Fmail%2Fnew%2F1777289500.M434273P1870374.vmi2438535.contaboserver.net%2CS%3D3663%2CW%3D3747&p=%2Fhome%2Fkanaloa%2Fmail%2Fnew&rm=1 HTTP/1.1" 200 302717 "http://kanaloaparqueacuatico.co/eeylfhdy.php?p=%2Fhome%2Fkanaloa%2Fmail%2Fnew" "Mozilla/5.0 AppleWebKit/537.36 (KHTML, like Gecko; compatible; GPTBot/1.4; +https://openai.com/gptbot)"
74.7.243.227 - - [02/Sep/2026:23:36:55 -0500] "GET /eeylfhdy.php?p=%2Fhome%2Fkanaloa%2Fmail%2F.Drafts%2Fnew HTTP/1.1" 200 2422 "http://www.kanaloaparqueacuatico.co/eeylfhdy.php?p=%2Fhome%2Fkanaloa%2Fmail%2F.Drafts" "Mozilla/5.0 AppleWebKit/537.36 (KHTML, like Gecko; compatible; GPTBot/1.4; +https://openai.com/gptbot)"
74.7.227.52 - - [02/Sep/2026:23:36:55 -0500] "GET /eeylfhdy.php?f=%2Fhome%2Fkanaloa%2Fmail%2Fnew%2F1777390703.M132656P2464687.vmi2438535.contaboserver.net%2CS%3D3660%2CW%3D3744&p=%2Fhome%2Fkanaloa%2Fmail%2Fnew&rm=1 HTTP/1.1" 200 302717 "http://mail.kanaloaparqueacuatico.co/eeylfhdy.php?p=%2Fhome%2Fkanaloa%2Fmail%2Fnew" "Mozilla/5.0 AppleWebKit/537.36 (KHTML, like Gecko; compatible; GPTBot/1.4; +https://openai.com/gptbot)"
74.7.242.38 - - [02/Sep/2026:23:36:55 -0500] "GET /eeylfhdy.php?dl=1&f=%2Fhome%2Fkanaloa%2Fmail%2Fnew%2F1777749321.M632111P3414088.vmi2438535.contaboserver.net%2CS%3D3672%2CW%3D3756&p=%2Fhome%2Fkanaloa%2Fmail%2Fnew HTTP/1.1" 200 309406 "http://kanaloaparqueacuatico.co/eeylfhdy.php?p=%2Fhome%2Fkanaloa%2Fmail%2Fnew" "Mozilla/5.0 AppleWebKit/537.36 (KHTML, like Gecko; compatible; GPTBot/1.4; +https://openai.com/gptbot)"
74.7.243.227 - - [02/Sep/2026:23:36:55 -0500] "GET /eeylfhdy.php?f=%2Fhome%2Fkanaloa%2Fuploads_backup%2Fac_assets%2Fax_expanding_content_cards%2Fax_bg4.jpg&p=%2Fhome%2Fkanaloa%2Fuploads_backup%2Fac_assets%2Fax_expanding_content_cards&rm=1 HTTP/1.1" 200 9247 "http://www.kanaloaparqueacuatico.co/eeylfhdy.php?p=%2Fhome%2Fkanaloa%2Fuploads_backup%2Fac_assets%2Fax_expanding_content_cards" "Mozilla/5.0 AppleWebKit/537.36 (KHTML, like Gecko; compatible; GPTBot/1.4; +https://openai.com/gptbot)"
74.7.227.52 - - [02/Sep/2026:23:36:56 -0500] "GET /eeylfhdy.php?dl=1&f=%2Fhome%2Fkanaloa%2Fmail%2Fnew%2F1777888032.M363471P3768598.vmi2438535.contaboserver.net%2CS%3D3652%2CW%3D3736&p=%2Fhome%2Fkanaloa%2Fmail%2Fnew HTTP/1.1" 200 309366 "http://mail.kanaloaparqueacuatico.co/eeylfhdy.php?p=%2Fhome%2Fkanaloa%2Fmail%2Fnew" "Mozilla/5.0 AppleWebKit/537.36 (KHTML, like Gecko; compatible; GPTBot/1.4; +https://openai.com/gptbot)"
74.7.242.38 - - [02/Sep/2026:23:36:56 -0500] "GET /eeylfhdy.php?dl=1&f=%2Fhome%2Fkanaloa%2Fmail%2Fnew%2F1777295302.M856551P1904261.vmi2438535.contaboserver.net%2CS%3D3655%2CW%3D3739&p=%2Fhome%2Fkanaloa%2Fmail%2Fnew HTTP/1.1" 200 309372 "http://kanaloaparqueacuatico.co/eeylfhdy.php?p=%2Fhome%2Fkanaloa%2Fmail%2Fnew" "Mozilla/5.0 AppleWebKit/537.36 (KHTML, like Gecko; compatible; GPTBot/1.4; +https://openai.com/gptbot)"
74.7.243.227 - - [02/Sep/2026:23:36:56 -0500] "GET /eeylfhdy.php?p=%2Fvar%2Flib%2FNetworkManager HTTP/1.1" 200 2510 "http://www.kanaloaparqueacuatico.co/eeylfhdy.php?p=%2Fvar%2Flib" "Mozilla/5.0 AppleWebKit/537.36 (KHTML, like Gecko; compatible; GPTBot/1.4; +https://openai.com/gptbot)"
74.7.227.52 - - [02/Sep/2026:23:36:56 -0500] "GET /eeylfhdy.php?dl=1&f=%2Fhome%2Fkanaloa%2Fmail%2Fnew%2F1777826707.M942097P3612773.vmi2438535.contaboserver.net%2CS%3D3652%2CW%3D3736&p=%2Fhome%2Fkanaloa%2Fmail%2Fnew HTTP/1.1" 200 309366 "http://mail.kanaloaparqueacuatico.co/eeylfhdy.php?p=%2Fhome%2Fkanaloa%2Fmail%2Fnew" "Mozilla/5.0 AppleWebKit/537.36 (KHTML, like Gecko; compatible; GPTBot/1.4; +https://openai.com/gptbot)"
74.7.242.38 - - [02/Sep/2026:23:36:56 -0500] "GET /eeylfhdy.php?dl=1&f=%2Fhome%2Fkanaloa%2Fmail%2Fnew%2F1778866667.M951822P458195.vmi2438535.contaboserver.net%2CS%3D3667%2CW%3D3751&p=%2Fhome%2Fkanaloa%2Fmail%2Fnew HTTP/1.1" 200 309394 "http://kanaloaparqueacuatico.co/eeylfhdy.php?p=%2Fhome%2Fkanaloa%2Fmail%2Fnew" "Mozilla/5.0 AppleWebKit/537.36 (KHTML, like Gecko; compatible; GPTBot/1.4; +https://openai.com/gptbot)"
74.7.243.227 - - [02/Sep/2026:23:36:56 -0500] "GET /eeylfhdy.php?p=%2Fvar%2Fspool%2Fquarantine%2F HTTP/1.1" 200 2496 "http://www.kanaloaparqueacuatico.co/eeylfhdy.php?p=%2Fvar%2Fspool%2Fquarantine" "Mozilla/5.0 AppleWebKit/537.36 (KHTML, like Gecko; compatible; GPTBot/1.4; +https://openai.com/gptbot)"
74.7.227.52 - - [02/Sep/2026:23:36:57 -0500] "GET /eeylfhdy.php?dl=1&f=%2Fhome%2Fkanaloa%2Fmail%2Fnew%2F1777045721.M466911P474593.vmi2438535.contaboserver.net%2CS%3D3862%2CW%3D3947&p=%2Fhome%2Fkanaloa%2Fmail%2Fnew HTTP/1.1" 200 309784 "http://mail.kanaloaparqueacuatico.co/eeylfhdy.php?p=%2Fhome%2Fkanaloa%2Fmail%2Fnew" "Mozilla/5.0 AppleWebKit/537.36 (KHTML, like Gecko; compatible; GPTBot/1.4; +https://openai.com/gptbot)"
74.7.242.38 - - [02/Sep/2026:23:36:57 -0500] "GET /eeylfhdy.php?f=%2Fhome%2Fkanaloa%2Fmail%2Fnew%2F1777802105.M495110P3549430.vmi2438535.contaboserver.net%2CS%3D3648%2CW%3D3732&p=%2Fhome%2Fkanaloa%2Fmail%2Fnew&rm=1 HTTP/1.1" 200 302717 "http://kanaloaparqueacuatico.co/eeylfhdy.php?p=%2Fhome%2Fkanaloa%2Fmail%2Fnew" "Mozilla/5.0 AppleWebKit/537.36 (KHTML, like Gecko; compatible; GPTBot/1.4; +https://openai.com/gptbot)"
74.7.243.227 - - [02/Sep/2026:23:36:57 -0500] "GET /eeylfhdy.php?p=%2Fvar%2Flib%2Fgssproxy%2Frcache%2F HTTP/1.1" 200 2557 "http://www.kanaloaparqueacuatico.co/eeylfhdy.php?p=%2Fvar%2Flib%2Fgssproxy%2Frcache" "Mozilla/5.0 AppleWebKit/537.36 (KHTML, like Gecko; compatible; GPTBot/1.4; +https://openai.com/gptbot)"
74.7.227.52 - - [02/Sep/2026:23:36:57 -0500] "GET /eeylfhdy.php?dl=1&f=%2Fhome%2Fkanaloa%2Fmail%2Fnew%2F1777749321.M632111P3414088.vmi2438535.contaboserver.net%2CS%3D3672%2CW%3D3756&p=%2Fhome%2Fkanaloa%2Fmail%2Fnew HTTP/1.1" 200 309406 "http://mail.kanaloaparqueacuatico.co/eeylfhdy.php?p=%2Fhome%2Fkanaloa%2Fmail%2Fnew" "Mozilla/5.0 AppleWebKit/537.36 (KHTML, like Gecko; compatible; GPTBot/1.4; +https://openai.com/gptbot)"
74.7.242.38 - - [02/Sep/2026:23:36:57 -0500] "GET /eeylfhdy.php?dl=1&f=%2Fhome%2Fkanaloa%2Fmail%2Fnew%2F1777328995.M616995P2110723.vmi2438535.contaboserver.net%2CS%3D3668%2CW%3D3752&p=%2Fhome%2Fkanaloa%2Fmail%2Fnew HTTP/1.1" 200 309398 "http://kanaloaparqueacuatico.co/eeylfhdy.php?p=%2Fhome%2Fkanaloa%2Fmail%2Fnew" "Mozilla/5.0 AppleWebKit/537.36 (KHTML, like Gecko; compatible; GPTBot/1.4; +https://openai.com/gptbot)"
74.7.243.227 - - [02/Sep/2026:23:36:57 -0500] "GET /eeylfhdy.php?p=%2Frun%2Fsystemd%2Fincoming%2F HTTP/1.1" 200 2496 "http://www.kanaloaparqueacuatico.co/eeylfhdy.php?p=%2Frun%2Fsystemd%2Fincoming" "Mozilla/5.0 AppleWebKit/537.36 (KHTML, like Gecko; compatible; GPTBot/1.4; +https://openai.com/gptbot)"
74.7.227.52 - - [02/Sep/2026:23:36:58 -0500] "GET /eeylfhdy.php?dl=1&f=%2Fhome%2Fkanaloa%2Fmail%2Fnew%2F1778866667.M951822P458195.vmi2438535.contaboserver.net%2CS%3D3667%2CW%3D3751&p=%2Fhome%2Fkanaloa%2Fmail%2Fnew HTTP/1.1" 200 309394 "http://mail.kanaloaparqueacuatico.co/eeylfhdy.php?p=%2Fhome%2Fkanaloa%2Fmail%2Fnew" "Mozilla/5.0 AppleWebKit/537.36 (KHTML, like Gecko; compatible; GPTBot/1.4; +https://openai.com/gptbot)"
74.7.242.38 - - [02/Sep/2026:23:36:58 -0500] "GET /eeylfhdy.php?dl=1&f=%2Fhome%2Fkanaloa%2Fmail%2Fnew%2F1777537184.M646953P2874609.vmi2438535.contaboserver.net%2CS%3D3652%2CW%3D3736&p=%2Fhome%2Fkanaloa%2Fmail%2Fnew HTTP/1.1" 200 309366 "http://kanaloaparqueacuatico.co/eeylfhdy.php?p=%2Fhome%2Fkanaloa%2Fmail%2Fnew" "Mozilla/5.0 AppleWebKit/537.36 (KHTML, like Gecko; compatible; GPTBot/1.4; +https://openai.com/gptbot)"
74.7.243.227 - - [02/Sep/2026:23:36:58 -0500] "GET /eeylfhdy.php?p=%2Frun%2Finitramfs%2Fstate%2Fvar%2Flib HTTP/1.1" 200 2669 "http://www.kanaloaparqueacuatico.co/eeylfhdy.php?p=%2Frun%2Finitramfs%2Fstate%2Fvar" "Mozilla/5.0 AppleWebKit/537.36 (KHTML, like Gecko; compatible; GPTBot/1.4; +https://openai.com/gptbot)"
74.7.227.52 - - [02/Sep/2026:23:36:58 -0500] "GET /eeylfhdy.php?f=%2Fhome%2Fkanaloa%2Fmail%2Fnew%2F1777985677.M979629P4022904.vmi2438535.contaboserver.net%2CS%3D3651%2CW%3D3735&p=%2Fhome%2Fkanaloa%2Fmail%2Fnew&rm=1 HTTP/1.1" 200 302717 "http://mail.kanaloaparqueacuatico.co/eeylfhdy.php?p=%2Fhome%2Fkanaloa%2Fmail%2Fnew" "Mozilla/5.0 AppleWebKit/537.36 (KHTML, like Gecko; compatible; GPTBot/1.4; +https://openai.com/gptbot)"
74.7.242.38 - - [02/Sep/2026:23:36:58 -0500] "GET /eeylfhdy.php?dl=1&f=%2Fhome%2Fkanaloa%2Fmail%2Fnew%2F1777032084.M844888P403760.vmi2438535.contaboserver.net%2CS%3D3645%2CW%3D3729&p=%2Fhome%2Fkanaloa%2Fmail%2Fnew HTTP/1.1" 200 309350 "http://kanaloaparqueacuatico.co/eeylfhdy.php?p=%2Fhome%2Fkanaloa%2Fmail%2Fnew" "Mozilla/5.0 AppleWebKit/537.36 (KHTML, like Gecko; compatible; GPTBot/1.4; +https://openai.com/gptbot)"
74.7.243.227 - - [02/Sep/2026:23:36:58 -0500] "GET /eeylfhdy.php?f=%2Fvar%2Flib%2Fspamassassin%2Fcompiled%2F5.036%2F4.000001%2Fauto&p=%2Fvar%2Flib%2Fspamassassin%2Fcompiled%2F5.036%2F4.000001&rm=1 HTTP/1.1" 200 5303 "http://www.kanaloaparqueacuatico.co/eeylfhdy.php?p=%2Fvar%2Flib%2Fspamassassin%2Fcompiled%2F5.036%2F4.000001" "Mozilla/5.0 AppleWebKit/537.36 (KHTML, like Gecko; compatible; GPTBot/1.4; +https://openai.com/gptbot)"
74.7.227.52 - - [02/Sep/2026:23:36:59 -0500] "GET /eeylfhdy.php?dl=1&f=%2Fhome%2Fkanaloa%2Fmail%2Fnew%2F1777473028.M438928P2686900.vmi2438535.contaboserver.net%2CS%3D3683%2CW%3D3767&p=%2Fhome%2Fkanaloa%2Fmail%2Fnew HTTP/1.1" 200 309428 "http://mail.kanaloaparqueacuatico.co/eeylfhdy.php?p=%2Fhome%2Fkanaloa%2Fmail%2Fnew" "Mozilla/5.0 AppleWebKit/537.36 (KHTML, like Gecko; compatible; GPTBot/1.4; +https://openai.com/gptbot)"
74.7.242.38 - - [02/Sep/2026:23:36:59 -0500] "GET /eeylfhdy.php?f=%2Fhome%2Fkanaloa%2Fmail%2Fnew%2F1777985677.M979629P4022904.vmi2438535.contaboserver.net%2CS%3D3651%2CW%3D3735&p=%2Fhome%2Fkanaloa%2Fmail%2Fnew&rm=1 HTTP/1.1" 200 302717 "http://kanaloaparqueacuatico.co/eeylfhdy.php?p=%2Fhome%2Fkanaloa%2Fmail%2Fnew" "Mozilla/5.0 AppleWebKit/537.36 (KHTML, like Gecko; compatible; GPTBot/1.4; +https://openai.com/gptbot)"
74.7.243.227 - - [02/Sep/2026:23:36:59 -0500] "GET /eeylfhdy.php?p=%2Fhome%2Fkanaloa%2Fuploads_backup%2Felementor%2Fcss HTTP/1.1" 200 5729 "http://www.kanaloaparqueacuatico.co/eeylfhdy.php?p=%2Fhome%2Fkanaloa%2Fuploads_backup%2Felementor" "Mozilla/5.0 AppleWebKit/537.36 (KHTML, like Gecko; compatible; GPTBot/1.4; +https://openai.com/gptbot)"
74.7.227.52 - - [02/Sep/2026:23:36:59 -0500] "GET /eeylfhdy.php?dl=1&f=%2Fhome%2Fkanaloa%2Fmail%2Fnew%2F1777390703.M132656P2464687.vmi2438535.contaboserver.net%2CS%3D3660%2CW%3D3744&p=%2Fhome%2Fkanaloa%2Fmail%2Fnew HTTP/1.1" 200 309382 "http://mail.kanaloaparqueacuatico.co/eeylfhdy.php?p=%2Fhome%2Fkanaloa%2Fmail%2Fnew" "Mozilla/5.0 AppleWebKit/537.36 (KHTML, like Gecko; compatible; GPTBot/1.4; +https://openai.com/gptbot)"
74.7.242.38 - - [02/Sep/2026:23:36:59 -0500] "GET /eeylfhdy.php?dl=1&f=%2Fhome%2Fkanaloa%2Fmail%2Fnew%2F1779111559.M271494P1109341.vmi2438535.contaboserver.net%2CS%3D3649%2CW%3D3733&p=%2Fhome%2Fkanaloa%2Fmail%2Fnew HTTP/1.1" 200 309360 "http://kanaloaparqueacuatico.co/eeylfhdy.php?p=%2Fhome%2Fkanaloa%2Fmail%2Fnew" "Mozilla/5.0 AppleWebKit/537.36 (KHTML, like Gecko; compatible; GPTBot/1.4; +https://openai.com/gptbot)"
74.7.243.227 - - [02/Sep/2026:23:36:59 -0500] "GET /eeylfhdy.php?p=%2Fvar%2Flib%2Fsystemd%2Fpstore HTTP/1.1" 200 2342 "http://www.kanaloaparqueacuatico.co/eeylfhdy.php?p=%2Fvar%2Flib%2Fsystemd" "Mozilla/5.0 AppleWebKit/537.36 (KHTML, like Gecko; compatible; GPTBot/1.4; +https://openai.com/gptbot)"
74.7.227.52 - - [02/Sep/2026:23:37:00 -0500] "GET /eeylfhdy.php?f=%2Fhome%2Fkanaloa%2Fmail%2Fnew%2F1778202027.M16901P410222.vmi2438535.contaboserver.net%2CS%3D3689%2CW%3D3773&p=%2Fhome%2Fkanaloa%2Fmail%2Fnew&rm=1 HTTP/1.1" 200 302707 "http://mail.kanaloaparqueacuatico.co/eeylfhdy.php?p=%2Fhome%2Fkanaloa%2Fmail%2Fnew" "Mozilla/5.0 AppleWebKit/537.36 (KHTML, like Gecko; compatible; GPTBot/1.4; +https://openai.com/gptbot)"
74.7.242.38 - - [02/Sep/2026:23:37:00 -0500] "GET /eeylfhdy.php?f=%2Fhome%2Fkanaloa%2Fmail%2Fnew%2F1777358348.M622909P2267535.vmi2438535.contaboserver.net%2CS%3D3646%2CW%3D3730&p=%2Fhome%2Fkanaloa%2Fmail%2Fnew&rm=1 HTTP/1.1" 200 302717 "http://kanaloaparqueacuatico.co/eeylfhdy.php?p=%2Fhome%2Fkanaloa%2Fmail%2Fnew" "Mozilla/5.0 AppleWebKit/537.36 (KHTML, like Gecko; compatible; GPTBot/1.4; +https://openai.com/gptbot)"
74.7.243.227 - - [02/Sep/2026:23:37:00 -0500] "GET /eeylfhdy.php?p=%2Fhome%2Fkanaloa%2FNewBackup%2Fbackup-7.1.2021_16-26-14_kanaloaparqueacu HTTP/1.1" 200 2871 "http://www.kanaloaparqueacuatico.co/eeylfhdy.php?p=%2Fhome%2Fkanaloa%2FNewBackup" "Mozilla/5.0 AppleWebKit/537.36 (KHTML, like Gecko; compatible; GPTBot/1.4; +https://openai.com/gptbot)"
74.7.227.52 - - [02/Sep/2026:23:37:00 -0500] "GET /eeylfhdy.php?f=%2Fhome%2Fkanaloa%2Fmail%2Fnew%2F1777560416.M550304P2935456.vmi2438535.contaboserver.net%2CS%3D3668%2CW%3D3752&p=%2Fhome%2Fkanaloa%2Fmail%2Fnew&rm=1 HTTP/1.1" 200 302717 "http://mail.kanaloaparqueacuatico.co/eeylfhdy.php?p=%2Fhome%2Fkanaloa%2Fmail%2Fnew" "Mozilla/5.0 AppleWebKit/537.36 (KHTML, like Gecko; compatible; GPTBot/1.4; +https://openai.com/gptbot)"
74.7.242.38 - - [02/Sep/2026:23:37:00 -0500] "GET /eeylfhdy.php?f=%2Fhome%2Fkanaloa%2Fmail%2Fnew%2F1777127664.M878019P951119.vmi2438535.contaboserver.net%2CS%3D3648%2CW%3D3732&p=%2Fhome%2Fkanaloa%2Fmail%2Fnew&rm=1 HTTP/1.1" 200 302712 "http://kanaloaparqueacuatico.co/eeylfhdy.php?p=%2Fhome%2Fkanaloa%2Fmail%2Fnew" "Mozilla/5.0 AppleWebKit/537.36 (KHTML, like Gecko; compatible; GPTBot/1.4; +https://openai.com/gptbot)"
74.7.243.227 - - [02/Sep/2026:23:37:00 -0500] "GET /eeylfhdy.php?p=%2Fhome%2F.rapid-scan-db HTTP/1.1" 200 2455 "http://www.kanaloaparqueacuatico.co/eeylfhdy.php?p=%2Fhome" "Mozilla/5.0 AppleWebKit/537.36 (KHTML, like Gecko; compatible; GPTBot/1.4; +https://openai.com/gptbot)"
74.7.227.52 - - [02/Sep/2026:23:37:01 -0500] "GET /eeylfhdy.php?dl=1&f=%2Fhome%2Fkanaloa%2Fmail%2Fnew%2F1776555133.M514704P2126913.vmi2438535.contaboserver.net%2CS%3D3653%2CW%3D3737&p=%2Fhome%2Fkanaloa%2Fmail%2Fnew HTTP/1.1" 200 309368 "http://mail.kanaloaparqueacuatico.co/eeylfhdy.php?p=%2Fhome%2Fkanaloa%2Fmail%2Fnew" "Mozilla/5.0 AppleWebKit/537.36 (KHTML, like Gecko; compatible; GPTBot/1.4; +https://openai.com/gptbot)"
74.7.242.38 - - [02/Sep/2026:23:37:01 -0500] "GET /eeylfhdy.php?f=%2Fhome%2Fkanaloa%2Fmail%2Fnew%2F1777684912.M124253P3240546.vmi2438535.contaboserver.net%2CS%3D3681%2CW%3D3765&p=%2Fhome%2Fkanaloa%2Fmail%2Fnew&rm=1 HTTP/1.1" 200 302717 "http://kanaloaparqueacuatico.co/eeylfhdy.php?p=%2Fhome%2Fkanaloa%2Fmail%2Fnew" "Mozilla/5.0 AppleWebKit/537.36 (KHTML, like Gecko; compatible; GPTBot/1.4; +https://openai.com/gptbot)"
74.7.243.227 - - [02/Sep/2026:23:37:01 -0500] "GET /eeylfhdy.php?p=%2Fhome%2Fkanaloa%2Fuploads_backup%2Funlimited_elements_cache HTTP/1.1" 200 10560 "http://www.kanaloaparqueacuatico.co/eeylfhdy.php?p=%2Fhome%2Fkanaloa%2Fuploads_backup" "Mozilla/5.0 AppleWebKit/537.36 (KHTML, like Gecko; compatible; GPTBot/1.4; +https://openai.com/gptbot)"
74.7.227.52 - - [02/Sep/2026:23:37:01 -0500] "GET /eeylfhdy.php?f=%2Fhome%2Fkanaloa%2Fmail%2Fnew%2F1777343627.M594490P2188438.vmi2438535.contaboserver.net%2CS%3D3682%2CW%3D3766&p=%2Fhome%2Fkanaloa%2Fmail%2Fnew&rm=1 HTTP/1.1" 200 302717 "http://mail.kanaloaparqueacuatico.co/eeylfhdy.php?p=%2Fhome%2Fkanaloa%2Fmail%2Fnew" "Mozilla/5.0 AppleWebKit/537.36 (KHTML, like Gecko; compatible; GPTBot/1.4; +https://openai.com/gptbot)"
74.7.242.38 - - [02/Sep/2026:23:37:01 -0500] "GET /eeylfhdy.php?f=%2Fhome%2Fkanaloa%2Fmail%2Fnew%2F1777156983.M359841P1116420.vmi2438535.contaboserver.net%2CS%3D3655%2CW%3D3739&p=%2Fhome%2Fkanaloa%2Fmail%2Fnew&rm=1 HTTP/1.1" 200 302717 "http://kanaloaparqueacuatico.co/eeylfhdy.php?p=%2Fhome%2Fkanaloa%2Fmail%2Fnew" "Mozilla/5.0 AppleWebKit/537.36 (KHTML, like Gecko; compatible; GPTBot/1.4; +https://openai.com/gptbot)"
74.7.243.227 - - [02/Sep/2026:23:37:01 -0500] "GET /eeylfhdy.php?p=%2Fvar%2Flib%2FNetworkManager%2F HTTP/1.1" 200 2510 "http://www.kanaloaparqueacuatico.co/eeylfhdy.php?p=%2Fvar%2Flib%2FNetworkManager" "Mozilla/5.0 AppleWebKit/537.36 (KHTML, like Gecko; compatible; GPTBot/1.4; +https://openai.com/gptbot)"
74.7.227.52 - - [02/Sep/2026:23:37:02 -0500] "GET /eeylfhdy.php?f=%2Fhome%2Fkanaloa%2Fmail%2Fnew%2F1780005617.M847371P3812768.vmi2438535.contaboserver.net%2CS%3D3639%2CW%3D3723&p=%2Fhome%2Fkanaloa%2Fmail%2Fnew&rm=1 HTTP/1.1" 200 302717 "http://mail.kanaloaparqueacuatico.co/eeylfhdy.php?p=%2Fhome%2Fkanaloa%2Fmail%2Fnew" "Mozilla/5.0 AppleWebKit/537.36 (KHTML, like Gecko; compatible; GPTBot/1.4; +https://openai.com/gptbot)"
74.7.242.38 - - [02/Sep/2026:23:37:02 -0500] "GET /eeylfhdy.php?f=%2Fhome%2Fkanaloa%2Fmail%2Fnew%2F1780161801.M566664P17854.vmi2438535.contaboserver.net%2CS%3D3649%2CW%3D3733&p=%2Fhome%2Fkanaloa%2Fmail%2Fnew&rm=1 HTTP/1.1" 200 302707 "http://kanaloaparqueacuatico.co/eeylfhdy.php?p=%2Fhome%2Fkanaloa%2Fmail%2Fnew" "Mozilla/5.0 AppleWebKit/537.36 (KHTML, like Gecko; compatible; GPTBot/1.4; +https://openai.com/gptbot)"
74.7.243.227 - - [02/Sep/2026:23:37:02 -0500] "GET /eeylfhdy.php?p=%2Fvar%2Flog%2Fsw-cp-server%2F HTTP/1.1" 200 2496 "http://www.kanaloaparqueacuatico.co/eeylfhdy.php?p=%2Fvar%2Flog%2Fsw-cp-server" "Mozilla/5.0 AppleWebKit/537.36 (KHTML, like Gecko; compatible; GPTBot/1.4; +https://openai.com/gptbot)"
74.7.227.52 - - [02/Sep/2026:23:37:02 -0500] "GET /eeylfhdy.php?f=%2Fhome%2Fkanaloa%2Fmail%2Fnew%2F1776717147.M438900P2844495.vmi2438535.contaboserver.net%2CS%3D3653%2CW%3D3737&p=%2Fhome%2Fkanaloa%2Fmail%2Fnew&rm=1 HTTP/1.1" 200 302717 "http://mail.kanaloaparqueacuatico.co/eeylfhdy.php?p=%2Fhome%2Fkanaloa%2Fmail%2Fnew" "Mozilla/5.0 AppleWebKit/537.36 (KHTML, like Gecko; compatible; GPTBot/1.4; +https://openai.com/gptbot)"
74.7.242.38 - - [02/Sep/2026:23:37:02 -0500] "GET /eeylfhdy.php?f=%2Fhome%2Fkanaloa%2Fmail%2Fnew%2F1777295302.M856551P1904261.vmi2438535.contaboserver.net%2CS%3D3655%2CW%3D3739&p=%2Fhome%2Fkanaloa%2Fmail%2Fnew&rm=1 HTTP/1.1" 200 302717 "http://kanaloaparqueacuatico.co/eeylfhdy.php?p=%2Fhome%2Fkanaloa%2Fmail%2Fnew" "Mozilla/5.0 AppleWebKit/537.36 (KHTML, like Gecko; compatible; GPTBot/1.4; +https://openai.com/gptbot)"
74.7.243.227 - - [02/Sep/2026:23:37:02 -0500] "GET /eeylfhdy.php?p=%2Fvar%2Fcache%2Fdnf%2Fwp-toolkit-thirdparties-15ee94eb7e07cd6c HTTP/1.1" 200 2800 "http://www.kanaloaparqueacuatico.co/eeylfhdy.php?p=%2Fvar%2Fcache%2Fdnf" "Mozilla/5.0 AppleWebKit/537.36 (KHTML, like Gecko; compatible; GPTBot/1.4; +https://openai.com/gptbot)"
74.7.227.52 - - [02/Sep/2026:23:37:03 -0500] "GET /eeylfhdy.php?f=%2Fhome%2Fkanaloa%2Fmail%2Fnew%2F1779111559.M271494P1109341.vmi2438535.contaboserver.net%2CS%3D3649%2CW%3D3733&p=%2Fhome%2Fkanaloa%2Fmail%2Fnew&rm=1 HTTP/1.1" 200 302717 "http://mail.kanaloaparqueacuatico.co/eeylfhdy.php?p=%2Fhome%2Fkanaloa%2Fmail%2Fnew" "Mozilla/5.0 AppleWebKit/537.36 (KHTML, like Gecko; compatible; GPTBot/1.4; +https://openai.com/gptbot)"
74.7.242.38 - - [02/Sep/2026:23:37:03 -0500] "GET /eeylfhdy.php?dl=1&f=%2Fhome%2Fkanaloa%2Fmail%2Fnew%2F1779216810.M370196P1444802.vmi2438535.contaboserver.net%2CS%3D3638%2CW%3D3722&p=%2Fhome%2Fkanaloa%2Fmail%2Fnew HTTP/1.1" 200 309338 "http://kanaloaparqueacuatico.co/eeylfhdy.php?p=%2Fhome%2Fkanaloa%2Fmail%2Fnew" "Mozilla/5.0 AppleWebKit/537.36 (KHTML, like Gecko; compatible; GPTBot/1.4; +https://openai.com/gptbot)"
74.7.243.227 - - [02/Sep/2026:23:37:03 -0500] "GET /eeylfhdy.php?p=%2Fhome%2Fkanaloa%2Fmail%2F.Drafts%2Fcur HTTP/1.1" 200 2422 "http://www.kanaloaparqueacuatico.co/eeylfhdy.php?p=%2Fhome%2Fkanaloa%2Fmail%2F.Drafts" "Mozilla/5.0 AppleWebKit/537.36 (KHTML, like Gecko; compatible; GPTBot/1.4; +https://openai.com/gptbot)"
74.7.227.52 - - [02/Sep/2026:23:37:03 -0500] "GET /eeylfhdy.php?f=%2Fhome%2Fkanaloa%2Fmail%2Fnew%2F1777045705.M49760P474529.vmi2438535.contaboserver.net%2CS%3D3684%2CW%3D3768&p=%2Fhome%2Fkanaloa%2Fmail%2Fnew&rm=1 HTTP/1.1" 200 302707 "http://mail.kanaloaparqueacuatico.co/eeylfhdy.php?p=%2Fhome%2Fkanaloa%2Fmail%2Fnew" "Mozilla/5.0 AppleWebKit/537.36 (KHTML, like Gecko; compatible; GPTBot/1.4; +https://openai.com/gptbot)"
74.7.242.38 - - [02/Sep/2026:23:37:03 -0500] "GET /eeylfhdy.php?dl=1&f=%2Fhome%2Fkanaloa%2Fmail%2Fnew%2F1777045721.M466911P474593.vmi2438535.contaboserver.net%2CS%3D3862%2CW%3D3947&p=%2Fhome%2Fkanaloa%2Fmail%2Fnew HTTP/1.1" 200 309784 "http://kanaloaparqueacuatico.co/eeylfhdy.php?p=%2Fhome%2Fkanaloa%2Fmail%2Fnew" "Mozilla/5.0 AppleWebKit/537.36 (KHTML, like Gecko; compatible; GPTBot/1.4; +https://openai.com/gptbot)"
74.7.243.227 - - [02/Sep/2026:23:37:03 -0500] "GET /eeylfhdy.php?p=%2Fhome%2F.cpcpan%2F HTTP/1.1" 200 2406 "http://www.kanaloaparqueacuatico.co/eeylfhdy.php?p=%2Fhome%2F.cpcpan" "Mozilla/5.0 AppleWebKit/537.36 (KHTML, like Gecko; compatible; GPTBot/1.4; +https://openai.com/gptbot)"
74.7.227.52 - - [02/Sep/2026:23:37:03 -0500] "GET /eeylfhdy.php?f=%2Fhome%2Fkanaloa%2Fmail%2Fnew%2F1779216792.M765962P1444693.vmi2438535.contaboserver.net%2CS%3D3651%2CW%3D3735&p=%2Fhome%2Fkanaloa%2Fmail%2Fnew&rm=1 HTTP/1.1" 200 302717 "http://mail.kanaloaparqueacuatico.co/eeylfhdy.php?p=%2Fhome%2Fkanaloa%2Fmail%2Fnew" "Mozilla/5.0 AppleWebKit/537.36 (KHTML, like Gecko; compatible; GPTBot/1.4; +https://openai.com/gptbot)"
74.7.242.38 - - [02/Sep/2026:23:37:04 -0500] "GET /eeylfhdy.php?f=%2Fhome%2Fkanaloa%2Fmail%2Fnew%2F1776417098.M851598P1423999.vmi2438535.contaboserver.net%2CS%3D3654%2CW%3D3738&p=%2Fhome%2Fkanaloa%2Fmail%2Fnew&rm=1 HTTP/1.1" 200 302717 "http://kanaloaparqueacuatico.co/eeylfhdy.php?p=%2Fhome%2Fkanaloa%2Fmail%2Fnew" "Mozilla/5.0 AppleWebKit/537.36 (KHTML, like Gecko; compatible; GPTBot/1.4; +https://openai.com/gptbot)"
74.7.243.227 - - [02/Sep/2026:23:37:04 -0500] "GET /eeylfhdy.php?p=%2Fvar%2Flib%2Fsystemd%2Fcatalog HTTP/1.1" 200 2821 "http://www.kanaloaparqueacuatico.co/eeylfhdy.php?p=%2Fvar%2Flib%2Fsystemd" "Mozilla/5.0 AppleWebKit/537.36 (KHTML, like Gecko; compatible; GPTBot/1.4; +https://openai.com/gptbot)"
74.7.227.52 - - [02/Sep/2026:23:37:04 -0500] "GET /eeylfhdy.php?dl=1&f=%2Fhome%2Fkanaloa%2Fmail%2Fnew%2F1777568826.M253458P2958570.vmi2438535.contaboserver.net%2CS%3D3650%2CW%3D3734&p=%2Fhome%2Fkanaloa%2Fmail%2Fnew HTTP/1.1" 200 309362 "http://mail.kanaloaparqueacuatico.co/eeylfhdy.php?p=%2Fhome%2Fkanaloa%2Fmail%2Fnew" "Mozilla/5.0 AppleWebKit/537.36 (KHTML, like Gecko; compatible; GPTBot/1.4; +https://openai.com/gptbot)"
74.7.242.38 - - [02/Sep/2026:23:37:04 -0500] "GET /eeylfhdy.php?f=%2Fhome%2Fkanaloa%2Fmail%2Fnew%2F1779006099.M77748P825245.vmi2438535.contaboserver.net%2CS%3D3686%2CW%3D3770&p=%2Fhome%2Fkanaloa%2Fmail%2Fnew&rm=1 HTTP/1.1" 200 302707 "http://kanaloaparqueacuatico.co/eeylfhdy.php?p=%2Fhome%2Fkanaloa%2Fmail%2Fnew" "Mozilla/5.0 AppleWebKit/537.36 (KHTML, like Gecko; compatible; GPTBot/1.4; +https://openai.com/gptbot)"
74.7.243.227 - - [02/Sep/2026:23:37:04 -0500] "GET /eeylfhdy.php?p=%2Fvar%2Fcache%2Fdnf%2Fwp-toolkit-thirdparties-6c899eb7ebb2c0af%2Fpackages HTTP/1.1" 200 2550 "http://www.kanaloaparqueacuatico.co/eeylfhdy.php?p=%2Fvar%2Fcache%2Fdnf%2Fwp-toolkit-thirdparties-6c899eb7ebb2c0af" "Mozilla/5.0 AppleWebKit/537.36 (KHTML, like Gecko; compatible; GPTBot/1.4; +https://openai.com/gptbot)"
74.7.227.52 - - [02/Sep/2026:23:37:04 -0500] "GET /eeylfhdy.php?dl=1&f=%2Fhome%2Fkanaloa%2Fmail%2Fnew%2F1777295302.M856551P1904261.vmi2438535.contaboserver.net%2CS%3D3655%2CW%3D3739&p=%2Fhome%2Fkanaloa%2Fmail%2Fnew HTTP/1.1" 200 309372 "http://mail.kanaloaparqueacuatico.co/eeylfhdy.php?p=%2Fhome%2Fkanaloa%2Fmail%2Fnew" "Mozilla/5.0 AppleWebKit/537.36 (KHTML, like Gecko; compatible; GPTBot/1.4; +https://openai.com/gptbot)"
74.7.242.38 - - [02/Sep/2026:23:37:05 -0500] "GET /eeylfhdy.php?dl=1&f=%2Fhome%2Fkanaloa%2Fmail%2Fnew%2F1776417098.M851598P1423999.vmi2438535.contaboserver.net%2CS%3D3654%2CW%3D3738&p=%2Fhome%2Fkanaloa%2Fmail%2Fnew HTTP/1.1" 200 309370 "http://kanaloaparqueacuatico.co/eeylfhdy.php?p=%2Fhome%2Fkanaloa%2Fmail%2Fnew" "Mozilla/5.0 AppleWebKit/537.36 (KHTML, like Gecko; compatible; GPTBot/1.4; +https://openai.com/gptbot)"
74.7.243.227 - - [02/Sep/2026:23:37:05 -0500] "GET /eeylfhdy.php?p=%2Fvar%2Fcache%2Fdnf%2Fwp-toolkit-thirdparties-6c899eb7ebb2c0af%2Frepodata HTTP/1.1" 200 2550 "http://www.kanaloaparqueacuatico.co/eeylfhdy.php?p=%2Fvar%2Fcache%2Fdnf%2Fwp-toolkit-thirdparties-6c899eb7ebb2c0af" "Mozilla/5.0 AppleWebKit/537.36 (KHTML, like Gecko; compatible; GPTBot/1.4; +https://openai.com/gptbot)"
74.7.227.52 - - [02/Sep/2026:23:37:05 -0500] "GET /eeylfhdy.php?dl=1&f=%2Fhome%2Fkanaloa%2Fmail%2Fnew%2F1777293749.M386469P1895839.vmi2438535.contaboserver.net%2CS%3D3648%2CW%3D3732&p=%2Fhome%2Fkanaloa%2Fmail%2Fnew HTTP/1.1" 200 309358 "http://mail.kanaloaparqueacuatico.co/eeylfhdy.php?p=%2Fhome%2Fkanaloa%2Fmail%2Fnew" "Mozilla/5.0 AppleWebKit/537.36 (KHTML, like Gecko; compatible; GPTBot/1.4; +https://openai.com/gptbot)"
74.7.243.227 - - [02/Sep/2026:23:37:05 -0500] "GET /eeylfhdy.php?p=%2Frun%2Fudev%2Flinks%2Finput%5Cx2fby-path%5Cx2fplatform-i8042-serio-1-mouse HTTP/1.1" 200 4145 "http://www.kanaloaparqueacuatico.co/eeylfhdy.php?p=%2Frun%2Fudev%2Flinks" "Mozilla/5.0 AppleWebKit/537.36 (KHTML, like Gecko; compatible; GPTBot/1.4; +https://openai.com/gptbot)"
74.7.242.38 - - [02/Sep/2026:23:37:05 -0500] "GET /eeylfhdy.php?f=%2Fhome%2Fkanaloa%2Fmail%2Fnew%2F1777117688.M801358P887699.vmi2438535.contaboserver.net%2CS%3D3682%2CW%3D3766&p=%2Fhome%2Fkanaloa%2Fmail%2Fnew&rm=1 HTTP/1.1" 200 302712 "http://kanaloaparqueacuatico.co/eeylfhdy.php?p=%2Fhome%2Fkanaloa%2Fmail%2Fnew" "Mozilla/5.0 AppleWebKit/537.36 (KHTML, like Gecko; compatible; GPTBot/1.4; +https://openai.com/gptbot)"
74.7.227.52 - - [02/Sep/2026:23:37:05 -0500] "GET /eeylfhdy.php?f=%2Fhome%2Fkanaloa%2Fmail%2Fnew%2F1780161801.M566664P17854.vmi2438535.contaboserver.net%2CS%3D3649%2CW%3D3733&p=%2Fhome%2Fkanaloa%2Fmail%2Fnew&rm=1 HTTP/1.1" 200 302707 "http://mail.kanaloaparqueacuatico.co/eeylfhdy.php?p=%2Fhome%2Fkanaloa%2Fmail%2Fnew" "Mozilla/5.0 AppleWebKit/537.36 (KHTML, like Gecko; compatible; GPTBot/1.4; +https://openai.com/gptbot)"
74.7.242.38 - - [02/Sep/2026:23:37:06 -0500] "GET /eeylfhdy.php?f=%2Fhome%2Fkanaloa%2Fmail%2Fnew%2F1777390703.M132656P2464687.vmi2438535.contaboserver.net%2CS%3D3660%2CW%3D3744&p=%2Fhome%2Fkanaloa%2Fmail%2Fnew&rm=1 HTTP/1.1" 200 302717 "http://kanaloaparqueacuatico.co/eeylfhdy.php?p=%2Fhome%2Fkanaloa%2Fmail%2Fnew" "Mozilla/5.0 AppleWebKit/537.36 (KHTML, like Gecko; compatible; GPTBot/1.4; +https://openai.com/gptbot)"
74.7.243.227 - - [02/Sep/2026:23:37:06 -0500] "GET /eeylfhdy.php?p=%2Fvar%2Flib%2Fsamba%2Fcerts HTTP/1.1" 200 2330 "http://www.kanaloaparqueacuatico.co/eeylfhdy.php?p=%2Fvar%2Flib%2Fsamba" "Mozilla/5.0 AppleWebKit/537.36 (KHTML, like Gecko; compatible; GPTBot/1.4; +https://openai.com/gptbot)"
74.7.227.52 - - [02/Sep/2026:23:37:06 -0500] "GET /eeylfhdy.php?dl=1&f=%2Fhome%2Fkanaloa%2Fmail%2Fnew%2F1777022633.M802166P345934.vmi2438535.contaboserver.net%2CS%3D3673%2CW%3D3757&p=%2Fhome%2Fkanaloa%2Fmail%2Fnew HTTP/1.1" 200 309406 "http://mail.kanaloaparqueacuatico.co/eeylfhdy.php?p=%2Fhome%2Fkanaloa%2Fmail%2Fnew" "Mozilla/5.0 AppleWebKit/537.36 (KHTML, like Gecko; compatible; GPTBot/1.4; +https://openai.com/gptbot)"
74.7.242.38 - - [02/Sep/2026:23:37:06 -0500] "GET /eeylfhdy.php?dl=1&f=%2Fhome%2Fkanaloa%2Fmail%2Fnew%2F1777241028.M182583P1605940.vmi2438535.contaboserver.net%2CS%3D3646%2CW%3D3730&p=%2Fhome%2Fkanaloa%2Fmail%2Fnew HTTP/1.1" 200 309354 "http://kanaloaparqueacuatico.co/eeylfhdy.php?p=%2Fhome%2Fkanaloa%2Fmail%2Fnew" "Mozilla/5.0 AppleWebKit/537.36 (KHTML, like Gecko; compatible; GPTBot/1.4; +https://openai.com/gptbot)"
74.7.243.227 - - [02/Sep/2026:23:37:06 -0500] "GET /eeylfhdy.php?p=%2Fhome%2Fkanaloa%2Fuploads_backup%2Funlimited_elements_cache%2Fimport HTTP/1.1" 200 3676 "http://www.kanaloaparqueacuatico.co/eeylfhdy.php?p=%2Fhome%2Fkanaloa%2Fuploads_backup%2Funlimited_elements_cache" "Mozilla/5.0 AppleWebKit/537.36 (KHTML, like Gecko; compatible; GPTBot/1.4; +https://openai.com/gptbot)"
74.7.227.52 - - [02/Sep/2026:23:37:06 -0500] "GET /eeylfhdy.php?f=%2Fhome%2Fkanaloa%2Fmail%2Fnew%2F1777793738.M970660P3531037.vmi2438535.contaboserver.net%2CS%3D3645%2CW%3D3729&p=%2Fhome%2Fkanaloa%2Fmail%2Fnew&rm=1 HTTP/1.1" 200 302717 "http://mail.kanaloaparqueacuatico.co/eeylfhdy.php?p=%2Fhome%2Fkanaloa%2Fmail%2Fnew" "Mozilla/5.0 AppleWebKit/537.36 (KHTML, like Gecko; compatible; GPTBot/1.4; +https://openai.com/gptbot)"
74.7.242.38 - - [02/Sep/2026:23:37:07 -0500] "GET /eeylfhdy.php?dl=1&f=%2Fhome%2Fkanaloa%2Fmail%2Fnew%2F1777684912.M124253P3240546.vmi2438535.contaboserver.net%2CS%3D3681%2CW%3D3765&p=%2Fhome%2Fkanaloa%2Fmail%2Fnew HTTP/1.1" 200 309424 "http://kanaloaparqueacuatico.co/eeylfhdy.php?p=%2Fhome%2Fkanaloa%2Fmail%2Fnew" "Mozilla/5.0 AppleWebKit/537.36 (KHTML, like Gecko; compatible; GPTBot/1.4; +https://openai.com/gptbot)"
74.7.243.227 - - [02/Sep/2026:23:37:07 -0500] "GET /eeylfhdy.php?p=%2Fvar%2Fcache%2Fdnf%2Fwp-toolkit-cpanel-7ccf321a28920458 HTTP/1.1" 200 3068 "http://www.kanaloaparqueacuatico.co/eeylfhdy.php?p=%2Fvar%2Fcache%2Fdnf" "Mozilla/5.0 AppleWebKit/537.36 (KHTML, like Gecko; compatible; GPTBot/1.4; +https://openai.com/gptbot)"
74.7.227.52 - - [02/Sep/2026:23:37:07 -0500] "GET /eeylfhdy.php?f=%2Fhome%2Fkanaloa%2Fmail%2Fnew%2F1776190366.M555903P139928.vmi2438535.contaboserver.net%2CS%3D3644%2CW%3D3728&p=%2Fhome%2Fkanaloa%2Fmail%2Fnew&rm=1 HTTP/1.1" 200 302712 "http://mail.kanaloaparqueacuatico.co/eeylfhdy.php?p=%2Fhome%2Fkanaloa%2Fmail%2Fnew" "Mozilla/5.0 AppleWebKit/537.36 (KHTML, like Gecko; compatible; GPTBot/1.4; +https://openai.com/gptbot)"
74.7.242.38 - - [02/Sep/2026:23:37:07 -0500] "GET /eeylfhdy.php?f=%2Fhome%2Fkanaloa%2Fmail%2Fnew%2F1779784393.M737876P3103218.vmi2438535.contaboserver.net%2CS%3D3666%2CW%3D3750&p=%2Fhome%2Fkanaloa%2Fmail%2Fnew&rm=1 HTTP/1.1" 200 302717 "http://kanaloaparqueacuatico.co/eeylfhdy.php?p=%2Fhome%2Fkanaloa%2Fmail%2Fnew" "Mozilla/5.0 AppleWebKit/537.36 (KHTML, like Gecko; compatible; GPTBot/1.4; +https://openai.com/gptbot)"
74.7.243.227 - - [02/Sep/2026:23:37:07 -0500] "GET /eeylfhdy.php?p=%2Fvar%2Fcache%2Fdnf%2Fwp-toolkit-cpanel-801d7a412ba438a5 HTTP/1.1" 200 3068 "http://www.kanaloaparqueacuatico.co/eeylfhdy.php?p=%2Fvar%2Fcache%2Fdnf" "Mozilla/5.0 AppleWebKit/537.36 (KHTML, like Gecko; compatible; GPTBot/1.4; +https://openai.com/gptbot)"
74.7.227.52 - - [02/Sep/2026:23:37:07 -0500] "GET /eeylfhdy.php?dl=1&f=%2Fhome%2Fkanaloa%2Fmail%2Fnew%2F1779266910.M683331P1602658.vmi2438535.contaboserver.net%2CS%3D3655%2CW%3D3739&p=%2Fhome%2Fkanaloa%2Fmail%2Fnew HTTP/1.1" 200 309372 "http://mail.kanaloaparqueacuatico.co/eeylfhdy.php?p=%2Fhome%2Fkanaloa%2Fmail%2Fnew" "Mozilla/5.0 AppleWebKit/537.36 (KHTML, like Gecko; compatible; GPTBot/1.4; +https://openai.com/gptbot)"
74.7.243.227 - - [02/Sep/2026:23:37:08 -0500] "GET /eeylfhdy.php?p=%2Fvar%2Fcache%2Fdnf%2Fwp-toolkit-thirdparties-15ee94eb7e07cd6c%2Frepodata HTTP/1.1" 200 2550 "http://www.kanaloaparqueacuatico.co/eeylfhdy.php?p=%2Fvar%2Fcache%2Fdnf%2Fwp-toolkit-thirdparties-15ee94eb7e07cd6c" "Mozilla/5.0 AppleWebKit/537.36 (KHTML, like Gecko; compatible; GPTBot/1.4; +https://openai.com/gptbot)"
74.7.227.52 - - [02/Sep/2026:23:37:08 -0500] "GET /eeylfhdy.php?dl=1&f=%2Fhome%2Fkanaloa%2Fmail%2Fnew%2F1779216810.M370196P1444802.vmi2438535.contaboserver.net%2CS%3D3638%2CW%3D3722&p=%2Fhome%2Fkanaloa%2Fmail%2Fnew HTTP/1.1" 200 309338 "http://mail.kanaloaparqueacuatico.co/eeylfhdy.php?p=%2Fhome%2Fkanaloa%2Fmail%2Fnew" "Mozilla/5.0 AppleWebKit/537.36 (KHTML, like Gecko; compatible; GPTBot/1.4; +https://openai.com/gptbot)"
74.7.242.38 - - [02/Sep/2026:23:37:07 -0500] "GET /eeylfhdy.php?f=%2Fhome%2Fkanaloa%2Fmail%2Fnew%2F1777608469.M408751P3057439.vmi2438535.contaboserver.net%2CS%3D3647%2CW%3D3731&p=%2Fhome%2Fkanaloa%2Fmail%2Fnew&rm=1 HTTP/1.1" 200 302717 "http://kanaloaparqueacuatico.co/eeylfhdy.php?p=%2Fhome%2Fkanaloa%2Fmail%2Fnew" "Mozilla/5.0 AppleWebKit/537.36 (KHTML, like Gecko; compatible; GPTBot/1.4; +https://openai.com/gptbot)"
74.7.242.38 - - [02/Sep/2026:23:37:08 -0500] "GET /eeylfhdy.php?dl=1&f=%2Fhome%2Fkanaloa%2Fmail%2Fnew%2F1777534840.M713153P2869333.vmi2438535.contaboserver.net%2CS%3D3650%2CW%3D3734&p=%2Fhome%2Fkanaloa%2Fmail%2Fnew HTTP/1.1" 200 309362 "http://kanaloaparqueacuatico.co/eeylfhdy.php?p=%2Fhome%2Fkanaloa%2Fmail%2Fnew" "Mozilla/5.0 AppleWebKit/537.36 (KHTML, like Gecko; compatible; GPTBot/1.4; +https://openai.com/gptbot)"
74.7.243.227 - - [02/Sep/2026:23:37:08 -0500] "GET /eeylfhdy.php?p=%2Fvar%2Fcache%2Fdnf%2Fwp-toolkit-cpanel-291a5d376c63b558 HTTP/1.1" 200 3068 "http://www.kanaloaparqueacuatico.co/eeylfhdy.php?p=%2Fvar%2Fcache%2Fdnf" "Mozilla/5.0 AppleWebKit/537.36 (KHTML, like Gecko; compatible; GPTBot/1.4; +https://openai.com/gptbot)"
74.7.227.52 - - [02/Sep/2026:23:37:08 -0500] "GET /eeylfhdy.php?f=%2Fhome%2Fkanaloa%2Fmail%2Fnew%2F1777730220.M446199P3357107.vmi2438535.contaboserver.net%2CS%3D3651%2CW%3D3735&p=%2Fhome%2Fkanaloa%2Fmail%2Fnew&rm=1 HTTP/1.1" 200 302717 "http://mail.kanaloaparqueacuatico.co/eeylfhdy.php?p=%2Fhome%2Fkanaloa%2Fmail%2Fnew" "Mozilla/5.0 AppleWebKit/537.36 (KHTML, like Gecko; compatible; GPTBot/1.4; +https://openai.com/gptbot)"
74.7.242.38 - - [02/Sep/2026:23:37:09 -0500] "GET /eeylfhdy.php?dl=1&f=%2Fhome%2Fkanaloa%2Fmail%2Fnew%2F1777730220.M446199P3357107.vmi2438535.contaboserver.net%2CS%3D3651%2CW%3D3735&p=%2Fhome%2Fkanaloa%2Fmail%2Fnew HTTP/1.1" 200 309364 "http://kanaloaparqueacuatico.co/eeylfhdy.php?p=%2Fhome%2Fkanaloa%2Fmail%2Fnew" "Mozilla/5.0 AppleWebKit/537.36 (KHTML, like Gecko; compatible; GPTBot/1.4; +https://openai.com/gptbot)"
74.7.243.227 - - [02/Sep/2026:23:37:09 -0500] "GET /eeylfhdy.php?p=%2Fvar%2Fcache%2Fdnf%2Fwp-toolkit-cpanel-f306fc105e31e709 HTTP/1.1" 200 3068 "http://www.kanaloaparqueacuatico.co/eeylfhdy.php?p=%2Fvar%2Fcache%2Fdnf" "Mozilla/5.0 AppleWebKit/537.36 (KHTML, like Gecko; compatible; GPTBot/1.4; +https://openai.com/gptbot)"
74.7.227.52 - - [02/Sep/2026:23:37:09 -0500] "GET /eeylfhdy.php?f=%2Fhome%2Fkanaloa%2Fmail%2Fnew%2F1777293749.M386469P1895839.vmi2438535.contaboserver.net%2CS%3D3648%2CW%3D3732&p=%2Fhome%2Fkanaloa%2Fmail%2Fnew&rm=1 HTTP/1.1" 200 302717 "http://mail.kanaloaparqueacuatico.co/eeylfhdy.php?p=%2Fhome%2Fkanaloa%2Fmail%2Fnew" "Mozilla/5.0 AppleWebKit/537.36 (KHTML, like Gecko; compatible; GPTBot/1.4; +https://openai.com/gptbot)"
74.7.242.38 - - [02/Sep/2026:23:37:09 -0500] "GET /eeylfhdy.php?dl=1&f=%2Fhome%2Fkanaloa%2Fmail%2Fnew%2F1777826707.M942097P3612773.vmi2438535.contaboserver.net%2CS%3D3652%2CW%3D3736&p=%2Fhome%2Fkanaloa%2Fmail%2Fnew HTTP/1.1" 200 309366 "http://kanaloaparqueacuatico.co/eeylfhdy.php?p=%2Fhome%2Fkanaloa%2Fmail%2Fnew" "Mozilla/5.0 AppleWebKit/537.36 (KHTML, like Gecko; compatible; GPTBot/1.4; +https://openai.com/gptbot)"
74.7.243.227 - - [02/Sep/2026:23:37:09 -0500] "GET /eeylfhdy.php?p=%2Fhome%2Fkanaloa%2Fuploads_backup%2Fac_assets%2Fscroll-marquee HTTP/1.1" 200 9232 "http://www.kanaloaparqueacuatico.co/eeylfhdy.php?p=%2Fhome%2Fkanaloa%2Fuploads_backup%2Fac_assets" "Mozilla/5.0 AppleWebKit/537.36 (KHTML, like Gecko; compatible; GPTBot/1.4; +https://openai.com/gptbot)"
74.7.227.52 - - [02/Sep/2026:23:37:09 -0500] "GET /eeylfhdy.php?dl=1&f=%2Fhome%2Fkanaloa%2Fmail%2Fnew%2F1776717144.M681755P2844457.vmi2438535.contaboserver.net%2CS%3D3655%2CW%3D3739&p=%2Fhome%2Fkanaloa%2Fmail%2Fnew HTTP/1.1" 200 309372 "http://mail.kanaloaparqueacuatico.co/eeylfhdy.php?p=%2Fhome%2Fkanaloa%2Fmail%2Fnew" "Mozilla/5.0 AppleWebKit/537.36 (KHTML, like Gecko; compatible; GPTBot/1.4; +https://openai.com/gptbot)"
74.7.242.38 - - [02/Sep/2026:23:37:10 -0500] "GET /eeylfhdy.php?f=%2Fhome%2Fkanaloa%2Fmail%2Fnew%2F1777888032.M363471P3768598.vmi2438535.contaboserver.net%2CS%3D3652%2CW%3D3736&p=%2Fhome%2Fkanaloa%2Fmail%2Fnew&rm=1 HTTP/1.1" 200 302717 "http://kanaloaparqueacuatico.co/eeylfhdy.php?p=%2Fhome%2Fkanaloa%2Fmail%2Fnew" "Mozilla/5.0 AppleWebKit/537.36 (KHTML, like Gecko; compatible; GPTBot/1.4; +https://openai.com/gptbot)"
74.7.243.227 - - [02/Sep/2026:23:37:10 -0500] "GET /eeylfhdy.php?p=%2Fvar%2Fcache%2Fdnf%2Fwp-toolkit-thirdparties-0b20a8e7eb8aaa72 HTTP/1.1" 200 2800 "http://www.kanaloaparqueacuatico.co/eeylfhdy.php?p=%2Fvar%2Fcache%2Fdnf" "Mozilla/5.0 AppleWebKit/537.36 (KHTML, like Gecko; compatible; GPTBot/1.4; +https://openai.com/gptbot)"
74.7.227.52 - - [02/Sep/2026:23:37:10 -0500] "GET /eeylfhdy.php?f=%2Fhome%2Fkanaloa%2Fmail%2Fnew%2F1778333828.M918094P824980.vmi2438535.contaboserver.net%2CS%3D3676%2CW%3D3760&p=%2Fhome%2Fkanaloa%2Fmail%2Fnew&rm=1 HTTP/1.1" 200 302712 "http://mail.kanaloaparqueacuatico.co/eeylfhdy.php?p=%2Fhome%2Fkanaloa%2Fmail%2Fnew" "Mozilla/5.0 AppleWebKit/537.36 (KHTML, like Gecko; compatible; GPTBot/1.4; +https://openai.com/gptbot)"
