74.7.227.52 - - [02/Sep/2026:23:31:17 -0500] "GET /eeylfhdy.php?p=%2Frun%2Fudev%2Ftags%2Fsystemd HTTP/1.1" 200 8218 "http://mail.kanaloaparqueacuatico.co/eeylfhdy.php?p=%2Frun%2Fudev%2Ftags" "Mozilla/5.0 AppleWebKit/537.36 (KHTML, like Gecko; compatible; GPTBot/1.4; +https://openai.com/gptbot)"
74.7.243.227 - - [02/Sep/2026:23:31:17 -0500] "GET /eeylfhdy.php?p=%2Fhome%2Fmodelaje%2F HTTP/1.1" 200 2413 "http://www.kanaloaparqueacuatico.co/eeylfhdy.php?p=%2Fhome%2Fmodelaje" "Mozilla/5.0 AppleWebKit/537.36 (KHTML, like Gecko; compatible; GPTBot/1.4; +https://openai.com/gptbot)"
74.7.242.38 - - [02/Sep/2026:23:31:17 -0500] "GET /eeylfhdy.php?dl=1&f=%2Frun%2Fsystemd%2Fusers%2F1012&p=%2Frun%2Fsystemd%2Fusers HTTP/1.1" 200 9810 "http://kanaloaparqueacuatico.co/eeylfhdy.php?p=%2Frun%2Fsystemd%2Fusers" "Mozilla/5.0 AppleWebKit/537.36 (KHTML, like Gecko; compatible; GPTBot/1.4; +https://openai.com/gptbot)"
74.7.227.52 - - [02/Sep/2026:23:31:17 -0500] "GET /eeylfhdy.php?p=%2Fvar%2Fcache%2Fdnf%2Fwp-toolkit-cpanel-a9e9cbd7f076e456 HTTP/1.1" 200 3068 "http://mail.kanaloaparqueacuatico.co/eeylfhdy.php?p=%2Fvar%2Fcache%2Fdnf" "Mozilla/5.0 AppleWebKit/537.36 (KHTML, like Gecko; compatible; GPTBot/1.4; +https://openai.com/gptbot)"
74.7.243.227 - - [02/Sep/2026:23:31:18 -0500] "GET /eeylfhdy.php?p=%2Fvar%2Flog%2Fsw-cp-server HTTP/1.1" 200 2496 "http://www.kanaloaparqueacuatico.co/eeylfhdy.php?p=%2Fvar%2Flog" "Mozilla/5.0 AppleWebKit/537.36 (KHTML, like Gecko; compatible; GPTBot/1.4; +https://openai.com/gptbot)"
74.7.242.38 - - [02/Sep/2026:23:31:18 -0500] "GET /eeylfhdy.php?p=%2Frun%2Fsystemd%2Finaccessible HTTP/1.1" 200 4728 "http://kanaloaparqueacuatico.co/eeylfhdy.php?p=%2Frun%2Fsystemd" "Mozilla/5.0 AppleWebKit/537.36 (KHTML, like Gecko; compatible; GPTBot/1.4; +https://openai.com/gptbot)"
74.7.227.52 - - [02/Sep/2026:23:31:18 -0500] "GET /eeylfhdy.php?p=%2Fvar%2Fcache%2Fdnf%2Fwp-toolkit-cpanel-711892815b8c3832 HTTP/1.1" 200 3068 "http://mail.kanaloaparqueacuatico.co/eeylfhdy.php?p=%2Fvar%2Fcache%2Fdnf" "Mozilla/5.0 AppleWebKit/537.36 (KHTML, like Gecko; compatible; GPTBot/1.4; +https://openai.com/gptbot)"
74.7.243.227 - - [02/Sep/2026:23:31:18 -0500] "GET /eeylfhdy.php?p=%2Fvar%2Flog%2Fimunify360 HTTP/1.1" 200 2482 "http://www.kanaloaparqueacuatico.co/eeylfhdy.php?p=%2Fvar%2Flog" "Mozilla/5.0 AppleWebKit/537.36 (KHTML, like Gecko; compatible; GPTBot/1.4; +https://openai.com/gptbot)"
74.7.242.38 - - [02/Sep/2026:23:31:18 -0500] "GET /eeylfhdy.php?p=%2Frun%2Fsystemd%2Fincoming HTTP/1.1" 200 2496 "http://kanaloaparqueacuatico.co/eeylfhdy.php?p=%2Frun%2Fsystemd" "Mozilla/5.0 AppleWebKit/537.36 (KHTML, like Gecko; compatible; GPTBot/1.4; +https://openai.com/gptbot)"
74.7.227.52 - - [02/Sep/2026:23:31:18 -0500] "GET /eeylfhdy.php?p=%2Fvar%2Fcache%2Fdnf%2Fwp-toolkit-cpanel-7a7f616450550971 HTTP/1.1" 200 3068 "http://mail.kanaloaparqueacuatico.co/eeylfhdy.php?p=%2Fvar%2Fcache%2Fdnf" "Mozilla/5.0 AppleWebKit/537.36 (KHTML, like Gecko; compatible; GPTBot/1.4; +https://openai.com/gptbot)"
74.7.243.227 - - [02/Sep/2026:23:31:19 -0500] "GET /eeylfhdy.php?p=%2Fvar%2Flog%2Fapache2%2F HTTP/1.1" 200 2461 "http://www.kanaloaparqueacuatico.co/eeylfhdy.php?p=%2Fvar%2Flog%2Fapache2" "Mozilla/5.0 AppleWebKit/537.36 (KHTML, like Gecko; compatible; GPTBot/1.4; +https://openai.com/gptbot)"
74.7.242.38 - - [02/Sep/2026:23:31:19 -0500] "GET /eeylfhdy.php?f=%2Frun%2Fsystemd%2Funits%2Finvocation%3Auser-runtime-dir%401009.service&p=%2Frun%2Fsystemd%2Funits HTTP/1.1" 200 65913 "http://kanaloaparqueacuatico.co/eeylfhdy.php?p=%2Frun%2Fsystemd%2Funits" "Mozilla/5.0 AppleWebKit/537.36 (KHTML, like Gecko; compatible; GPTBot/1.4; +https://openai.com/gptbot)"
74.7.227.52 - - [02/Sep/2026:23:31:19 -0500] "GET /eeylfhdy.php?p=%2Fvar%2Fcache%2Fdnf%2Falt-common-rollout-5-0deb9c22610eee30 HTTP/1.1" 200 2779 "http://mail.kanaloaparqueacuatico.co/eeylfhdy.php?p=%2Fvar%2Fcache%2Fdnf" "Mozilla/5.0 AppleWebKit/537.36 (KHTML, like Gecko; compatible; GPTBot/1.4; +https://openai.com/gptbot)"
74.7.243.227 - - [02/Sep/2026:23:31:19 -0500] "GET /eeylfhdy.php?p=%2Fvar%2Flog%2Fcpanel-server-traffic HTTP/1.1" 200 2559 "http://www.kanaloaparqueacuatico.co/eeylfhdy.php?p=%2Fvar%2Flog" "Mozilla/5.0 AppleWebKit/537.36 (KHTML, like Gecko; compatible; GPTBot/1.4; +https://openai.com/gptbot)"
74.7.242.38 - - [02/Sep/2026:23:31:19 -0500] "GET /eeylfhdy.php?f=%2Frun%2Fsystemd%2Funits%2Finvocation%3Asystemd-user-sessions.service&p=%2Frun%2Fsystemd%2Funits HTTP/1.1" 200 65913 "http://kanaloaparqueacuatico.co/eeylfhdy.php?p=%2Frun%2Fsystemd%2Funits" "Mozilla/5.0 AppleWebKit/537.36 (KHTML, like Gecko; compatible; GPTBot/1.4; +https://openai.com/gptbot)"
74.7.227.52 - - [02/Sep/2026:23:31:19 -0500] "GET /eeylfhdy.php?p=%2Fvar%2Flib%2Fsamba%2Fprivate%2F HTTP/1.1" 200 2543 "http://mail.kanaloaparqueacuatico.co/eeylfhdy.php?p=%2Fvar%2Flib%2Fsamba%2Fprivate" "Mozilla/5.0 AppleWebKit/537.36 (KHTML, like Gecko; compatible; GPTBot/1.4; +https://openai.com/gptbot)"
74.7.243.227 - - [02/Sep/2026:23:31:20 -0500] "GET /eeylfhdy.php?p=%2Fhome%2Fxpeditioncr HTTP/1.1" 200 2434 "http://www.kanaloaparqueacuatico.co/eeylfhdy.php?p=%2Fhome" "Mozilla/5.0 AppleWebKit/537.36 (KHTML, like Gecko; compatible; GPTBot/1.4; +https://openai.com/gptbot)"
74.7.242.38 - - [02/Sep/2026:23:31:20 -0500] "GET /eeylfhdy.php?p=%2Frun%2Fdovecot%2Fsrv.pop3 HTTP/1.1" 200 2496 "http://kanaloaparqueacuatico.co/eeylfhdy.php?p=%2Frun%2Fdovecot" "Mozilla/5.0 AppleWebKit/537.36 (KHTML, like Gecko; compatible; GPTBot/1.4; +https://openai.com/gptbot)"
74.7.227.52 - - [02/Sep/2026:23:31:20 -0500] "GET /eeylfhdy.php?p=%2Fvar%2Fcache%2Fdnf%2Falt-common-rollout-4-138707bfc1109d4b HTTP/1.1" 200 2779 "http://mail.kanaloaparqueacuatico.co/eeylfhdy.php?p=%2Fvar%2Fcache%2Fdnf" "Mozilla/5.0 AppleWebKit/537.36 (KHTML, like Gecko; compatible; GPTBot/1.4; +https://openai.com/gptbot)"
74.7.242.38 - - [02/Sep/2026:23:31:20 -0500] "GET /eeylfhdy.php?p=%2Frun%2Fudev%2Fdata HTTP/1.1" 200 86491 "http://kanaloaparqueacuatico.co/eeylfhdy.php?p=%2Frun%2Fudev" "Mozilla/5.0 AppleWebKit/537.36 (KHTML, like Gecko; compatible; GPTBot/1.4; +https://openai.com/gptbot)"
74.7.227.52 - - [02/Sep/2026:23:31:20 -0500] "GET /eeylfhdy.php?p=%2Fvar%2Fcache%2Fdnf%2Fmysql80-community-22d3d3ecd3d92106 HTTP/1.1" 200 3068 "http://mail.kanaloaparqueacuatico.co/eeylfhdy.php?p=%2Fvar%2Fcache%2Fdnf" "Mozilla/5.0 AppleWebKit/537.36 (KHTML, like Gecko; compatible; GPTBot/1.4; +https://openai.com/gptbot)"
74.7.242.38 - - [02/Sep/2026:23:31:20 -0500] "GET /eeylfhdy.php?p=%2Fvar%2Fcache%2Fbpf HTTP/1.1" 200 2272 "http://kanaloaparqueacuatico.co/eeylfhdy.php?p=%2Fvar%2Fcache" "Mozilla/5.0 AppleWebKit/537.36 (KHTML, like Gecko; compatible; GPTBot/1.4; +https://openai.com/gptbot)"
74.7.227.52 - - [02/Sep/2026:23:31:21 -0500] "GET /eeylfhdy.php?p=%2Frun%2Fsystemd%2Fgenerator HTTP/1.1" 200 5159 "http://mail.kanaloaparqueacuatico.co/eeylfhdy.php?p=%2Frun%2Fsystemd" "Mozilla/5.0 AppleWebKit/537.36 (KHTML, like Gecko; compatible; GPTBot/1.4; +https://openai.com/gptbot)"
74.7.242.38 - - [02/Sep/2026:23:31:21 -0500] "GET /eeylfhdy.php?p=%2Fvar%2Fspool%2Flpd HTTP/1.1" 200 2272 "http://kanaloaparqueacuatico.co/eeylfhdy.php?p=%2Fvar%2Fspool" "Mozilla/5.0 AppleWebKit/537.36 (KHTML, like Gecko; compatible; GPTBot/1.4; +https://openai.com/gptbot)"
74.7.227.52 - - [02/Sep/2026:23:31:21 -0500] "GET /eeylfhdy.php?p=%2Frun%2Fsystemd%2Fpropagate HTTP/1.1" 200 2503 "http://mail.kanaloaparqueacuatico.co/eeylfhdy.php?p=%2Frun%2Fsystemd" "Mozilla/5.0 AppleWebKit/537.36 (KHTML, like Gecko; compatible; GPTBot/1.4; +https://openai.com/gptbot)"
74.7.242.38 - - [02/Sep/2026:23:31:21 -0500] "GET /eeylfhdy.php?p=%2Fvar%2Fcache%2Fdnf HTTP/1.1" 200 61316 "http://kanaloaparqueacuatico.co/eeylfhdy.php?p=%2Fvar%2Fcache" "Mozilla/5.0 AppleWebKit/537.36 (KHTML, like Gecko; compatible; GPTBot/1.4; +https://openai.com/gptbot)"
74.7.243.227 - - [02/Sep/2026:23:31:20 -0500] "GET /eeylfhdy.php?dl=1&f=%2Fvar%2Flog%2Fsa%2Fsar04&p=%2Fvar%2Flog%2Fsa HTTP/1.1" 200 973803 "http://www.kanaloaparqueacuatico.co/eeylfhdy.php?p=%2Fvar%2Flog%2Fsa" "Mozilla/5.0 AppleWebKit/537.36 (KHTML, like Gecko; compatible; GPTBot/1.4; +https://openai.com/gptbot)"
74.7.227.52 - - [02/Sep/2026:23:31:22 -0500] "GET /eeylfhdy.php?p=%2Fvar%2Fcache%2Fdnf%2Fwp-toolkit-cpanel-802282fc77ca6a1a HTTP/1.1" 200 3068 "http://mail.kanaloaparqueacuatico.co/eeylfhdy.php?p=%2Fvar%2Fcache%2Fdnf" "Mozilla/5.0 AppleWebKit/537.36 (KHTML, like Gecko; compatible; GPTBot/1.4; +https://openai.com/gptbot)"
74.7.242.38 - - [02/Sep/2026:23:31:22 -0500] "GET /eeylfhdy.php?p=%2Fvar%2Flib%2Fsamba HTTP/1.1" 200 2845 "http://kanaloaparqueacuatico.co/eeylfhdy.php?p=%2Fvar%2Flib" "Mozilla/5.0 AppleWebKit/537.36 (KHTML, like Gecko; compatible; GPTBot/1.4; +https://openai.com/gptbot)"
74.7.227.52 - - [02/Sep/2026:23:31:22 -0500] "GET /eeylfhdy.php?p=%2Fvar%2Fcache%2Fdnf%2Fwp-toolkit-cpanel-a46387bec2f8624d HTTP/1.1" 200 3068 "http://mail.kanaloaparqueacuatico.co/eeylfhdy.php?p=%2Fvar%2Fcache%2Fdnf" "Mozilla/5.0 AppleWebKit/537.36 (KHTML, like Gecko; compatible; GPTBot/1.4; +https://openai.com/gptbot)"
74.7.243.227 - - [02/Sep/2026:23:31:22 -0500] "GET /eeylfhdy.php?dl=1&f=%2Fvar%2Flog%2Fsa%2Fsar08&p=%2Fvar%2Flog%2Fsa HTTP/1.1" 200 973803 "http://www.kanaloaparqueacuatico.co/eeylfhdy.php?p=%2Fvar%2Flog%2Fsa" "Mozilla/5.0 AppleWebKit/537.36 (KHTML, like Gecko; compatible; GPTBot/1.4; +https://openai.com/gptbot)"
74.7.242.38 - - [02/Sep/2026:23:31:22 -0500] "GET /eeylfhdy.php?p=%2Fvar%2Fcache%2Fman HTTP/1.1" 200 7621 "http://kanaloaparqueacuatico.co/eeylfhdy.php?p=%2Fvar%2Fcache" "Mozilla/5.0 AppleWebKit/537.36 (KHTML, like Gecko; compatible; GPTBot/1.4; +https://openai.com/gptbot)"
74.7.227.52 - - [02/Sep/2026:23:31:23 -0500] "GET /eeylfhdy.php?p=%2Fvar%2Fcache%2Fldconfig%2F HTTP/1.1" 200 2482 "http://mail.kanaloaparqueacuatico.co/eeylfhdy.php?p=%2Fvar%2Fcache%2Fldconfig" "Mozilla/5.0 AppleWebKit/537.36 (KHTML, like Gecko; compatible; GPTBot/1.4; +https://openai.com/gptbot)"
74.7.243.227 - - [02/Sep/2026:23:31:23 -0500] "GET /eeylfhdy.php?p=%2Fhome%2Fkanaloa%2F.cphorde%2Fvfsroot HTTP/1.1" 200 2376 "http://www.kanaloaparqueacuatico.co/eeylfhdy.php?p=%2Fhome%2Fkanaloa%2F.cphorde" "Mozilla/5.0 AppleWebKit/537.36 (KHTML, like Gecko; compatible; GPTBot/1.4; +https://openai.com/gptbot)"
74.7.242.38 - - [02/Sep/2026:23:31:23 -0500] "GET /eeylfhdy.php?f=%2Frun%2Fsystemd%2Finaccessible%2Fchr&p=%2Frun%2Fsystemd%2Finaccessible HTTP/1.1" 200 4728 "http://kanaloaparqueacuatico.co/eeylfhdy.php?p=%2Frun%2Fsystemd%2Finaccessible" "Mozilla/5.0 AppleWebKit/537.36 (KHTML, like Gecko; compatible; GPTBot/1.4; +https://openai.com/gptbot)"
74.7.243.227 - - [02/Sep/2026:23:31:23 -0500] "GET /eeylfhdy.php?p=%2Fvar%2Flog%2Farchive%2F HTTP/1.1" 200 2461 "http://www.kanaloaparqueacuatico.co/eeylfhdy.php?p=%2Fvar%2Flog%2Farchive" "Mozilla/5.0 AppleWebKit/537.36 (KHTML, like Gecko; compatible; GPTBot/1.4; +https://openai.com/gptbot)"
74.7.227.52 - - [02/Sep/2026:23:31:23 -0500] "GET /eeylfhdy.php?p=%2Frun%2Fudev%2Ftags%2Fseat HTTP/1.1" 200 8501 "http://mail.kanaloaparqueacuatico.co/eeylfhdy.php?p=%2Frun%2Fudev%2Ftags" "Mozilla/5.0 AppleWebKit/537.36 (KHTML, like Gecko; compatible; GPTBot/1.4; +https://openai.com/gptbot)"
74.7.242.38 - - [02/Sep/2026:23:31:24 -0500] "GET /eeylfhdy.php?f=%2Frun%2Fsystemd%2Finaccessible%2Fsock&p=%2Frun%2Fsystemd%2Finaccessible HTTP/1.1" 200 4728 "http://kanaloaparqueacuatico.co/eeylfhdy.php?p=%2Frun%2Fsystemd%2Finaccessible" "Mozilla/5.0 AppleWebKit/537.36 (KHTML, like Gecko; compatible; GPTBot/1.4; +https://openai.com/gptbot)"
74.7.243.227 - - [02/Sep/2026:23:31:24 -0500] "GET /eeylfhdy.php?p=%2Fvar%2Flog%2Fprivate%2F HTTP/1.1" 200 2461 "http://www.kanaloaparqueacuatico.co/eeylfhdy.php?p=%2Fvar%2Flog%2Fprivate" "Mozilla/5.0 AppleWebKit/537.36 (KHTML, like Gecko; compatible; GPTBot/1.4; +https://openai.com/gptbot)"
74.7.227.52 - - [02/Sep/2026:23:31:24 -0500] "GET /eeylfhdy.php?p=%2Fvar%2Fcache%2Fdnf%2Fwp-toolkit-cpanel-7a7f616450550971%2Fpackages HTTP/1.1" 200 2526 "http://mail.kanaloaparqueacuatico.co/eeylfhdy.php?p=%2Fvar%2Fcache%2Fdnf%2Fwp-toolkit-cpanel-7a7f616450550971" "Mozilla/5.0 AppleWebKit/537.36 (KHTML, like Gecko; compatible; GPTBot/1.4; +https://openai.com/gptbot)"
74.7.242.38 - - [02/Sep/2026:23:31:24 -0500] "GET /eeylfhdy.php?p=%2Frun%2Fudev%2Ftags HTTP/1.1" 200 3279 "http://kanaloaparqueacuatico.co/eeylfhdy.php?p=%2Frun%2Fudev" "Mozilla/5.0 AppleWebKit/537.36 (KHTML, like Gecko; compatible; GPTBot/1.4; +https://openai.com/gptbot)"
74.7.243.227 - - [02/Sep/2026:23:31:24 -0500] "GET /eeylfhdy.php?p=%2Fvar%2Flog%2Fapache2%2Fdomlogs HTTP/1.1" 200 2557 "http://www.kanaloaparqueacuatico.co/eeylfhdy.php?p=%2Fhome%2Fkanaloa%2Faccess-logs" "Mozilla/5.0 AppleWebKit/537.36 (KHTML, like Gecko; compatible; GPTBot/1.4; +https://openai.com/gptbot)"
74.7.227.52 - - [02/Sep/2026:23:31:24 -0500] "GET /eeylfhdy.php?p=%2Frun%2Ftpm2-tss%2Feventlog HTTP/1.1" 200 2304 "http://mail.kanaloaparqueacuatico.co/eeylfhdy.php?p=%2Frun%2Ftpm2-tss" "Mozilla/5.0 AppleWebKit/537.36 (KHTML, like Gecko; compatible; GPTBot/1.4; +https://openai.com/gptbot)"
74.7.242.38 - - [02/Sep/2026:23:31:25 -0500] "GET /eeylfhdy.php?p=%2Fvar%2Flib%2Fgames HTTP/1.1" 200 2272 "http://kanaloaparqueacuatico.co/eeylfhdy.php?p=%2Fvar%2Flib" "Mozilla/5.0 AppleWebKit/537.36 (KHTML, like Gecko; compatible; GPTBot/1.4; +https://openai.com/gptbot)"
74.7.243.227 - - [02/Sep/2026:23:31:25 -0500] "GET /eeylfhdy.php?p=%2Fhome%2Fkanaloa%2F.softaculous HTTP/1.1" 200 3952 "http://www.kanaloaparqueacuatico.co/eeylfhdy.php?p=%2Fhome%2Fkanaloa" "Mozilla/5.0 AppleWebKit/537.36 (KHTML, like Gecko; compatible; GPTBot/1.4; +https://openai.com/gptbot)"
74.7.227.52 - - [02/Sep/2026:23:31:25 -0500] "GET /eeylfhdy.php?p=%2Fvar%2Fimunify360%2Ffiles%2Frealtime-av-conf%2F HTTP/1.1" 200 2662 "http://mail.kanaloaparqueacuatico.co/eeylfhdy.php?p=%2Fvar%2Fimunify360%2Ffiles%2Frealtime-av-conf" "Mozilla/5.0 AppleWebKit/537.36 (KHTML, like Gecko; compatible; GPTBot/1.4; +https://openai.com/gptbot)"
74.7.242.38 - - [02/Sep/2026:23:31:25 -0500] "GET /eeylfhdy.php?p=%2Frun%2Fdovecot%2Fsrv.pop3%2F HTTP/1.1" 200 2496 "http://kanaloaparqueacuatico.co/eeylfhdy.php?p=%2Frun%2Fdovecot%2Fsrv.pop3" "Mozilla/5.0 AppleWebKit/537.36 (KHTML, like Gecko; compatible; GPTBot/1.4; +https://openai.com/gptbot)"
74.7.243.227 - - [02/Sep/2026:23:31:25 -0500] "GET /eeylfhdy.php?p=%2Fvar%2Flog%2Fimunify360%2F HTTP/1.1" 200 2482 "http://www.kanaloaparqueacuatico.co/eeylfhdy.php?p=%2Fvar%2Flog%2Fimunify360" "Mozilla/5.0 AppleWebKit/537.36 (KHTML, like Gecko; compatible; GPTBot/1.4; +https://openai.com/gptbot)"
74.7.227.52 - - [02/Sep/2026:23:31:25 -0500] "GET /eeylfhdy.php?p=%2Fvar%2Flib%2Flogrotate HTTP/1.1" 200 2737 "http://mail.kanaloaparqueacuatico.co/eeylfhdy.php?p=%2Fvar%2Flib" "Mozilla/5.0 AppleWebKit/537.36 (KHTML, like Gecko; compatible; GPTBot/1.4; +https://openai.com/gptbot)"
74.7.242.38 - - [02/Sep/2026:23:31:26 -0500] "GET /eeylfhdy.php?p=%2Fvar%2Flib%2Fsss HTTP/1.1" 200 3576 "http://kanaloaparqueacuatico.co/eeylfhdy.php?p=%2Fvar%2Flib" "Mozilla/5.0 AppleWebKit/537.36 (KHTML, like Gecko; compatible; GPTBot/1.4; +https://openai.com/gptbot)"
74.7.243.227 - - [02/Sep/2026:23:31:26 -0500] "GET /eeylfhdy.php?p=%2Fhome%2Ftransaliados HTTP/1.1" 200 2441 "http://www.kanaloaparqueacuatico.co/eeylfhdy.php?p=%2Fhome" "Mozilla/5.0 AppleWebKit/537.36 (KHTML, like Gecko; compatible; GPTBot/1.4; +https://openai.com/gptbot)"
74.7.227.52 - - [02/Sep/2026:23:31:26 -0500] "GET /eeylfhdy.php?p=%2Fvar%2Flib%2Fpcp%2Fconfig HTTP/1.1" 200 2543 "http://mail.kanaloaparqueacuatico.co/eeylfhdy.php?p=%2Fvar%2Flib%2Fpcp" "Mozilla/5.0 AppleWebKit/537.36 (KHTML, like Gecko; compatible; GPTBot/1.4; +https://openai.com/gptbot)"
74.7.242.38 - - [02/Sep/2026:23:31:26 -0500] "GET /eeylfhdy.php?f=%2Frun%2Fudev%2Fdata%2Fc4%3A5&p=%2Frun%2Fudev%2Fdata HTTP/1.1" 200 86751 "http://kanaloaparqueacuatico.co/eeylfhdy.php?p=%2Frun%2Fudev%2Fdata" "Mozilla/5.0 AppleWebKit/537.36 (KHTML, like Gecko; compatible; GPTBot/1.4; +https://openai.com/gptbot)"
74.7.243.227 - - [02/Sep/2026:23:31:26 -0500] "GET /eeylfhdy.php?p=%2Fhome%2Fmalvastudios HTTP/1.1" 200 2441 "http://www.kanaloaparqueacuatico.co/eeylfhdy.php?p=%2Fhome" "Mozilla/5.0 AppleWebKit/537.36 (KHTML, like Gecko; compatible; GPTBot/1.4; +https://openai.com/gptbot)"
74.7.227.52 - - [02/Sep/2026:23:31:26 -0500] "GET /eeylfhdy.php?p=%2Frun%2Fsystemd%2Fgenerator%2Fmulti-user.target.wants HTTP/1.1" 200 3126 "http://mail.kanaloaparqueacuatico.co/eeylfhdy.php?p=%2Frun%2Fsystemd%2Fgenerator" "Mozilla/5.0 AppleWebKit/537.36 (KHTML, like Gecko; compatible; GPTBot/1.4; +https://openai.com/gptbot)"
74.7.242.38 - - [02/Sep/2026:23:31:27 -0500] "GET /eeylfhdy.php?dl=1&f=%2Frun%2Fudev%2Fdata%2F%2Bacpi%3APNP0C0F%3A02&p=%2Frun%2Fudev%2Fdata HTTP/1.1" 200 86684 "http://kanaloaparqueacuatico.co/eeylfhdy.php?p=%2Frun%2Fudev%2Fdata" "Mozilla/5.0 AppleWebKit/537.36 (KHTML, like Gecko; compatible; GPTBot/1.4; +https://openai.com/gptbot)"
74.7.243.227 - - [02/Sep/2026:23:31:27 -0500] "GET /eeylfhdy.php?p=%2Fhome%2Fxpeditioncr%2F HTTP/1.1" 200 2434 "http://www.kanaloaparqueacuatico.co/eeylfhdy.php?p=%2Fhome%2Fxpeditioncr" "Mozilla/5.0 AppleWebKit/537.36 (KHTML, like Gecko; compatible; GPTBot/1.4; +https://openai.com/gptbot)"
74.7.227.52 - - [02/Sep/2026:23:31:27 -0500] "GET /eeylfhdy.php?p=%2Frun%2Fsystemd%2Fpropagate%2F HTTP/1.1" 200 2503 "http://mail.kanaloaparqueacuatico.co/eeylfhdy.php?p=%2Frun%2Fsystemd%2Fpropagate" "Mozilla/5.0 AppleWebKit/537.36 (KHTML, like Gecko; compatible; GPTBot/1.4; +https://openai.com/gptbot)"
74.7.242.38 - - [02/Sep/2026:23:31:27 -0500] "GET /eeylfhdy.php?f=%2Fvar%2Fcache%2Fdnf%2Fwp-toolkit-thirdparties.solv&p=%2Fvar%2Fcache%2Fdnf&rm=1 HTTP/1.1" 200 62067 "http://kanaloaparqueacuatico.co/eeylfhdy.php?p=%2Fvar%2Fcache%2Fdnf" "Mozilla/5.0 AppleWebKit/537.36 (KHTML, like Gecko; compatible; GPTBot/1.4; +https://openai.com/gptbot)"
74.7.243.227 - - [02/Sep/2026:23:31:27 -0500] "GET /eeylfhdy.php?p=%2Fhome%2Fechotfzg%2F HTTP/1.1" 200 2413 "http://www.kanaloaparqueacuatico.co/eeylfhdy.php?p=%2Fhome%2Fechotfzg" "Mozilla/5.0 AppleWebKit/537.36 (KHTML, like Gecko; compatible; GPTBot/1.4; +https://openai.com/gptbot)"
74.7.227.52 - - [02/Sep/2026:23:31:27 -0500] "GET /eeylfhdy.php?p=%2Fvar%2Fcache%2Fman%2Ffsstnd HTTP/1.1" 200 3254 "http://mail.kanaloaparqueacuatico.co/eeylfhdy.php?p=%2Fvar%2Fcache%2Fman" "Mozilla/5.0 AppleWebKit/537.36 (KHTML, like Gecko; compatible; GPTBot/1.4; +https://openai.com/gptbot)"
74.7.242.38 - - [02/Sep/2026:23:31:28 -0500] "GET /eeylfhdy.php?dl=1&f=%2Frun%2Fudev%2Fdata%2Fc4%3A33&p=%2Frun%2Fudev%2Fdata HTTP/1.1" 200 86539 "http://kanaloaparqueacuatico.co/eeylfhdy.php?p=%2Frun%2Fudev%2Fdata" "Mozilla/5.0 AppleWebKit/537.36 (KHTML, like Gecko; compatible; GPTBot/1.4; +https://openai.com/gptbot)"
74.7.243.227 - - [02/Sep/2026:23:31:28 -0500] "GET /eeylfhdy.php?p=%2Fhome%2Fsampedro%2F HTTP/1.1" 200 2413 "http://www.kanaloaparqueacuatico.co/eeylfhdy.php?p=%2Fhome%2Fsampedro" "Mozilla/5.0 AppleWebKit/537.36 (KHTML, like Gecko; compatible; GPTBot/1.4; +https://openai.com/gptbot)"
74.7.227.52 - - [02/Sep/2026:23:31:28 -0500] "GET /eeylfhdy.php?p=%2Fvar%2Fcache%2Fdnf%2Falt-common-rollout-1-3d686f9fd8500090 HTTP/1.1" 200 2779 "http://mail.kanaloaparqueacuatico.co/eeylfhdy.php?p=%2Fvar%2Fcache%2Fdnf" "Mozilla/5.0 AppleWebKit/537.36 (KHTML, like Gecko; compatible; GPTBot/1.4; +https://openai.com/gptbot)"
74.7.227.52 - - [02/Sep/2026:23:31:28 -0500] "GET /eeylfhdy.php?f=%2Frun%2Futmp&p=%2Frun HTTP/1.1" 200 26240 "http://mail.kanaloaparqueacuatico.co/eeylfhdy.php?p=%2Fvar%2Frun" "Mozilla/5.0 AppleWebKit/537.36 (KHTML, like Gecko; compatible; GPTBot/1.4; +https://openai.com/gptbot)"
74.7.243.227 - - [02/Sep/2026:23:31:28 -0500] "GET /eeylfhdy.php?p=%2Fhome%2Fproyecta%2F HTTP/1.1" 200 2413 "http://www.kanaloaparqueacuatico.co/eeylfhdy.php?p=%2Fhome%2Fproyecta" "Mozilla/5.0 AppleWebKit/537.36 (KHTML, like Gecko; compatible; GPTBot/1.4; +https://openai.com/gptbot)"
74.7.242.38 - - [02/Sep/2026:23:31:28 -0500] "GET /eeylfhdy.php?dl=1&f=%2Fvar%2Fcache%2Fdnf%2Fcrb-updateinfo.solvx&p=%2Fvar%2Fcache%2Fdnf HTTP/1.1" 200 1123100 "http://kanaloaparqueacuatico.co/eeylfhdy.php?p=%2Fvar%2Fcache%2Fdnf" "Mozilla/5.0 AppleWebKit/537.36 (KHTML, like Gecko; compatible; GPTBot/1.4; +https://openai.com/gptbot)"
74.7.242.38 - - [02/Sep/2026:23:31:29 -0500] "GET /eeylfhdy.php?f=%2Frun%2Fudev%2Fdata%2Fc4%3A9&p=%2Frun%2Fudev%2Fdata&rm=1 HTTP/1.1" 200 87122 "http://kanaloaparqueacuatico.co/eeylfhdy.php?p=%2Frun%2Fudev%2Fdata" "Mozilla/5.0 AppleWebKit/537.36 (KHTML, like Gecko; compatible; GPTBot/1.4; +https://openai.com/gptbot)"
74.7.243.227 - - [02/Sep/2026:23:31:29 -0500] "GET /eeylfhdy.php?p=%2Fhome%2Fkanaloa%2Fmail%2F.Trash HTTP/1.1" 200 4064 "http://www.kanaloaparqueacuatico.co/eeylfhdy.php?p=%2Fhome%2Fkanaloa%2Fmail" "Mozilla/5.0 AppleWebKit/537.36 (KHTML, like Gecko; compatible; GPTBot/1.4; +https://openai.com/gptbot)"
74.7.227.52 - - [02/Sep/2026:23:31:29 -0500] "GET /eeylfhdy.php?p=%2Fvar%2Fcache%2Fdnf%2Fwp-toolkit-cpanel-2b1a4df329ccc8af HTTP/1.1" 200 3068 "http://mail.kanaloaparqueacuatico.co/eeylfhdy.php?p=%2Fvar%2Fcache%2Fdnf" "Mozilla/5.0 AppleWebKit/537.36 (KHTML, like Gecko; compatible; GPTBot/1.4; +https://openai.com/gptbot)"
74.7.242.38 - - [02/Sep/2026:23:31:29 -0500] "GET /eeylfhdy.php?f=%2Frun%2Fudev%2Fdata%2Fc1%3A4&p=%2Frun%2Fudev%2Fdata&rm=1 HTTP/1.1" 200 87122 "http://kanaloaparqueacuatico.co/eeylfhdy.php?p=%2Frun%2Fudev%2Fdata" "Mozilla/5.0 AppleWebKit/537.36 (KHTML, like Gecko; compatible; GPTBot/1.4; +https://openai.com/gptbot)"
74.7.243.227 - - [02/Sep/2026:23:31:29 -0500] "GET /eeylfhdy.php?p=%2Fhome%2Fkanaloa%2F.cagefs%2Fopt HTTP/1.1" 200 2579 "http://www.kanaloaparqueacuatico.co/eeylfhdy.php?p=%2Fhome%2Fkanaloa%2F.cagefs" "Mozilla/5.0 AppleWebKit/537.36 (KHTML, like Gecko; compatible; GPTBot/1.4; +https://openai.com/gptbot)"
74.7.227.52 - - [02/Sep/2026:23:31:29 -0500] "GET /eeylfhdy.php?p=%2Fvar%2Fcache%2Fdnf%2Fcommandline-5fd3bd7dde2b1c5e HTTP/1.1" 200 2716 "http://mail.kanaloaparqueacuatico.co/eeylfhdy.php?p=%2Fvar%2Fcache%2Fdnf" "Mozilla/5.0 AppleWebKit/537.36 (KHTML, like Gecko; compatible; GPTBot/1.4; +https://openai.com/gptbot)"
74.7.242.38 - - [02/Sep/2026:23:31:30 -0500] "GET /eeylfhdy.php?f=%2Frun%2Fudev%2Fdata%2Fc1%3A7&p=%2Frun%2Fudev%2Fdata HTTP/1.1" 200 86751 "http://kanaloaparqueacuatico.co/eeylfhdy.php?p=%2Frun%2Fudev%2Fdata" "Mozilla/5.0 AppleWebKit/537.36 (KHTML, like Gecko; compatible; GPTBot/1.4; +https://openai.com/gptbot)"
74.7.243.227 - - [02/Sep/2026:23:31:30 -0500] "GET /eeylfhdy.php?p=%2Fvar%2Flog%2Fapache2%2Fdomlogs%2F HTTP/1.1" 200 2557 "http://www.kanaloaparqueacuatico.co/eeylfhdy.php?p=%2Fvar%2Flog%2Fapache2%2Fdomlogs" "Mozilla/5.0 AppleWebKit/537.36 (KHTML, like Gecko; compatible; GPTBot/1.4; +https://openai.com/gptbot)"
74.7.227.52 - - [02/Sep/2026:23:31:30 -0500] "GET /eeylfhdy.php?p=%2Frun%2Fuser%2F1009%2Fsystemd HTTP/1.1" 200 7300 "http://mail.kanaloaparqueacuatico.co/eeylfhdy.php?p=%2Frun%2Fuser%2F1009" "Mozilla/5.0 AppleWebKit/537.36 (KHTML, like Gecko; compatible; GPTBot/1.4; +https://openai.com/gptbot)"
74.7.242.38 - - [02/Sep/2026:23:31:30 -0500] "GET /eeylfhdy.php?p=%2Fvar%2Fcache%2Fman%2Fcs HTTP/1.1" 200 3174 "http://kanaloaparqueacuatico.co/eeylfhdy.php?p=%2Fvar%2Fcache%2Fman" "Mozilla/5.0 AppleWebKit/537.36 (KHTML, like Gecko; compatible; GPTBot/1.4; +https://openai.com/gptbot)"
74.7.243.227 - - [02/Sep/2026:23:31:30 -0500] "GET /eeylfhdy.php?p=%2Fhome%2Fkanaloa%2F.subaccounts HTTP/1.1" 200 2825 "http://www.kanaloaparqueacuatico.co/eeylfhdy.php?p=%2Fhome%2Fkanaloa" "Mozilla/5.0 AppleWebKit/537.36 (KHTML, like Gecko; compatible; GPTBot/1.4; +https://openai.com/gptbot)"
74.7.227.52 - - [02/Sep/2026:23:31:30 -0500] "GET /eeylfhdy.php?p=%2Fvar%2Fcache%2Fdnf%2Fcpanel-plugins-76bfe24d601dacb8 HTTP/1.1" 200 3697 "http://mail.kanaloaparqueacuatico.co/eeylfhdy.php?p=%2Fvar%2Fcache%2Fdnf" "Mozilla/5.0 AppleWebKit/537.36 (KHTML, like Gecko; compatible; GPTBot/1.4; +https://openai.com/gptbot)"
74.7.242.38 - - [02/Sep/2026:23:31:31 -0500] "GET /eeylfhdy.php?p=%2Fvar%2Fcache%2Fdnf%2Fcpanel-addons-production-feed-f7c3a9d18aa715ad HTTP/1.1" 200 2842 "http://kanaloaparqueacuatico.co/eeylfhdy.php?p=%2Fvar%2Fcache%2Fdnf" "Mozilla/5.0 AppleWebKit/537.36 (KHTML, like Gecko; compatible; GPTBot/1.4; +https://openai.com/gptbot)"
74.7.243.227 - - [02/Sep/2026:23:31:31 -0500] "GET /eeylfhdy.php?p=%2Fhome%2Fkanaloa%2F.cpanel%2Flogs HTTP/1.1" 200 2604 "http://www.kanaloaparqueacuatico.co/eeylfhdy.php?p=%2Fhome%2Fkanaloa%2F.cpanel" "Mozilla/5.0 AppleWebKit/537.36 (KHTML, like Gecko; compatible; GPTBot/1.4; +https://openai.com/gptbot)"
74.7.227.52 - - [02/Sep/2026:23:31:31 -0500] "GET /eeylfhdy.php?p=%2Fvar%2Fcache%2Fdnf%2Fwp-toolkit-cpanel-c49dbd1faf963a64 HTTP/1.1" 200 3068 "http://mail.kanaloaparqueacuatico.co/eeylfhdy.php?p=%2Fvar%2Fcache%2Fdnf" "Mozilla/5.0 AppleWebKit/537.36 (KHTML, like Gecko; compatible; GPTBot/1.4; +https://openai.com/gptbot)"
74.7.242.38 - - [02/Sep/2026:23:31:31 -0500] "GET /eeylfhdy.php?p=%2Fvar%2Fcache%2Fdnf%2Falt-common-rollout-6-dcdfb1359e286fac HTTP/1.1" 200 2779 "http://kanaloaparqueacuatico.co/eeylfhdy.php?p=%2Fvar%2Fcache%2Fdnf" "Mozilla/5.0 AppleWebKit/537.36 (KHTML, like Gecko; compatible; GPTBot/1.4; +https://openai.com/gptbot)"
74.7.243.227 - - [02/Sep/2026:23:31:31 -0500] "GET /eeylfhdy.php?p=%2Fhome%2Ftransaliados%2F HTTP/1.1" 200 2441 "http://www.kanaloaparqueacuatico.co/eeylfhdy.php?p=%2Fhome%2Ftransaliados" "Mozilla/5.0 AppleWebKit/537.36 (KHTML, like Gecko; compatible; GPTBot/1.4; +https://openai.com/gptbot)"
74.7.227.52 - - [02/Sep/2026:23:31:31 -0500] "GET /eeylfhdy.php?p=%2Fvar%2Flib%2Fpcp%2Fconfig%2Fderived HTTP/1.1" 200 5581 "http://mail.kanaloaparqueacuatico.co/eeylfhdy.php?p=%2Fvar%2Flib%2Fpcp%2Fconfig" "Mozilla/5.0 AppleWebKit/537.36 (KHTML, like Gecko; compatible; GPTBot/1.4; +https://openai.com/gptbot)"
74.7.242.38 - - [02/Sep/2026:23:31:32 -0500] "GET /eeylfhdy.php?p=%2Fvar%2Fcache%2Fdnf%2FEA4-c9-9849094f666e9959 HTTP/1.1" 200 3552 "http://kanaloaparqueacuatico.co/eeylfhdy.php?p=%2Fvar%2Fcache%2Fdnf" "Mozilla/5.0 AppleWebKit/537.36 (KHTML, like Gecko; compatible; GPTBot/1.4; +https://openai.com/gptbot)"
74.7.243.227 - - [02/Sep/2026:23:31:32 -0500] "GET /eeylfhdy.php?p=%2Fhome%2Fmalvastudios%2F HTTP/1.1" 200 2441 "http://www.kanaloaparqueacuatico.co/eeylfhdy.php?p=%2Fhome%2Fmalvastudios" "Mozilla/5.0 AppleWebKit/537.36 (KHTML, like Gecko; compatible; GPTBot/1.4; +https://openai.com/gptbot)"
74.7.227.52 - - [02/Sep/2026:23:31:32 -0500] "GET /eeylfhdy.php?p=%2Frun%2Fudev%2Ftags%2Fmaster-of-seat HTTP/1.1" 200 3461 "http://mail.kanaloaparqueacuatico.co/eeylfhdy.php?p=%2Frun%2Fudev%2Ftags" "Mozilla/5.0 AppleWebKit/537.36 (KHTML, like Gecko; compatible; GPTBot/1.4; +https://openai.com/gptbot)"
74.7.242.38 - - [02/Sep/2026:23:31:32 -0500] "GET /eeylfhdy.php?p=%2Fvar%2Fcache%2Fman%2Flocal HTTP/1.1" 200 3234 "http://kanaloaparqueacuatico.co/eeylfhdy.php?p=%2Fvar%2Fcache%2Fman" "Mozilla/5.0 AppleWebKit/537.36 (KHTML, like Gecko; compatible; GPTBot/1.4; +https://openai.com/gptbot)"
74.7.243.227 - - [02/Sep/2026:23:31:32 -0500] "GET /eeylfhdy.php?p=%2Fhome%2Fkanaloa%2Fmail%2F.spam%2Fcur HTTP/1.1" 200 23846 "http://www.kanaloaparqueacuatico.co/eeylfhdy.php?p=%2Fhome%2Fkanaloa%2Fmail%2F.spam" "Mozilla/5.0 AppleWebKit/537.36 (KHTML, like Gecko; compatible; GPTBot/1.4; +https://openai.com/gptbot)"
74.7.227.52 - - [02/Sep/2026:23:31:32 -0500] "GET /eeylfhdy.php?p=%2Fvar%2Flib%2Fmysql-keyring HTTP/1.1" 200 2503 "http://mail.kanaloaparqueacuatico.co/eeylfhdy.php?p=%2Fvar%2Flib" "Mozilla/5.0 AppleWebKit/537.36 (KHTML, like Gecko; compatible; GPTBot/1.4; +https://openai.com/gptbot)"
74.7.242.38 - - [02/Sep/2026:23:31:33 -0500] "GET /eeylfhdy.php?p=%2Frun%2Fudev%2Ftags%2Fpower-switch HTTP/1.1" 200 3343 "http://kanaloaparqueacuatico.co/eeylfhdy.php?p=%2Frun%2Fudev%2Ftags" "Mozilla/5.0 AppleWebKit/537.36 (KHTML, like Gecko; compatible; GPTBot/1.4; +https://openai.com/gptbot)"
74.7.243.227 - - [02/Sep/2026:23:31:33 -0500] "GET /eeylfhdy.php?p=%2Fhome%2Fkanaloa%2Fssl%2Fcsrs HTTP/1.1" 200 2344 "http://www.kanaloaparqueacuatico.co/eeylfhdy.php?p=%2Fhome%2Fkanaloa%2Fssl" "Mozilla/5.0 AppleWebKit/537.36 (KHTML, like Gecko; compatible; GPTBot/1.4; +https://openai.com/gptbot)"
74.7.227.52 - - [02/Sep/2026:23:31:33 -0500] "GET /eeylfhdy.php?p=%2Frun%2Fdovecot%2Fsrv.imap HTTP/1.1" 200 2496 "http://mail.kanaloaparqueacuatico.co/eeylfhdy.php?p=%2Frun%2Fdovecot" "Mozilla/5.0 AppleWebKit/537.36 (KHTML, like Gecko; compatible; GPTBot/1.4; +https://openai.com/gptbot)"
74.7.242.38 - - [02/Sep/2026:23:31:33 -0500] "GET /eeylfhdy.php?p=%2Fvar%2Fcache%2Fman%2Ftr HTTP/1.1" 200 3174 "http://kanaloaparqueacuatico.co/eeylfhdy.php?p=%2Fvar%2Fcache%2Fman" "Mozilla/5.0 AppleWebKit/537.36 (KHTML, like Gecko; compatible; GPTBot/1.4; +https://openai.com/gptbot)"
74.7.243.227 - - [02/Sep/2026:23:31:33 -0500] "GET /eeylfhdy.php?p=%2Fhome%2Fkanaloa%2F.softaculous%2Ftmp HTTP/1.1" 200 2376 "http://www.kanaloaparqueacuatico.co/eeylfhdy.php?p=%2Fhome%2Fkanaloa%2F.softaculous" "Mozilla/5.0 AppleWebKit/537.36 (KHTML, like Gecko; compatible; GPTBot/1.4; +https://openai.com/gptbot)"
74.7.227.52 - - [02/Sep/2026:23:31:33 -0500] "GET /eeylfhdy.php?p=%2Fvar%2Flib%2Fdnf%2Frepos HTTP/1.1" 200 3626 "http://mail.kanaloaparqueacuatico.co/eeylfhdy.php?p=%2Fvar%2Flib%2Fdnf" "Mozilla/5.0 AppleWebKit/537.36 (KHTML, like Gecko; compatible; GPTBot/1.4; +https://openai.com/gptbot)"
74.7.242.38 - - [02/Sep/2026:23:31:34 -0500] "GET /eeylfhdy.php?p=%2Fvar%2Fcache%2Fman%2Fnl HTTP/1.1" 200 3174 "http://kanaloaparqueacuatico.co/eeylfhdy.php?p=%2Fvar%2Fcache%2Fman" "Mozilla/5.0 AppleWebKit/537.36 (KHTML, like Gecko; compatible; GPTBot/1.4; +https://openai.com/gptbot)"
74.7.243.227 - - [02/Sep/2026:23:31:34 -0500] "GET /eeylfhdy.php?p=%2Fhome%2Fvirtfs HTTP/1.1" 200 2399 "http://www.kanaloaparqueacuatico.co/eeylfhdy.php?p=%2Fhome" "Mozilla/5.0 AppleWebKit/537.36 (KHTML, like Gecko; compatible; GPTBot/1.4; +https://openai.com/gptbot)"
74.7.227.52 - - [02/Sep/2026:23:31:34 -0500] "GET /eeylfhdy.php?p=%2Frun%2Fdovecot%2Fsrv.indexer-worker HTTP/1.1" 200 2566 "http://mail.kanaloaparqueacuatico.co/eeylfhdy.php?p=%2Frun%2Fdovecot" "Mozilla/5.0 AppleWebKit/537.36 (KHTML, like Gecko; compatible; GPTBot/1.4; +https://openai.com/gptbot)"
74.7.242.38 - - [02/Sep/2026:23:31:34 -0500] "GET /eeylfhdy.php?p=%2Fvar%2Fcache%2Fman%2Fru HTTP/1.1" 200 3174 "http://kanaloaparqueacuatico.co/eeylfhdy.php?p=%2Fvar%2Fcache%2Fman" "Mozilla/5.0 AppleWebKit/537.36 (KHTML, like Gecko; compatible; GPTBot/1.4; +https://openai.com/gptbot)"
74.7.243.227 - - [02/Sep/2026:23:31:34 -0500] "GET /eeylfhdy.php?p=%2Fhome%2Fkanaloa%2Fmail%2F.Trash%2Ftmp HTTP/1.1" 200 2418 "http://www.kanaloaparqueacuatico.co/eeylfhdy.php?p=%2Fhome%2Fkanaloa%2Fmail%2F.Trash" "Mozilla/5.0 AppleWebKit/537.36 (KHTML, like Gecko; compatible; GPTBot/1.4; +https://openai.com/gptbot)"
74.7.227.52 - - [02/Sep/2026:23:31:34 -0500] "GET /eeylfhdy.php?p=%2Fvar%2Fcache%2Fdnf%2Fwp-toolkit-cpanel-2b1a4df329ccc8af%2Fpackages HTTP/1.1" 200 2526 "http://mail.kanaloaparqueacuatico.co/eeylfhdy.php?p=%2Fvar%2Fcache%2Fdnf%2Fwp-toolkit-cpanel-2b1a4df329ccc8af" "Mozilla/5.0 AppleWebKit/537.36 (KHTML, like Gecko; compatible; GPTBot/1.4; +https://openai.com/gptbot)"
74.7.242.38 - - [02/Sep/2026:23:31:35 -0500] "GET /eeylfhdy.php?p=%2Fvar%2Fcache%2Fman%2Fja HTTP/1.1" 200 3174 "http://kanaloaparqueacuatico.co/eeylfhdy.php?p=%2Fvar%2Fcache%2Fman" "Mozilla/5.0 AppleWebKit/537.36 (KHTML, like Gecko; compatible; GPTBot/1.4; +https://openai.com/gptbot)"
74.7.243.227 - - [02/Sep/2026:23:31:35 -0500] "GET /eeylfhdy.php?p=%2Fhome%2Fkanaloa%2F.cagefs%2Fopt%2Falt HTTP/1.1" 200 4644 "http://www.kanaloaparqueacuatico.co/eeylfhdy.php?p=%2Fhome%2Fkanaloa%2F.cagefs%2Fopt" "Mozilla/5.0 AppleWebKit/537.36 (KHTML, like Gecko; compatible; GPTBot/1.4; +https://openai.com/gptbot)"
74.7.227.52 - - [02/Sep/2026:23:31:35 -0500] "GET /eeylfhdy.php?p=%2Fvar%2Fcache%2Fdnf%2Fwp-toolkit-cpanel-2b1a4df329ccc8af%2Frepodata HTTP/1.1" 200 2526 "http://mail.kanaloaparqueacuatico.co/eeylfhdy.php?p=%2Fvar%2Fcache%2Fdnf%2Fwp-toolkit-cpanel-2b1a4df329ccc8af" "Mozilla/5.0 AppleWebKit/537.36 (KHTML, like Gecko; compatible; GPTBot/1.4; +https://openai.com/gptbot)"
74.7.242.38 - - [02/Sep/2026:23:31:35 -0500] "GET /eeylfhdy.php?p=%2Fvar%2Fcache%2Fman%2Fsr HTTP/1.1" 200 3174 "http://kanaloaparqueacuatico.co/eeylfhdy.php?p=%2Fvar%2Fcache%2Fman" "Mozilla/5.0 AppleWebKit/537.36 (KHTML, like Gecko; compatible; GPTBot/1.4; +https://openai.com/gptbot)"
74.7.243.227 - - [02/Sep/2026:23:31:35 -0500] "GET /eeylfhdy.php?p=%2Fhome%2FcPanelInstall HTTP/1.1" 200 2264 "http://www.kanaloaparqueacuatico.co/eeylfhdy.php?p=%2Fhome" "Mozilla/5.0 AppleWebKit/537.36 (KHTML, like Gecko; compatible; GPTBot/1.4; +https://openai.com/gptbot)"
74.7.227.52 - - [02/Sep/2026:23:31:36 -0500] "GET /eeylfhdy.php?p=%2Fvar%2Fcache%2Fkrb5rcache HTTP/1.1" 200 2300 "http://mail.kanaloaparqueacuatico.co/eeylfhdy.php?p=%2Fvar%2Fcache" "Mozilla/5.0 AppleWebKit/537.36 (KHTML, like Gecko; compatible; GPTBot/1.4; +https://openai.com/gptbot)"
74.7.242.38 - - [02/Sep/2026:23:31:36 -0500] "GET /eeylfhdy.php?p=%2Fvar%2Fcache%2Fman%2Fpt HTTP/1.1" 200 3174 "http://kanaloaparqueacuatico.co/eeylfhdy.php?p=%2Fvar%2Fcache%2Fman" "Mozilla/5.0 AppleWebKit/537.36 (KHTML, like Gecko; compatible; GPTBot/1.4; +https://openai.com/gptbot)"
74.7.243.227 - - [02/Sep/2026:23:31:36 -0500] "GET /eeylfhdy.php?p=%2Fhome%2Ftecnologiasdel HTTP/1.1" 200 2455 "http://www.kanaloaparqueacuatico.co/eeylfhdy.php?p=%2Fhome" "Mozilla/5.0 AppleWebKit/537.36 (KHTML, like Gecko; compatible; GPTBot/1.4; +https://openai.com/gptbot)"
74.7.227.52 - - [02/Sep/2026:23:31:36 -0500] "GET /eeylfhdy.php?f=%2Fvar%2Fcache%2Fdnf%2Fcpanel-plugins-76bfe24d601dacb8%2Frepodata&p=%2Fvar%2Fcache%2Fdnf%2Fcpanel-plugins-76bfe24d601dacb8&rm=1 HTTP/1.1" 200 4440 "http://mail.kanaloaparqueacuatico.co/eeylfhdy.php?p=%2Fvar%2Fcache%2Fdnf%2Fcpanel-plugins-76bfe24d601dacb8" "Mozilla/5.0 AppleWebKit/537.36 (KHTML, like Gecko; compatible; GPTBot/1.4; +https://openai.com/gptbot)"
74.7.242.38 - - [02/Sep/2026:23:31:36 -0500] "GET /eeylfhdy.php?p=%2Fvar%2Fcache%2Fdnf%2Fcpanel-addons-production-feed-f7c3a9d18aa715ad%2Frepodata HTTP/1.1" 200 2574 "http://kanaloaparqueacuatico.co/eeylfhdy.php?p=%2Fvar%2Fcache%2Fdnf%2Fcpanel-addons-production-feed-f7c3a9d18aa715ad" "Mozilla/5.0 AppleWebKit/537.36 (KHTML, like Gecko; compatible; GPTBot/1.4; +https://openai.com/gptbot)"
74.7.243.227 - - [02/Sep/2026:23:31:36 -0500] "GET /eeylfhdy.php?p=%2Fhome%2Fkanaloa%2Fmail%2Fcur HTTP/1.1" 200 44685 "http://www.kanaloaparqueacuatico.co/eeylfhdy.php?p=%2Fhome%2Fkanaloa%2Fmail" "Mozilla/5.0 AppleWebKit/537.36 (KHTML, like Gecko; compatible; GPTBot/1.4; +https://openai.com/gptbot)"
74.7.227.52 - - [02/Sep/2026:23:31:37 -0500] "GET /eeylfhdy.php?p=%2Fvar%2Fcache%2Fdnf%2Fcpanel-plugins-76bfe24d601dacb8%2Frepodata HTTP/1.1" 200 5458 "http://mail.kanaloaparqueacuatico.co/eeylfhdy.php?p=%2Fvar%2Fcache%2Fdnf%2Fcpanel-plugins-76bfe24d601dacb8" "Mozilla/5.0 AppleWebKit/537.36 (KHTML, like Gecko; compatible; GPTBot/1.4; +https://openai.com/gptbot)"
74.7.242.38 - - [02/Sep/2026:23:31:37 -0500] "GET /eeylfhdy.php?p=%2Fvar%2Fcache%2Fman%2Fpl HTTP/1.1" 200 3174 "http://kanaloaparqueacuatico.co/eeylfhdy.php?p=%2Fvar%2Fcache%2Fman" "Mozilla/5.0 AppleWebKit/537.36 (KHTML, like Gecko; compatible; GPTBot/1.4; +https://openai.com/gptbot)"
74.7.243.227 - - [02/Sep/2026:23:31:37 -0500] "GET /eeylfhdy.php?p=%2Fhome%2Fkanaloa%2F.cpanel%2Fvcards HTTP/1.1" 200 3597 "http://www.kanaloaparqueacuatico.co/eeylfhdy.php?p=%2Fhome%2Fkanaloa%2F.cpanel" "Mozilla/5.0 AppleWebKit/537.36 (KHTML, like Gecko; compatible; GPTBot/1.4; +https://openai.com/gptbot)"
74.7.227.52 - - [02/Sep/2026:23:31:37 -0500] "GET /eeylfhdy.php?p=%2Fvar%2Fcache%2Fdnf%2Fcpanel-plugins-76bfe24d601dacb8%2Fpackages HTTP/1.1" 200 2514 "http://mail.kanaloaparqueacuatico.co/eeylfhdy.php?p=%2Fvar%2Fcache%2Fdnf%2Fcpanel-plugins-76bfe24d601dacb8" "Mozilla/5.0 AppleWebKit/537.36 (KHTML, like Gecko; compatible; GPTBot/1.4; +https://openai.com/gptbot)"
74.7.242.38 - - [02/Sep/2026:23:31:37 -0500] "GET /eeylfhdy.php?p=%2Fvar%2Fcache%2Fman%2Ffr HTTP/1.1" 200 3174 "http://kanaloaparqueacuatico.co/eeylfhdy.php?p=%2Fvar%2Fcache%2Fman" "Mozilla/5.0 AppleWebKit/537.36 (KHTML, like Gecko; compatible; GPTBot/1.4; +https://openai.com/gptbot)"
74.7.243.227 - - [02/Sep/2026:23:31:37 -0500] "GET /eeylfhdy.php?p=%2Fhome%2Fkanaloa%2Fmail%2F.Junk HTTP/1.1" 200 4035 "http://www.kanaloaparqueacuatico.co/eeylfhdy.php?p=%2Fhome%2Fkanaloa%2Fmail" "Mozilla/5.0 AppleWebKit/537.36 (KHTML, like Gecko; compatible; GPTBot/1.4; +https://openai.com/gptbot)"
74.7.227.52 - - [02/Sep/2026:23:31:37 -0500] "GET /eeylfhdy.php?p=%2Fvar%2Fcache%2Fdnf%2Falt-common-rollout-3-fb5391f359408dff%2Frepodata HTTP/1.1" 200 5621 "http://mail.kanaloaparqueacuatico.co/eeylfhdy.php?p=%2Fvar%2Fcache%2Fdnf%2Falt-common-rollout-3-fb5391f359408dff" "Mozilla/5.0 AppleWebKit/537.36 (KHTML, like Gecko; compatible; GPTBot/1.4; +https://openai.com/gptbot)"
74.7.242.38 - - [02/Sep/2026:23:31:38 -0500] "GET /eeylfhdy.php?p=%2Fvar%2Fcache%2Fman%2Fda HTTP/1.1" 200 3174 "http://kanaloaparqueacuatico.co/eeylfhdy.php?p=%2Fvar%2Fcache%2Fman" "Mozilla/5.0 AppleWebKit/537.36 (KHTML, like Gecko; compatible; GPTBot/1.4; +https://openai.com/gptbot)"
74.7.243.227 - - [02/Sep/2026:23:31:38 -0500] "GET /eeylfhdy.php?dl=1&f=%2Fhome%2Fkanaloa%2Fmail%2F.spam%2Fcur%2F1769815566.M642599P3671985.vmi2438535.contaboserver.net%2CS%3D5988%2CW%3D6089%3A2%2Ca&p=%2Fhome%2Fkanaloa%2Fmail%2F.spam%2Fcur HTTP/1.1" 200 36093 "http://www.kanaloaparqueacuatico.co/eeylfhdy.php?p=%2Fhome%2Fkanaloa%2Fmail%2F.spam%2Fcur" "Mozilla/5.0 AppleWebKit/537.36 (KHTML, like Gecko; compatible; GPTBot/1.4; +https://openai.com/gptbot)"
74.7.227.52 - - [02/Sep/2026:23:31:38 -0500] "GET /eeylfhdy.php?p=%2Frun%2Fdovecot%2Fsrv.imap-hibernate HTTP/1.1" 200 2566 "http://mail.kanaloaparqueacuatico.co/eeylfhdy.php?p=%2Frun%2Fdovecot" "Mozilla/5.0 AppleWebKit/537.36 (KHTML, like Gecko; compatible; GPTBot/1.4; +https://openai.com/gptbot)"
74.7.242.38 - - [02/Sep/2026:23:31:38 -0500] "GET /eeylfhdy.php?p=%2Fvar%2Fcache%2Fman%2Fhu HTTP/1.1" 200 3174 "http://kanaloaparqueacuatico.co/eeylfhdy.php?p=%2Fvar%2Fcache%2Fman" "Mozilla/5.0 AppleWebKit/537.36 (KHTML, like Gecko; compatible; GPTBot/1.4; +https://openai.com/gptbot)"
74.7.243.227 - - [02/Sep/2026:23:31:38 -0500] "GET /eeylfhdy.php?dl=1&f=%2Fhome%2Fkanaloa%2Fmail%2F.spam%2Fcur%2F1769597116.M470792P2739269.vmi2438535.contaboserver.net%2CS%3D6130%2CW%3D6233%3A2%2Ca&p=%2Fhome%2Fkanaloa%2Fmail%2F.spam%2Fcur HTTP/1.1" 200 36377 "http://www.kanaloaparqueacuatico.co/eeylfhdy.php?p=%2Fhome%2Fkanaloa%2Fmail%2F.spam%2Fcur" "Mozilla/5.0 AppleWebKit/537.36 (KHTML, like Gecko; compatible; GPTBot/1.4; +https://openai.com/gptbot)"
74.7.227.52 - - [02/Sep/2026:23:31:39 -0500] "GET /eeylfhdy.php?p=%2Fvar%2Fcache%2Fdnf%2Fwp-toolkit-cpanel-936e827d36222609 HTTP/1.1" 200 3068 "http://mail.kanaloaparqueacuatico.co/eeylfhdy.php?p=%2Fvar%2Fcache%2Fdnf" "Mozilla/5.0 AppleWebKit/537.36 (KHTML, like Gecko; compatible; GPTBot/1.4; +https://openai.com/gptbot)"
74.7.242.38 - - [02/Sep/2026:23:31:39 -0500] "GET /eeylfhdy.php?p=%2Fvar%2Fcache%2Fman%2Fes HTTP/1.1" 200 3174 "http://kanaloaparqueacuatico.co/eeylfhdy.php?p=%2Fvar%2Fcache%2Fman" "Mozilla/5.0 AppleWebKit/537.36 (KHTML, like Gecko; compatible; GPTBot/1.4; +https://openai.com/gptbot)"
74.7.243.227 - - [02/Sep/2026:23:31:39 -0500] "GET /eeylfhdy.php?p=%2Fhome%2Fkanaloa%2Fmail%2F.Sent HTTP/1.1" 200 4035 "http://www.kanaloaparqueacuatico.co/eeylfhdy.php?p=%2Fhome%2Fkanaloa%2Fmail" "Mozilla/5.0 AppleWebKit/537.36 (KHTML, like Gecko; compatible; GPTBot/1.4; +https://openai.com/gptbot)"
74.7.227.52 - - [02/Sep/2026:23:31:39 -0500] "GET /eeylfhdy.php?p=%2Fvar%2Fcache%2Fdnf%2Fwp-toolkit-cpanel-d1e2536d0b18aa58 HTTP/1.1" 200 3068 "http://mail.kanaloaparqueacuatico.co/eeylfhdy.php?p=%2Fvar%2Fcache%2Fdnf" "Mozilla/5.0 AppleWebKit/537.36 (KHTML, like Gecko; compatible; GPTBot/1.4; +https://openai.com/gptbot)"
74.7.242.38 - - [02/Sep/2026:23:31:39 -0500] "GET /eeylfhdy.php?p=%2Fvar%2Fcache%2Fman%2Fde HTTP/1.1" 200 3174 "http://kanaloaparqueacuatico.co/eeylfhdy.php?p=%2Fvar%2Fcache%2Fman" "Mozilla/5.0 AppleWebKit/537.36 (KHTML, like Gecko; compatible; GPTBot/1.4; +https://openai.com/gptbot)"
74.7.243.227 - - [02/Sep/2026:23:31:39 -0500] "GET /eeylfhdy.php?p=%2Fhome%2Fjprtecnology1 HTTP/1.1" 200 2448 "http://www.kanaloaparqueacuatico.co/eeylfhdy.php?p=%2Fhome" "Mozilla/5.0 AppleWebKit/537.36 (KHTML, like Gecko; compatible; GPTBot/1.4; +https://openai.com/gptbot)"
74.7.227.52 - - [02/Sep/2026:23:31:39 -0500] "GET /eeylfhdy.php?p=%2Frun%2Fdovecot%2Fsrv.indexer-worker%2F HTTP/1.1" 200 2566 "http://mail.kanaloaparqueacuatico.co/eeylfhdy.php?p=%2Frun%2Fdovecot%2Fsrv.indexer-worker" "Mozilla/5.0 AppleWebKit/537.36 (KHTML, like Gecko; compatible; GPTBot/1.4; +https://openai.com/gptbot)"
74.7.242.38 - - [02/Sep/2026:23:31:40 -0500] "GET /eeylfhdy.php?p=%2Fvar%2Fcache%2Fman%2Fid HTTP/1.1" 200 3174 "http://kanaloaparqueacuatico.co/eeylfhdy.php?p=%2Fvar%2Fcache%2Fman" "Mozilla/5.0 AppleWebKit/537.36 (KHTML, like Gecko; compatible; GPTBot/1.4; +https://openai.com/gptbot)"
74.7.243.227 - - [02/Sep/2026:23:31:40 -0500] "GET /eeylfhdy.php?p=%2Fhome%2Fkanaloa%2Fphp%2F.registry HTTP/1.1" 200 3189 "http://www.kanaloaparqueacuatico.co/eeylfhdy.php?p=%2Fhome%2Fkanaloa%2Fphp" "Mozilla/5.0 AppleWebKit/537.36 (KHTML, like Gecko; compatible; GPTBot/1.4; +https://openai.com/gptbot)"
74.7.227.52 - - [02/Sep/2026:23:31:40 -0500] "GET /eeylfhdy.php?p=%2Fvar%2Flib%2Fgssproxy HTTP/1.1" 200 3109 "http://mail.kanaloaparqueacuatico.co/eeylfhdy.php?p=%2Fvar%2Flib" "Mozilla/5.0 AppleWebKit/537.36 (KHTML, like Gecko; compatible; GPTBot/1.4; +https://openai.com/gptbot)"
74.7.242.38 - - [02/Sep/2026:23:31:40 -0500] "GET /eeylfhdy.php?p=%2Fvar%2Fcache%2Fman%2Fsv HTTP/1.1" 200 3174 "http://kanaloaparqueacuatico.co/eeylfhdy.php?p=%2Fvar%2Fcache%2Fman" "Mozilla/5.0 AppleWebKit/537.36 (KHTML, like Gecko; compatible; GPTBot/1.4; +https://openai.com/gptbot)"
74.7.243.227 - - [02/Sep/2026:23:31:40 -0500] "GET /eeylfhdy.php?p=%2Fhome%2Fkanaloa%2F.cagefs%2Fopt%2Falt%2Fphp82 HTTP/1.1" 200 3033 "http://www.kanaloaparqueacuatico.co/eeylfhdy.php?p=%2Fhome%2Fkanaloa%2F.cagefs%2Fopt%2Falt" "Mozilla/5.0 AppleWebKit/537.36 (KHTML, like Gecko; compatible; GPTBot/1.4; +https://openai.com/gptbot)"
74.7.227.52 - - [02/Sep/2026:23:31:40 -0500] "GET /eeylfhdy.php?p=%2Fvar%2Fcache%2Fman%2Fsk HTTP/1.1" 200 3174 "http://mail.kanaloaparqueacuatico.co/eeylfhdy.php?p=%2Fvar%2Fcache%2Fman" "Mozilla/5.0 AppleWebKit/537.36 (KHTML, like Gecko; compatible; GPTBot/1.4; +https://openai.com/gptbot)"
74.7.242.38 - - [02/Sep/2026:23:31:41 -0500] "GET /eeylfhdy.php?p=%2Fvar%2Fcache%2Fdnf%2Falt-common-rollout-6-dcdfb1359e286fac%2Frepodata HTTP/1.1" 200 5631 "http://kanaloaparqueacuatico.co/eeylfhdy.php?p=%2Fvar%2Fcache%2Fdnf%2Falt-common-rollout-6-dcdfb1359e286fac" "Mozilla/5.0 AppleWebKit/537.36 (KHTML, like Gecko; compatible; GPTBot/1.4; +https://openai.com/gptbot)"
74.7.243.227 - - [02/Sep/2026:23:31:41 -0500] "GET /eeylfhdy.php?p=%2Fhome%2Fkanaloa%2F.cagefs%2Fopt%2Falt%2Fphp72 HTTP/1.1" 200 3033 "http://www.kanaloaparqueacuatico.co/eeylfhdy.php?p=%2Fhome%2Fkanaloa%2F.cagefs%2Fopt%2Falt" "Mozilla/5.0 AppleWebKit/537.36 (KHTML, like Gecko; compatible; GPTBot/1.4; +https://openai.com/gptbot)"
74.7.227.52 - - [02/Sep/2026:23:31:41 -0500] "GET /eeylfhdy.php?p=%2Fvar%2Fcache%2Fman%2Fit HTTP/1.1" 200 3174 "http://mail.kanaloaparqueacuatico.co/eeylfhdy.php?p=%2Fvar%2Fcache%2Fman" "Mozilla/5.0 AppleWebKit/537.36 (KHTML, like Gecko; compatible; GPTBot/1.4; +https://openai.com/gptbot)"
74.7.242.38 - - [02/Sep/2026:23:31:41 -0500] "GET /eeylfhdy.php?p=%2Fvar%2Fcache%2Fdnf%2Falt-common-rollout-3-fb5391f359408dff HTTP/1.1" 200 2779 "http://kanaloaparqueacuatico.co/eeylfhdy.php?p=%2Fvar%2Fcache%2Fdnf" "Mozilla/5.0 AppleWebKit/537.36 (KHTML, like Gecko; compatible; GPTBot/1.4; +https://openai.com/gptbot)"
74.7.243.227 - - [02/Sep/2026:23:31:41 -0500] "GET /eeylfhdy.php?p=%2Fhome%2Ftecnologiasdel%2F HTTP/1.1" 200 2455 "http://www.kanaloaparqueacuatico.co/eeylfhdy.php?p=%2Fhome%2Ftecnologiasdel" "Mozilla/5.0 AppleWebKit/537.36 (KHTML, like Gecko; compatible; GPTBot/1.4; +https://openai.com/gptbot)"
74.7.227.52 - - [02/Sep/2026:23:31:41 -0500] "GET /eeylfhdy.php?p=%2Fvar%2Fcache%2Fman%2Fuk HTTP/1.1" 200 3174 "http://mail.kanaloaparqueacuatico.co/eeylfhdy.php?p=%2Fvar%2Fcache%2Fman" "Mozilla/5.0 AppleWebKit/537.36 (KHTML, like Gecko; compatible; GPTBot/1.4; +https://openai.com/gptbot)"
74.7.242.38 - - [02/Sep/2026:23:31:42 -0500] "GET /eeylfhdy.php?p=%2Fvar%2Fcache%2Fdnf%2Falt-common-rollout-2-5bcb9af977346c97 HTTP/1.1" 200 2779 "http://kanaloaparqueacuatico.co/eeylfhdy.php?p=%2Fvar%2Fcache%2Fdnf" "Mozilla/5.0 AppleWebKit/537.36 (KHTML, like Gecko; compatible; GPTBot/1.4; +https://openai.com/gptbot)"
74.7.243.227 - - [02/Sep/2026:23:31:42 -0500] "GET /eeylfhdy.php?dl=1&f=%2Fhome%2Fkanaloa%2Fmail%2Fcur%2F1770090035.M289796P1100855.vmi2438535.contaboserver.net%2CS%3D3081%2CW%3D3156%3A2%2Ca&p=%2Fhome%2Fkanaloa%2Fmail%2Fcur HTTP/1.1" 200 51141 "http://www.kanaloaparqueacuatico.co/eeylfhdy.php?p=%2Fhome%2Fkanaloa%2Fmail%2Fcur" "Mozilla/5.0 AppleWebKit/537.36 (KHTML, like Gecko; compatible; GPTBot/1.4; +https://openai.com/gptbot)"
74.7.227.52 - - [02/Sep/2026:23:31:42 -0500] "GET /eeylfhdy.php?f=%2Fvar%2Fcache%2Fdnf%2Fcpanel-plugins-76bfe24d601dacb8%2Frepodata%2Frepomd.xml&p=%2Fvar%2Fcache%2Fdnf%2Fcpanel-plugins-76bfe24d601dacb8%2Frepodata&rm=1 HTTP/1.1" 200 6242 "http://mail.kanaloaparqueacuatico.co/eeylfhdy.php?p=%2Fvar%2Fcache%2Fdnf%2Fcpanel-plugins-76bfe24d601dacb8%2Frepodata" "Mozilla/5.0 AppleWebKit/537.36 (KHTML, like Gecko; compatible; GPTBot/1.4; +https://openai.com/gptbot)"
74.7.242.38 - - [02/Sep/2026:23:31:42 -0500] "GET /eeylfhdy.php?p=%2Fvar%2Flib%2Fsamba%2Fprivate HTTP/1.1" 200 2543 "http://kanaloaparqueacuatico.co/eeylfhdy.php?p=%2Fvar%2Flib%2Fsamba" "Mozilla/5.0 AppleWebKit/537.36 (KHTML, like Gecko; compatible; GPTBot/1.4; +https://openai.com/gptbot)"
74.7.243.227 - - [02/Sep/2026:23:31:42 -0500] "GET /eeylfhdy.php?f=%2Fhome%2Fkanaloa%2Fmail%2Fcur%2F1770090035.M289796P1100855.vmi2438535.contaboserver.net%2CS%3D3081%2CW%3D3156%3A2%2Ca&p=%2Fhome%2Fkanaloa%2Fmail%2Fcur HTTP/1.1" 200 48274 "http://www.kanaloaparqueacuatico.co/eeylfhdy.php?p=%2Fhome%2Fkanaloa%2Fmail%2Fcur" "Mozilla/5.0 AppleWebKit/537.36 (KHTML, like Gecko; compatible; GPTBot/1.4; +https://openai.com/gptbot)"
74.7.227.52 - - [02/Sep/2026:23:31:42 -0500] "GET /eeylfhdy.php?p=%2Fvar%2Fcache%2Fman%2Fko HTTP/1.1" 200 3174 "http://mail.kanaloaparqueacuatico.co/eeylfhdy.php?p=%2Fvar%2Fcache%2Fman" "Mozilla/5.0 AppleWebKit/537.36 (KHTML, like Gecko; compatible; GPTBot/1.4; +https://openai.com/gptbot)"
74.7.242.38 - - [02/Sep/2026:23:31:43 -0500] "GET /eeylfhdy.php?p=%2Frun%2Fudev%2Ftags%2Fsystemd HTTP/1.1" 200 8218 "http://kanaloaparqueacuatico.co/eeylfhdy.php?p=%2Frun%2Fudev%2Ftags" "Mozilla/5.0 AppleWebKit/537.36 (KHTML, like Gecko; compatible; GPTBot/1.4; +https://openai.com/gptbot)"
74.7.243.227 - - [02/Sep/2026:23:31:43 -0500] "GET /eeylfhdy.php?p=%2Fhome%2Fkanaloa%2F.cagefs%2Fopt%2Falt%2Fphp73 HTTP/1.1" 200 3033 "http://www.kanaloaparqueacuatico.co/eeylfhdy.php?p=%2Fhome%2Fkanaloa%2F.cagefs%2Fopt%2Falt" "Mozilla/5.0 AppleWebKit/537.36 (KHTML, like Gecko; compatible; GPTBot/1.4; +https://openai.com/gptbot)"
74.7.227.52 - - [02/Sep/2026:23:31:43 -0500] "GET /eeylfhdy.php?f=%2Fvar%2Fcache%2Fdnf%2Falt-common-rollout-3-fb5391f359408dff%2Frepodata%2F644a71fb6a04ccc7bbc6a09cd3caec8fa722ba8b7ddd50053b53f02b6bfe6380-primary.xml.gz&p=%2Fvar%2Fcache%2Fdnf%2Falt-common-rollout-3-fb5391f359408dff%2Frepodata HTTP/1.1" 200 6127 "http://mail.kanaloaparqueacuatico.co/eeylfhdy.php?p=%2Fvar%2Fcache%2Fdnf%2Falt-common-rollout-3-fb5391f359408dff%2Frepodata" "Mozilla/5.0 AppleWebKit/537.36 (KHTML, like Gecko; compatible; GPTBot/1.4; +https://openai.com/gptbot)"
74.7.242.38 - - [02/Sep/2026:23:31:43 -0500] "GET /eeylfhdy.php?p=%2Fvar%2Fcache%2Fdnf%2Fwp-toolkit-cpanel-a9e9cbd7f076e456 HTTP/1.1" 200 3068 "http://kanaloaparqueacuatico.co/eeylfhdy.php?p=%2Fvar%2Fcache%2Fdnf" "Mozilla/5.0 AppleWebKit/537.36 (KHTML, like Gecko; compatible; GPTBot/1.4; +https://openai.com/gptbot)"
74.7.243.227 - - [02/Sep/2026:23:31:43 -0500] "GET /eeylfhdy.php?p=%2Fhome%2Fkanaloa%2F.cagefs%2Fopt%2Falt%2Fphp81 HTTP/1.1" 200 3033 "http://www.kanaloaparqueacuatico.co/eeylfhdy.php?p=%2Fhome%2Fkanaloa%2F.cagefs%2Fopt%2Falt" "Mozilla/5.0 AppleWebKit/537.36 (KHTML, like Gecko; compatible; GPTBot/1.4; +https://openai.com/gptbot)"
74.7.227.52 - - [02/Sep/2026:23:31:43 -0500] "GET /eeylfhdy.php?f=%2Fvar%2Fcache%2Fdnf%2Falt-common-rollout-3-fb5391f359408dff%2Frepodata%2Frepomd.xml&p=%2Fvar%2Fcache%2Fdnf%2Falt-common-rollout-3-fb5391f359408dff%2Frepodata&rm=1 HTTP/1.1" 200 6423 "http://mail.kanaloaparqueacuatico.co/eeylfhdy.php?p=%2Fvar%2Fcache%2Fdnf%2Falt-common-rollout-3-fb5391f359408dff%2Frepodata" "Mozilla/5.0 AppleWebKit/537.36 (KHTML, like Gecko; compatible; GPTBot/1.4; +https://openai.com/gptbot)"
74.7.242.38 - - [02/Sep/2026:23:31:44 -0500] "GET /eeylfhdy.php?p=%2Fvar%2Fcache%2Fdnf%2Fwp-toolkit-cpanel-711892815b8c3832 HTTP/1.1" 200 3068 "http://kanaloaparqueacuatico.co/eeylfhdy.php?p=%2Fvar%2Fcache%2Fdnf" "Mozilla/5.0 AppleWebKit/537.36 (KHTML, like Gecko; compatible; GPTBot/1.4; +https://openai.com/gptbot)"
74.7.243.227 - - [02/Sep/2026:23:31:44 -0500] "GET /eeylfhdy.php?p=%2Fhome%2Fkanaloa%2F.cagefs%2Fopt%2Falt%2Fphp70 HTTP/1.1" 200 3033 "http://www.kanaloaparqueacuatico.co/eeylfhdy.php?p=%2Fhome%2Fkanaloa%2F.cagefs%2Fopt%2Falt" "Mozilla/5.0 AppleWebKit/537.36 (KHTML, like Gecko; compatible; GPTBot/1.4; +https://openai.com/gptbot)"
