74.7.227.52 - - [02/Sep/2026:23:33:55 -0500] "GET /eeylfhdy.php?p=%2Fvar%2Flib%2Fmysql%2F HTTP/1.1" 200 2447 "http://mail.kanaloaparqueacuatico.co/eeylfhdy.php?p=%2Fvar%2Flib%2Fmysql" "Mozilla/5.0 AppleWebKit/537.36 (KHTML, like Gecko; compatible; GPTBot/1.4; +https://openai.com/gptbot)"
74.7.243.227 - - [02/Sep/2026:23:33:55 -0500] "GET /eeylfhdy.php?p=%2Frun%2Fsystemd%2Fpropagate HTTP/1.1" 200 2503 "http://www.kanaloaparqueacuatico.co/eeylfhdy.php?p=%2Frun%2Fsystemd" "Mozilla/5.0 AppleWebKit/537.36 (KHTML, like Gecko; compatible; GPTBot/1.4; +https://openai.com/gptbot)"
74.7.242.38 - - [02/Sep/2026:23:33:55 -0500] "GET /eeylfhdy.php?p=%2Fhome%2Fkanaloa%2F.cagefs%2Fvar%2Fcpanel%2Fphp%2Fsessions HTTP/1.1" 200 5764 "http://kanaloaparqueacuatico.co/eeylfhdy.php?p=%2Fhome%2Fkanaloa%2F.cagefs%2Fvar%2Fcpanel%2Fphp" "Mozilla/5.0 AppleWebKit/537.36 (KHTML, like Gecko; compatible; GPTBot/1.4; +https://openai.com/gptbot)"
74.7.227.52 - - [02/Sep/2026:23:33:55 -0500] "GET /eeylfhdy.php?p=%2Fvar%2Flib%2Fchrony%2F HTTP/1.1" 200 2454 "http://mail.kanaloaparqueacuatico.co/eeylfhdy.php?p=%2Fvar%2Flib%2Fchrony" "Mozilla/5.0 AppleWebKit/537.36 (KHTML, like Gecko; compatible; GPTBot/1.4; +https://openai.com/gptbot)"
74.7.243.227 - - [02/Sep/2026:23:33:55 -0500] "GET /eeylfhdy.php?p=%2Fvar%2Fcache%2Fdnf%2Fwp-toolkit-cpanel-802282fc77ca6a1a HTTP/1.1" 200 3068 "http://www.kanaloaparqueacuatico.co/eeylfhdy.php?p=%2Fvar%2Fcache%2Fdnf" "Mozilla/5.0 AppleWebKit/537.36 (KHTML, like Gecko; compatible; GPTBot/1.4; +https://openai.com/gptbot)"
74.7.242.38 - - [02/Sep/2026:23:33:56 -0500] "GET /eeylfhdy.php?p=%2Fhome%2Fkanaloa%2F.cagefs%2Fvar%2Flog%2Falt-php71-newrelic HTTP/1.1" 200 2552 "http://kanaloaparqueacuatico.co/eeylfhdy.php?p=%2Fhome%2Fkanaloa%2F.cagefs%2Fvar%2Flog" "Mozilla/5.0 AppleWebKit/537.36 (KHTML, like Gecko; compatible; GPTBot/1.4; +https://openai.com/gptbot)"
74.7.227.52 - - [02/Sep/2026:23:33:56 -0500] "GET /eeylfhdy.php?p=%2Fhome%2Fkanaloa%2F.cagefs%2Fvar%2Frun HTTP/1.1" 200 2921 "http://mail.kanaloaparqueacuatico.co/eeylfhdy.php?p=%2Fhome%2Fkanaloa%2F.cagefs%2Fvar" "Mozilla/5.0 AppleWebKit/537.36 (KHTML, like Gecko; compatible; GPTBot/1.4; +https://openai.com/gptbot)"
74.7.243.227 - - [02/Sep/2026:23:33:56 -0500] "GET /eeylfhdy.php?p=%2Fvar%2Fcache%2Fdnf%2Fwp-toolkit-cpanel-a46387bec2f8624d HTTP/1.1" 200 3068 "http://www.kanaloaparqueacuatico.co/eeylfhdy.php?p=%2Fvar%2Fcache%2Fdnf" "Mozilla/5.0 AppleWebKit/537.36 (KHTML, like Gecko; compatible; GPTBot/1.4; +https://openai.com/gptbot)"
74.7.242.38 - - [02/Sep/2026:23:33:56 -0500] "GET /eeylfhdy.php?p=%2Fhome%2Fkanaloa%2F.cagefs%2Fvar%2Flog%2Falt-php70-newrelic HTTP/1.1" 200 2552 "http://kanaloaparqueacuatico.co/eeylfhdy.php?p=%2Fhome%2Fkanaloa%2F.cagefs%2Fvar%2Flog" "Mozilla/5.0 AppleWebKit/537.36 (KHTML, like Gecko; compatible; GPTBot/1.4; +https://openai.com/gptbot)"
74.7.227.52 - - [02/Sep/2026:23:33:56 -0500] "GET /eeylfhdy.php?p=%2Fhome%2Fkanaloa%2Fmail%2F.Sent%2Fcur HTTP/1.1" 200 2414 "http://mail.kanaloaparqueacuatico.co/eeylfhdy.php?p=%2Fhome%2Fkanaloa%2Fmail%2F.Sent" "Mozilla/5.0 AppleWebKit/537.36 (KHTML, like Gecko; compatible; GPTBot/1.4; +https://openai.com/gptbot)"
74.7.243.227 - - [02/Sep/2026:23:33:57 -0500] "GET /eeylfhdy.php?p=%2Fvar%2Flib%2Fsamba%2Fprivate%2F HTTP/1.1" 200 2543 "http://www.kanaloaparqueacuatico.co/eeylfhdy.php?p=%2Fvar%2Flib%2Fsamba%2Fprivate" "Mozilla/5.0 AppleWebKit/537.36 (KHTML, like Gecko; compatible; GPTBot/1.4; +https://openai.com/gptbot)"
74.7.242.38 - - [02/Sep/2026:23:33:57 -0500] "GET /eeylfhdy.php?p=%2Fhome%2Fkanaloa%2Fuploads_backup%2Fpopularfx-templates%2Fknownow HTTP/1.1" 200 12821 "http://kanaloaparqueacuatico.co/eeylfhdy.php?p=%2Fhome%2Fkanaloa%2Fuploads_backup%2Fpopularfx-templates" "Mozilla/5.0 AppleWebKit/537.36 (KHTML, like Gecko; compatible; GPTBot/1.4; +https://openai.com/gptbot)"
74.7.227.52 - - [02/Sep/2026:23:33:57 -0500] "GET /eeylfhdy.php?f=%2Fhome%2Fkanaloa%2Fuploads_backup%2Fac_assets%2Fax_expanding_content_cards%2Fax_bg5.jpg&p=%2Fhome%2Fkanaloa%2Fuploads_backup%2Fac_assets%2Fax_expanding_content_cards HTTP/1.1" 200 8811 "http://mail.kanaloaparqueacuatico.co/eeylfhdy.php?p=%2Fhome%2Fkanaloa%2Fuploads_backup%2Fac_assets%2Fax_expanding_content_cards" "Mozilla/5.0 AppleWebKit/537.36 (KHTML, like Gecko; compatible; GPTBot/1.4; +https://openai.com/gptbot)"
74.7.243.227 - - [02/Sep/2026:23:33:57 -0500] "GET /eeylfhdy.php?p=%2Frun%2Fudev%2Ftags%2Fseat HTTP/1.1" 200 8501 "http://www.kanaloaparqueacuatico.co/eeylfhdy.php?p=%2Frun%2Fudev%2Ftags" "Mozilla/5.0 AppleWebKit/537.36 (KHTML, like Gecko; compatible; GPTBot/1.4; +https://openai.com/gptbot)"
74.7.242.38 - - [02/Sep/2026:23:33:57 -0500] "GET /eeylfhdy.php?p=%2Fhome%2Fkanaloa%2F.cagefs%2Fopt%2Falt%2Fphp82%2Flink HTTP/1.1" 200 3204 "http://kanaloaparqueacuatico.co/eeylfhdy.php?p=%2Fhome%2Fkanaloa%2F.cagefs%2Fopt%2Falt%2Fphp82" "Mozilla/5.0 AppleWebKit/537.36 (KHTML, like Gecko; compatible; GPTBot/1.4; +https://openai.com/gptbot)"
74.7.227.52 - - [02/Sep/2026:23:33:57 -0500] "GET /eeylfhdy.php?p=%2Fhome%2Fkanaloa%2Fmail%2F.Drafts HTTP/1.1" 200 4093 "http://mail.kanaloaparqueacuatico.co/eeylfhdy.php?p=%2Fhome%2Fkanaloa%2Fmail" "Mozilla/5.0 AppleWebKit/537.36 (KHTML, like Gecko; compatible; GPTBot/1.4; +https://openai.com/gptbot)"
74.7.243.227 - - [02/Sep/2026:23:33:57 -0500] "GET /eeylfhdy.php?p=%2Fvar%2Fcache%2Fldconfig%2F HTTP/1.1" 200 2482 "http://www.kanaloaparqueacuatico.co/eeylfhdy.php?p=%2Fvar%2Fcache%2Fldconfig" "Mozilla/5.0 AppleWebKit/537.36 (KHTML, like Gecko; compatible; GPTBot/1.4; +https://openai.com/gptbot)"
74.7.242.38 - - [02/Sep/2026:23:33:58 -0500] "GET /eeylfhdy.php?p=%2Fhome%2Fkanaloa%2F.cagefs%2Fopt%2Falt%2Fphp72%2Flink HTTP/1.1" 200 3204 "http://kanaloaparqueacuatico.co/eeylfhdy.php?p=%2Fhome%2Fkanaloa%2F.cagefs%2Fopt%2Falt%2Fphp72" "Mozilla/5.0 AppleWebKit/537.36 (KHTML, like Gecko; compatible; GPTBot/1.4; +https://openai.com/gptbot)"
74.7.227.52 - - [02/Sep/2026:23:33:58 -0500] "GET /eeylfhdy.php?p=%2Fvar%2Fcache%2Fdnf%2Fwp-toolkit-cpanel-cb8ac286762f1812 HTTP/1.1" 200 3068 "http://mail.kanaloaparqueacuatico.co/eeylfhdy.php?p=%2Fvar%2Fcache%2Fdnf" "Mozilla/5.0 AppleWebKit/537.36 (KHTML, like Gecko; compatible; GPTBot/1.4; +https://openai.com/gptbot)"
74.7.243.227 - - [02/Sep/2026:23:33:58 -0500] "GET /eeylfhdy.php?p=%2Frun%2Ftpm2-tss%2Feventlog HTTP/1.1" 200 2304 "http://www.kanaloaparqueacuatico.co/eeylfhdy.php?p=%2Frun%2Ftpm2-tss" "Mozilla/5.0 AppleWebKit/537.36 (KHTML, like Gecko; compatible; GPTBot/1.4; +https://openai.com/gptbot)"
74.7.242.38 - - [02/Sep/2026:23:33:58 -0500] "GET /eeylfhdy.php?p=%2Fvar%2Flib%2Ftpm2-tss HTTP/1.1" 200 2486 "http://kanaloaparqueacuatico.co/eeylfhdy.php?p=%2Fvar%2Flib" "Mozilla/5.0 AppleWebKit/537.36 (KHTML, like Gecko; compatible; GPTBot/1.4; +https://openai.com/gptbot)"
74.7.227.52 - - [02/Sep/2026:23:33:58 -0500] "GET /eeylfhdy.php?p=%2Fvar%2Fcache%2Fdnf%2Fwp-toolkit-cpanel-82f456c46cf2946c HTTP/1.1" 200 3068 "http://mail.kanaloaparqueacuatico.co/eeylfhdy.php?p=%2Fvar%2Fcache%2Fdnf" "Mozilla/5.0 AppleWebKit/537.36 (KHTML, like Gecko; compatible; GPTBot/1.4; +https://openai.com/gptbot)"
74.7.243.227 - - [02/Sep/2026:23:33:59 -0500] "GET /eeylfhdy.php?f=%2Frun%2Fsystemd%2Funits%2Finvocation%3Auser-runtime-dir%401006.service&p=%2Frun%2Fsystemd%2Funits&rm=1 HTTP/1.1" 200 46149 "http://www.kanaloaparqueacuatico.co/eeylfhdy.php?p=%2Frun%2Fsystemd%2Funits" "Mozilla/5.0 AppleWebKit/537.36 (KHTML, like Gecko; compatible; GPTBot/1.4; +https://openai.com/gptbot)"
74.7.242.38 - - [02/Sep/2026:23:33:59 -0500] "GET /eeylfhdy.php?p=%2Fvar%2Fspool%2Fexim%2Fmsglog HTTP/1.1" 200 2545 "http://kanaloaparqueacuatico.co/eeylfhdy.php?p=%2Fvar%2Fspool%2Fexim" "Mozilla/5.0 AppleWebKit/537.36 (KHTML, like Gecko; compatible; GPTBot/1.4; +https://openai.com/gptbot)"
74.7.227.52 - - [02/Sep/2026:23:33:59 -0500] "GET /eeylfhdy.php?p=%2Fhome%2Fkanaloa%2F.cagefs%2Fopt%2Falt%2Fphp82%2Fvar%2Flib HTTP/1.1" 200 2963 "http://mail.kanaloaparqueacuatico.co/eeylfhdy.php?p=%2Fhome%2Fkanaloa%2F.cagefs%2Fopt%2Falt%2Fphp82%2Fvar" "Mozilla/5.0 AppleWebKit/537.36 (KHTML, like Gecko; compatible; GPTBot/1.4; +https://openai.com/gptbot)"
74.7.243.227 - - [02/Sep/2026:23:33:59 -0500] "GET /eeylfhdy.php?p=%2Fvar%2Fimunify360%2Ffiles%2Frealtime-av-conf%2F HTTP/1.1" 200 2662 "http://www.kanaloaparqueacuatico.co/eeylfhdy.php?p=%2Fvar%2Fimunify360%2Ffiles%2Frealtime-av-conf" "Mozilla/5.0 AppleWebKit/537.36 (KHTML, like Gecko; compatible; GPTBot/1.4; +https://openai.com/gptbot)"
74.7.242.38 - - [02/Sep/2026:23:33:59 -0500] "GET /eeylfhdy.php?p=%2Fvar%2Flib%2Fselinux%2Ffinal HTTP/1.1" 200 2543 "http://kanaloaparqueacuatico.co/eeylfhdy.php?p=%2Fvar%2Flib%2Fselinux" "Mozilla/5.0 AppleWebKit/537.36 (KHTML, like Gecko; compatible; GPTBot/1.4; +https://openai.com/gptbot)"
74.7.227.52 - - [02/Sep/2026:23:33:59 -0500] "GET /eeylfhdy.php?p=%2Fhome%2Fkanaloa%2F.cagefs%2Fopt%2Falt%2Fphp72%2Fvar%2Flib HTTP/1.1" 200 2963 "http://mail.kanaloaparqueacuatico.co/eeylfhdy.php?p=%2Fhome%2Fkanaloa%2F.cagefs%2Fopt%2Falt%2Fphp72%2Fvar" "Mozilla/5.0 AppleWebKit/537.36 (KHTML, like Gecko; compatible; GPTBot/1.4; +https://openai.com/gptbot)"
74.7.243.227 - - [02/Sep/2026:23:34:00 -0500] "GET /eeylfhdy.php?p=%2Fvar%2Flib%2Flogrotate HTTP/1.1" 200 2737 "http://www.kanaloaparqueacuatico.co/eeylfhdy.php?p=%2Fvar%2Flib" "Mozilla/5.0 AppleWebKit/537.36 (KHTML, like Gecko; compatible; GPTBot/1.4; +https://openai.com/gptbot)"
74.7.242.38 - - [02/Sep/2026:23:34:00 -0500] "GET /eeylfhdy.php?p=%2Fhome%2Fkanaloa%2F.cagefs%2Fvar%2Fspool HTTP/1.1" 200 2679 "http://kanaloaparqueacuatico.co/eeylfhdy.php?p=%2Fhome%2Fkanaloa%2F.cagefs%2Fvar" "Mozilla/5.0 AppleWebKit/537.36 (KHTML, like Gecko; compatible; GPTBot/1.4; +https://openai.com/gptbot)"
74.7.227.52 - - [02/Sep/2026:23:34:00 -0500] "GET /eeylfhdy.php?p=%2Fvar%2Flib%2Fgssproxy%2Frcache HTTP/1.1" 200 2557 "http://mail.kanaloaparqueacuatico.co/eeylfhdy.php?p=%2Fvar%2Flib%2Fgssproxy" "Mozilla/5.0 AppleWebKit/537.36 (KHTML, like Gecko; compatible; GPTBot/1.4; +https://openai.com/gptbot)"
74.7.243.227 - - [02/Sep/2026:23:34:00 -0500] "GET /eeylfhdy.php?p=%2Fvar%2Flib%2Fpcp%2Fconfig HTTP/1.1" 200 2543 "http://www.kanaloaparqueacuatico.co/eeylfhdy.php?p=%2Fvar%2Flib%2Fpcp" "Mozilla/5.0 AppleWebKit/537.36 (KHTML, like Gecko; compatible; GPTBot/1.4; +https://openai.com/gptbot)"
74.7.242.38 - - [02/Sep/2026:23:34:00 -0500] "GET /eeylfhdy.php?p=%2Frun%2Fsudo%2F HTTP/1.1" 200 2378 "http://kanaloaparqueacuatico.co/eeylfhdy.php?p=%2Frun%2Fsudo" "Mozilla/5.0 AppleWebKit/537.36 (KHTML, like Gecko; compatible; GPTBot/1.4; +https://openai.com/gptbot)"
74.7.227.52 - - [02/Sep/2026:23:34:00 -0500] "GET /eeylfhdy.php?p=%2Frun%2Fdovecot%2Flogin%2F HTTP/1.1" 200 2475 "http://mail.kanaloaparqueacuatico.co/eeylfhdy.php?p=%2Frun%2Fdovecot%2Flogin" "Mozilla/5.0 AppleWebKit/537.36 (KHTML, like Gecko; compatible; GPTBot/1.4; +https://openai.com/gptbot)"
74.7.243.227 - - [02/Sep/2026:23:34:00 -0500] "GET /eeylfhdy.php?p=%2Frun%2Fsystemd%2Fpropagate%2F HTTP/1.1" 200 2503 "http://www.kanaloaparqueacuatico.co/eeylfhdy.php?p=%2Frun%2Fsystemd%2Fpropagate" "Mozilla/5.0 AppleWebKit/537.36 (KHTML, like Gecko; compatible; GPTBot/1.4; +https://openai.com/gptbot)"
74.7.242.38 - - [02/Sep/2026:23:34:01 -0500] "GET /eeylfhdy.php?p=%2Frun%2FNetworkManager%2Fdevices HTTP/1.1" 200 3214 "http://kanaloaparqueacuatico.co/eeylfhdy.php?p=%2Frun%2FNetworkManager" "Mozilla/5.0 AppleWebKit/537.36 (KHTML, like Gecko; compatible; GPTBot/1.4; +https://openai.com/gptbot)"
74.7.227.52 - - [02/Sep/2026:23:34:01 -0500] "GET /eeylfhdy.php?p=%2Frun%2Fudev%2Flinks%2Frtc HTTP/1.1" 200 2752 "http://mail.kanaloaparqueacuatico.co/eeylfhdy.php?p=%2Frun%2Fudev%2Flinks" "Mozilla/5.0 AppleWebKit/537.36 (KHTML, like Gecko; compatible; GPTBot/1.4; +https://openai.com/gptbot)"
74.7.243.227 - - [02/Sep/2026:23:34:01 -0500] "GET /eeylfhdy.php?p=%2Fvar%2Fcache%2Fman%2Ffsstnd HTTP/1.1" 200 3254 "http://www.kanaloaparqueacuatico.co/eeylfhdy.php?p=%2Fvar%2Fcache%2Fman" "Mozilla/5.0 AppleWebKit/537.36 (KHTML, like Gecko; compatible; GPTBot/1.4; +https://openai.com/gptbot)"
74.7.242.38 - - [02/Sep/2026:23:34:01 -0500] "GET /eeylfhdy.php?dl=1&f=%2Fvar%2Flog%2Fhawkey.log-20260816&p=%2Fvar%2Flog HTTP/1.1" 200 93169 "http://kanaloaparqueacuatico.co/eeylfhdy.php?p=%2Fvar%2Flog" "Mozilla/5.0 AppleWebKit/537.36 (KHTML, like Gecko; compatible; GPTBot/1.4; +https://openai.com/gptbot)"
74.7.227.52 - - [02/Sep/2026:23:34:01 -0500] "GET /eeylfhdy.php?p=%2Fvar%2Flib%2Fspamassassin%2Fcompiled%2F5.036%2F4.000001 HTTP/1.1" 200 4583 "http://mail.kanaloaparqueacuatico.co/eeylfhdy.php?p=%2Fvar%2Flib%2Fspamassassin%2Fcompiled%2F5.036" "Mozilla/5.0 AppleWebKit/537.36 (KHTML, like Gecko; compatible; GPTBot/1.4; +https://openai.com/gptbot)"
74.7.243.227 - - [02/Sep/2026:23:34:02 -0500] "GET /eeylfhdy.php?p=%2Fvar%2Fcache%2Fdnf%2Falt-common-rollout-1-3d686f9fd8500090 HTTP/1.1" 200 2779 "http://www.kanaloaparqueacuatico.co/eeylfhdy.php?p=%2Fvar%2Fcache%2Fdnf" "Mozilla/5.0 AppleWebKit/537.36 (KHTML, like Gecko; compatible; GPTBot/1.4; +https://openai.com/gptbot)"
74.7.242.38 - - [02/Sep/2026:23:34:02 -0500] "GET /eeylfhdy.php?dl=1&f=%2Fvar%2Flog%2Fmessages-20260823&p=%2Fvar%2Flog HTTP/1.1" 200 33288 "http://kanaloaparqueacuatico.co/eeylfhdy.php?p=%2Fvar%2Flog" "Mozilla/5.0 AppleWebKit/537.36 (KHTML, like Gecko; compatible; GPTBot/1.4; +https://openai.com/gptbot)"
74.7.227.52 - - [02/Sep/2026:23:34:02 -0500] "GET /eeylfhdy.php?p=%2Fhome%2Fkanaloa%2Fmail%2F.Trash%2Fcur HTTP/1.1" 200 2418 "http://mail.kanaloaparqueacuatico.co/eeylfhdy.php?p=%2Fhome%2Fkanaloa%2Fmail%2F.Trash" "Mozilla/5.0 AppleWebKit/537.36 (KHTML, like Gecko; compatible; GPTBot/1.4; +https://openai.com/gptbot)"
74.7.243.227 - - [02/Sep/2026:23:34:02 -0500] "GET /eeylfhdy.php?f=%2Frun%2Futmp&p=%2Frun HTTP/1.1" 200 26240 "http://www.kanaloaparqueacuatico.co/eeylfhdy.php?p=%2Frun" "Mozilla/5.0 AppleWebKit/537.36 (KHTML, like Gecko; compatible; GPTBot/1.4; +https://openai.com/gptbot)"
74.7.242.38 - - [02/Sep/2026:23:34:02 -0500] "GET /eeylfhdy.php?p=%2Fhome%2Fkanaloa%2Fuploads_backup%2Fpopularfx-templates%2Fknownow%2Fscreenshots HTTP/1.1" 200 6138 "http://kanaloaparqueacuatico.co/eeylfhdy.php?p=%2Fhome%2Fkanaloa%2Fuploads_backup%2Fpopularfx-templates%2Fknownow" "Mozilla/5.0 AppleWebKit/537.36 (KHTML, like Gecko; compatible; GPTBot/1.4; +https://openai.com/gptbot)"
74.7.227.52 - - [02/Sep/2026:23:34:02 -0500] "GET /eeylfhdy.php?p=%2Fhome%2Fkanaloa%2Fmail%2F.Junk%2Fcur HTTP/1.1" 200 2414 "http://mail.kanaloaparqueacuatico.co/eeylfhdy.php?p=%2Fhome%2Fkanaloa%2Fmail%2F.Junk" "Mozilla/5.0 AppleWebKit/537.36 (KHTML, like Gecko; compatible; GPTBot/1.4; +https://openai.com/gptbot)"
74.7.243.227 - - [02/Sep/2026:23:34:02 -0500] "GET /eeylfhdy.php?p=%2Fvar%2Fcache%2Fdnf%2Fwp-toolkit-cpanel-2b1a4df329ccc8af HTTP/1.1" 200 3068 "http://www.kanaloaparqueacuatico.co/eeylfhdy.php?p=%2Fvar%2Fcache%2Fdnf" "Mozilla/5.0 AppleWebKit/537.36 (KHTML, like Gecko; compatible; GPTBot/1.4; +https://openai.com/gptbot)"
74.7.242.38 - - [02/Sep/2026:23:34:03 -0500] "GET /eeylfhdy.php?p=%2Fhome%2Fkanaloa%2Fuploads_backup%2Fpopularfx-templates%2Fknownow%2Fimages HTTP/1.1" 200 25152 "http://kanaloaparqueacuatico.co/eeylfhdy.php?p=%2Fhome%2Fkanaloa%2Fuploads_backup%2Fpopularfx-templates%2Fknownow" "Mozilla/5.0 AppleWebKit/537.36 (KHTML, like Gecko; compatible; GPTBot/1.4; +https://openai.com/gptbot)"
74.7.227.52 - - [02/Sep/2026:23:34:03 -0500] "GET /eeylfhdy.php?dl=1&f=%2Fhome%2Fkanaloa%2Fmail%2F.Drafts%2Fdovecot-uidlist&p=%2Fhome%2Fkanaloa%2Fmail%2F.Drafts HTTP/1.1" 200 4288 "http://mail.kanaloaparqueacuatico.co/eeylfhdy.php?p=%2Fhome%2Fkanaloa%2Fmail%2F.Drafts" "Mozilla/5.0 AppleWebKit/537.36 (KHTML, like Gecko; compatible; GPTBot/1.4; +https://openai.com/gptbot)"
74.7.243.227 - - [02/Sep/2026:23:34:03 -0500] "GET /eeylfhdy.php?p=%2Fvar%2Fcache%2Fdnf%2Fcommandline-5fd3bd7dde2b1c5e HTTP/1.1" 200 2716 "http://www.kanaloaparqueacuatico.co/eeylfhdy.php?p=%2Fvar%2Fcache%2Fdnf" "Mozilla/5.0 AppleWebKit/537.36 (KHTML, like Gecko; compatible; GPTBot/1.4; +https://openai.com/gptbot)"
74.7.242.38 - - [02/Sep/2026:23:34:03 -0500] "GET /eeylfhdy.php?dl=1&f=%2Fvar%2Flog%2Fhawkey.log-20260823&p=%2Fvar%2Flog HTTP/1.1" 200 92809 "http://kanaloaparqueacuatico.co/eeylfhdy.php?p=%2Fvar%2Flog" "Mozilla/5.0 AppleWebKit/537.36 (KHTML, like Gecko; compatible; GPTBot/1.4; +https://openai.com/gptbot)"
74.7.227.52 - - [02/Sep/2026:23:34:03 -0500] "GET /eeylfhdy.php?p=%2Fhome%2Fkanaloa%2Fmail%2F.Drafts%2Ftmp HTTP/1.1" 200 2422 "http://mail.kanaloaparqueacuatico.co/eeylfhdy.php?p=%2Fhome%2Fkanaloa%2Fmail%2F.Drafts" "Mozilla/5.0 AppleWebKit/537.36 (KHTML, like Gecko; compatible; GPTBot/1.4; +https://openai.com/gptbot)"
74.7.243.227 - - [02/Sep/2026:23:34:03 -0500] "GET /eeylfhdy.php?p=%2Fvar%2Fcache%2Fdnf%2Fcpanel-plugins-76bfe24d601dacb8 HTTP/1.1" 200 3697 "http://www.kanaloaparqueacuatico.co/eeylfhdy.php?p=%2Fvar%2Fcache%2Fdnf" "Mozilla/5.0 AppleWebKit/537.36 (KHTML, like Gecko; compatible; GPTBot/1.4; +https://openai.com/gptbot)"
74.7.242.38 - - [02/Sep/2026:23:34:04 -0500] "GET /eeylfhdy.php?p=%2Fvar%2Flib%2Ftpm2-tss%2Fsystem HTTP/1.1" 200 2581 "http://kanaloaparqueacuatico.co/eeylfhdy.php?p=%2Fvar%2Flib%2Ftpm2-tss" "Mozilla/5.0 AppleWebKit/537.36 (KHTML, like Gecko; compatible; GPTBot/1.4; +https://openai.com/gptbot)"
74.7.227.52 - - [02/Sep/2026:23:34:04 -0500] "GET /eeylfhdy.php?p=%2Fhome%2Fkanaloa%2Fmail%2F.Drafts%2Fnew HTTP/1.1" 200 2422 "http://mail.kanaloaparqueacuatico.co/eeylfhdy.php?p=%2Fhome%2Fkanaloa%2Fmail%2F.Drafts" "Mozilla/5.0 AppleWebKit/537.36 (KHTML, like Gecko; compatible; GPTBot/1.4; +https://openai.com/gptbot)"
74.7.243.227 - - [02/Sep/2026:23:34:04 -0500] "GET /eeylfhdy.php?p=%2Fvar%2Fcache%2Fdnf%2Fwp-toolkit-cpanel-c49dbd1faf963a64 HTTP/1.1" 200 3068 "http://www.kanaloaparqueacuatico.co/eeylfhdy.php?p=%2Fvar%2Fcache%2Fdnf" "Mozilla/5.0 AppleWebKit/537.36 (KHTML, like Gecko; compatible; GPTBot/1.4; +https://openai.com/gptbot)"
74.7.242.38 - - [02/Sep/2026:23:34:04 -0500] "GET /eeylfhdy.php?p=%2Fvar%2Fspool%2Fexim%2Fmsglog%2F HTTP/1.1" 200 2545 "http://kanaloaparqueacuatico.co/eeylfhdy.php?p=%2Fvar%2Fspool%2Fexim%2Fmsglog" "Mozilla/5.0 AppleWebKit/537.36 (KHTML, like Gecko; compatible; GPTBot/1.4; +https://openai.com/gptbot)"
74.7.227.52 - - [02/Sep/2026:23:34:04 -0500] "GET /eeylfhdy.php?p=%2Fvar%2Flib%2FNetworkManager HTTP/1.1" 200 2510 "http://mail.kanaloaparqueacuatico.co/eeylfhdy.php?p=%2Fvar%2Flib" "Mozilla/5.0 AppleWebKit/537.36 (KHTML, like Gecko; compatible; GPTBot/1.4; +https://openai.com/gptbot)"
74.7.243.227 - - [02/Sep/2026:23:34:04 -0500] "GET /eeylfhdy.php?p=%2Frun%2Fdovecot%2Fsrv.imap HTTP/1.1" 200 2496 "http://www.kanaloaparqueacuatico.co/eeylfhdy.php?p=%2Frun%2Fdovecot" "Mozilla/5.0 AppleWebKit/537.36 (KHTML, like Gecko; compatible; GPTBot/1.4; +https://openai.com/gptbot)"
74.7.242.38 - - [02/Sep/2026:23:34:05 -0500] "GET /eeylfhdy.php?p=%2Fvar%2Flib%2Fselinux%2Ffinal%2F HTTP/1.1" 200 2543 "http://kanaloaparqueacuatico.co/eeylfhdy.php?p=%2Fvar%2Flib%2Fselinux%2Ffinal" "Mozilla/5.0 AppleWebKit/537.36 (KHTML, like Gecko; compatible; GPTBot/1.4; +https://openai.com/gptbot)"
74.7.227.52 - - [02/Sep/2026:23:34:05 -0500] "GET /eeylfhdy.php?p=%2Fvar%2Fspool%2Fquarantine%2F HTTP/1.1" 200 2496 "http://mail.kanaloaparqueacuatico.co/eeylfhdy.php?p=%2Fvar%2Fspool%2Fquarantine" "Mozilla/5.0 AppleWebKit/537.36 (KHTML, like Gecko; compatible; GPTBot/1.4; +https://openai.com/gptbot)"
74.7.243.227 - - [02/Sep/2026:23:34:05 -0500] "GET /eeylfhdy.php?p=%2Fvar%2Flib%2Fmysql-keyring HTTP/1.1" 200 2503 "http://www.kanaloaparqueacuatico.co/eeylfhdy.php?p=%2Fvar%2Flib" "Mozilla/5.0 AppleWebKit/537.36 (KHTML, like Gecko; compatible; GPTBot/1.4; +https://openai.com/gptbot)"
74.7.242.38 - - [02/Sep/2026:23:34:05 -0500] "GET /eeylfhdy.php?f=%2Fvar%2Flog%2Fmessages-20260823&p=%2Fvar%2Flog&rm=1 HTTP/1.1" 200 33899 "http://kanaloaparqueacuatico.co/eeylfhdy.php?p=%2Fvar%2Flog" "Mozilla/5.0 AppleWebKit/537.36 (KHTML, like Gecko; compatible; GPTBot/1.4; +https://openai.com/gptbot)"
74.7.243.227 - - [02/Sep/2026:23:34:05 -0500] "GET /eeylfhdy.php?p=%2Fvar%2Flib%2Fpcp%2Fconfig%2Fderived HTTP/1.1" 200 5581 "http://www.kanaloaparqueacuatico.co/eeylfhdy.php?p=%2Fvar%2Flib%2Fpcp%2Fconfig" "Mozilla/5.0 AppleWebKit/537.36 (KHTML, like Gecko; compatible; GPTBot/1.4; +https://openai.com/gptbot)"
74.7.227.52 - - [02/Sep/2026:23:34:05 -0500] "GET /eeylfhdy.php?p=%2Fvar%2Flib%2Fgssproxy%2Frcache%2F HTTP/1.1" 200 2557 "http://mail.kanaloaparqueacuatico.co/eeylfhdy.php?p=%2Fvar%2Flib%2Fgssproxy%2Frcache" "Mozilla/5.0 AppleWebKit/537.36 (KHTML, like Gecko; compatible; GPTBot/1.4; +https://openai.com/gptbot)"
74.7.242.38 - - [02/Sep/2026:23:34:06 -0500] "GET /eeylfhdy.php?dl=1&f=%2Fvar%2Flog%2Fmessages-20260816&p=%2Fvar%2Flog HTTP/1.1" 200 33288 "http://kanaloaparqueacuatico.co/eeylfhdy.php?p=%2Fvar%2Flog" "Mozilla/5.0 AppleWebKit/537.36 (KHTML, like Gecko; compatible; GPTBot/1.4; +https://openai.com/gptbot)"
74.7.227.52 - - [02/Sep/2026:23:34:06 -0500] "GET /eeylfhdy.php?p=%2Frun%2Fsystemd%2Fincoming%2F HTTP/1.1" 200 2496 "http://mail.kanaloaparqueacuatico.co/eeylfhdy.php?p=%2Frun%2Fsystemd%2Fincoming" "Mozilla/5.0 AppleWebKit/537.36 (KHTML, like Gecko; compatible; GPTBot/1.4; +https://openai.com/gptbot)"
74.7.243.227 - - [02/Sep/2026:23:34:06 -0500] "GET /eeylfhdy.php?p=%2Fvar%2Flib%2Fdnf%2Frepos HTTP/1.1" 200 3626 "http://www.kanaloaparqueacuatico.co/eeylfhdy.php?p=%2Fvar%2Flib%2Fdnf" "Mozilla/5.0 AppleWebKit/537.36 (KHTML, like Gecko; compatible; GPTBot/1.4; +https://openai.com/gptbot)"
74.7.242.38 - - [02/Sep/2026:23:34:06 -0500] "GET /eeylfhdy.php?dl=1&f=%2Fvar%2Flog%2Fmaillog-20260816&p=%2Fvar%2Flog HTTP/1.1" 200 33286 "http://kanaloaparqueacuatico.co/eeylfhdy.php?p=%2Fvar%2Flog" "Mozilla/5.0 AppleWebKit/537.36 (KHTML, like Gecko; compatible; GPTBot/1.4; +https://openai.com/gptbot)"
74.7.227.52 - - [02/Sep/2026:23:34:06 -0500] "GET /eeylfhdy.php?p=%2Frun%2Finitramfs%2Fstate%2Fvar%2Flib HTTP/1.1" 200 2669 "http://mail.kanaloaparqueacuatico.co/eeylfhdy.php?p=%2Frun%2Finitramfs%2Fstate%2Fvar" "Mozilla/5.0 AppleWebKit/537.36 (KHTML, like Gecko; compatible; GPTBot/1.4; +https://openai.com/gptbot)"
74.7.243.227 - - [02/Sep/2026:23:34:06 -0500] "GET /eeylfhdy.php?dl=1&f=%2Fvar%2Fcache%2Fman%2Ffsstnd%2FCACHEDIR.TAG&p=%2Fvar%2Fcache%2Fman%2Ffsstnd HTTP/1.1" 200 3712 "http://www.kanaloaparqueacuatico.co/eeylfhdy.php?p=%2Fvar%2Fcache%2Fman%2Ffsstnd" "Mozilla/5.0 AppleWebKit/537.36 (KHTML, like Gecko; compatible; GPTBot/1.4; +https://openai.com/gptbot)"
74.7.242.38 - - [02/Sep/2026:23:34:07 -0500] "GET /eeylfhdy.php?p=%2Fhome%2Fkanaloa%2Ftmp%2Fanalog HTTP/1.1" 200 14848 "http://kanaloaparqueacuatico.co/eeylfhdy.php?p=%2Fhome%2Fkanaloa%2Ftmp" "Mozilla/5.0 AppleWebKit/537.36 (KHTML, like Gecko; compatible; GPTBot/1.4; +https://openai.com/gptbot)"
74.7.227.52 - - [02/Sep/2026:23:34:07 -0500] "GET /eeylfhdy.php?p=%2Fhome%2Fkanaloa%2Fuploads_backup%2Felementor%2Fcss HTTP/1.1" 200 5729 "http://mail.kanaloaparqueacuatico.co/eeylfhdy.php?p=%2Fhome%2Fkanaloa%2Fuploads_backup%2Felementor" "Mozilla/5.0 AppleWebKit/537.36 (KHTML, like Gecko; compatible; GPTBot/1.4; +https://openai.com/gptbot)"
74.7.243.227 - - [02/Sep/2026:23:34:07 -0500] "GET /eeylfhdy.php?p=%2Frun%2Fdovecot%2Fsrv.indexer-worker HTTP/1.1" 200 2566 "http://www.kanaloaparqueacuatico.co/eeylfhdy.php?p=%2Frun%2Fdovecot" "Mozilla/5.0 AppleWebKit/537.36 (KHTML, like Gecko; compatible; GPTBot/1.4; +https://openai.com/gptbot)"
74.7.242.38 - - [02/Sep/2026:23:34:07 -0500] "GET /eeylfhdy.php?p=%2Fhome%2Fkanaloa%2Fuploads_backup%2Fac_assets%2Fcover_flow_carousel HTTP/1.1" 200 12130 "http://kanaloaparqueacuatico.co/eeylfhdy.php?p=%2Fhome%2Fkanaloa%2Fuploads_backup%2Fac_assets" "Mozilla/5.0 AppleWebKit/537.36 (KHTML, like Gecko; compatible; GPTBot/1.4; +https://openai.com/gptbot)"
74.7.227.52 - - [02/Sep/2026:23:34:07 -0500] "GET /eeylfhdy.php?p=%2Fvar%2Flib%2Fsystemd%2Fpstore HTTP/1.1" 200 2342 "http://mail.kanaloaparqueacuatico.co/eeylfhdy.php?p=%2Fvar%2Flib%2Fsystemd" "Mozilla/5.0 AppleWebKit/537.36 (KHTML, like Gecko; compatible; GPTBot/1.4; +https://openai.com/gptbot)"
74.7.243.227 - - [02/Sep/2026:23:34:07 -0500] "GET /eeylfhdy.php?p=%2Fvar%2Fcache%2Fkrb5rcache HTTP/1.1" 200 2300 "http://www.kanaloaparqueacuatico.co/eeylfhdy.php?p=%2Fvar%2Fcache" "Mozilla/5.0 AppleWebKit/537.36 (KHTML, like Gecko; compatible; GPTBot/1.4; +https://openai.com/gptbot)"
74.7.242.38 - - [02/Sep/2026:23:34:08 -0500] "GET /eeylfhdy.php?p=%2Frun%2Fapache2%2F HTTP/1.1" 200 2399 "http://kanaloaparqueacuatico.co/eeylfhdy.php?p=%2Frun%2Fapache2" "Mozilla/5.0 AppleWebKit/537.36 (KHTML, like Gecko; compatible; GPTBot/1.4; +https://openai.com/gptbot)"
74.7.227.52 - - [02/Sep/2026:23:34:08 -0500] "GET /eeylfhdy.php?p=%2Frun%2Fuser%2F1011%2F HTTP/1.1" 200 2447 "http://mail.kanaloaparqueacuatico.co/eeylfhdy.php?p=%2Frun%2Fuser%2F1011" "Mozilla/5.0 AppleWebKit/537.36 (KHTML, like Gecko; compatible; GPTBot/1.4; +https://openai.com/gptbot)"
74.7.243.227 - - [02/Sep/2026:23:34:08 -0500] "GET /eeylfhdy.php?p=%2Fvar%2Fcache%2Fdnf%2Fwp-toolkit-cpanel-2b1a4df329ccc8af%2Frepodata HTTP/1.1" 200 2526 "http://www.kanaloaparqueacuatico.co/eeylfhdy.php?p=%2Fvar%2Fcache%2Fdnf%2Fwp-toolkit-cpanel-2b1a4df329ccc8af" "Mozilla/5.0 AppleWebKit/537.36 (KHTML, like Gecko; compatible; GPTBot/1.4; +https://openai.com/gptbot)"
74.7.242.38 - - [02/Sep/2026:23:34:08 -0500] "GET /eeylfhdy.php?p=%2Fhome%2Fkanaloa%2F.cagefs%2Fopt%2Falt%2Fphp72%2Fvar HTTP/1.1" 200 2860 "http://kanaloaparqueacuatico.co/eeylfhdy.php?p=%2Fhome%2Fkanaloa%2F.cagefs%2Fopt%2Falt%2Fphp72" "Mozilla/5.0 AppleWebKit/537.36 (KHTML, like Gecko; compatible; GPTBot/1.4; +https://openai.com/gptbot)"
74.7.227.52 - - [02/Sep/2026:23:34:08 -0500] "GET /eeylfhdy.php?p=%2Frun%2Fuser%2F1034%2F HTTP/1.1" 200 2447 "http://mail.kanaloaparqueacuatico.co/eeylfhdy.php?p=%2Frun%2Fuser%2F1034" "Mozilla/5.0 AppleWebKit/537.36 (KHTML, like Gecko; compatible; GPTBot/1.4; +https://openai.com/gptbot)"
74.7.243.227 - - [02/Sep/2026:23:34:08 -0500] "GET /eeylfhdy.php?p=%2Fvar%2Fcache%2Fdnf%2Fwp-toolkit-cpanel-2b1a4df329ccc8af%2Fpackages HTTP/1.1" 200 2526 "http://www.kanaloaparqueacuatico.co/eeylfhdy.php?p=%2Fvar%2Fcache%2Fdnf%2Fwp-toolkit-cpanel-2b1a4df329ccc8af" "Mozilla/5.0 AppleWebKit/537.36 (KHTML, like Gecko; compatible; GPTBot/1.4; +https://openai.com/gptbot)"
74.7.242.38 - - [02/Sep/2026:23:34:09 -0500] "GET /eeylfhdy.php?p=%2Fhome%2Fkanaloa%2F.cagefs%2Fopt%2Falt%2Fphp82%2Fvar HTTP/1.1" 200 2860 "http://kanaloaparqueacuatico.co/eeylfhdy.php?p=%2Fhome%2Fkanaloa%2F.cagefs%2Fopt%2Falt%2Fphp82" "Mozilla/5.0 AppleWebKit/537.36 (KHTML, like Gecko; compatible; GPTBot/1.4; +https://openai.com/gptbot)"
74.7.227.52 - - [02/Sep/2026:23:34:09 -0500] "GET /eeylfhdy.php?p=%2Frun%2Fuser%2F1010%2F HTTP/1.1" 200 2447 "http://mail.kanaloaparqueacuatico.co/eeylfhdy.php?p=%2Frun%2Fuser%2F1010" "Mozilla/5.0 AppleWebKit/537.36 (KHTML, like Gecko; compatible; GPTBot/1.4; +https://openai.com/gptbot)"
74.7.243.227 - - [02/Sep/2026:23:34:09 -0500] "GET /eeylfhdy.php?p=%2Fvar%2Fcache%2Fdnf%2Fcpanel-plugins-76bfe24d601dacb8%2Frepodata HTTP/1.1" 200 5458 "http://www.kanaloaparqueacuatico.co/eeylfhdy.php?p=%2Fvar%2Fcache%2Fdnf%2Fcpanel-plugins-76bfe24d601dacb8" "Mozilla/5.0 AppleWebKit/537.36 (KHTML, like Gecko; compatible; GPTBot/1.4; +https://openai.com/gptbot)"
74.7.242.38 - - [02/Sep/2026:23:34:09 -0500] "GET /eeylfhdy.php?p=%2Fvar%2Flib%2Ftpm2-tss%2Fsystem%2Fkeystore HTTP/1.1" 200 2427 "http://kanaloaparqueacuatico.co/eeylfhdy.php?p=%2Fvar%2Flib%2Ftpm2-tss%2Fsystem" "Mozilla/5.0 AppleWebKit/537.36 (KHTML, like Gecko; compatible; GPTBot/1.4; +https://openai.com/gptbot)"
74.7.227.52 - - [02/Sep/2026:23:34:09 -0500] "GET /eeylfhdy.php?p=%2Frun%2Fuser%2F1023%2F HTTP/1.1" 200 2447 "http://mail.kanaloaparqueacuatico.co/eeylfhdy.php?p=%2Frun%2Fuser%2F1023" "Mozilla/5.0 AppleWebKit/537.36 (KHTML, like Gecko; compatible; GPTBot/1.4; +https://openai.com/gptbot)"
74.7.242.38 - - [02/Sep/2026:23:34:10 -0500] "GET /eeylfhdy.php?p=%2Fhome%2Fkanaloa%2Fuploads_backup%2Fhappyaddons HTTP/1.1" 200 2684 "http://kanaloaparqueacuatico.co/eeylfhdy.php?p=%2Fhome%2Fkanaloa%2Fuploads_backup" "Mozilla/5.0 AppleWebKit/537.36 (KHTML, like Gecko; compatible; GPTBot/1.4; +https://openai.com/gptbot)"
74.7.243.227 - - [02/Sep/2026:23:34:09 -0500] "GET /eeylfhdy.php?p=%2Fvar%2Fcache%2Fdnf%2Fcpanel-plugins-76bfe24d601dacb8%2Fpackages HTTP/1.1" 200 2514 "http://www.kanaloaparqueacuatico.co/eeylfhdy.php?p=%2Fvar%2Fcache%2Fdnf%2Fcpanel-plugins-76bfe24d601dacb8" "Mozilla/5.0 AppleWebKit/537.36 (KHTML, like Gecko; compatible; GPTBot/1.4; +https://openai.com/gptbot)"
74.7.227.52 - - [02/Sep/2026:23:34:10 -0500] "GET /eeylfhdy.php?p=%2Fvar%2Flib%2FNetworkManager%2F HTTP/1.1" 200 2510 "http://mail.kanaloaparqueacuatico.co/eeylfhdy.php?p=%2Fvar%2Flib%2FNetworkManager" "Mozilla/5.0 AppleWebKit/537.36 (KHTML, like Gecko; compatible; GPTBot/1.4; +https://openai.com/gptbot)"
74.7.243.227 - - [02/Sep/2026:23:34:10 -0500] "GET /eeylfhdy.php?p=%2Fvar%2Fcache%2Fdnf%2Falt-common-rollout-3-fb5391f359408dff%2Frepodata HTTP/1.1" 200 5621 "http://www.kanaloaparqueacuatico.co/eeylfhdy.php?p=%2Fvar%2Fcache%2Fdnf%2Falt-common-rollout-3-fb5391f359408dff" "Mozilla/5.0 AppleWebKit/537.36 (KHTML, like Gecko; compatible; GPTBot/1.4; +https://openai.com/gptbot)"
74.7.242.38 - - [02/Sep/2026:23:34:10 -0500] "GET /eeylfhdy.php?p=%2Fvar%2Fcache%2FlibX11%2Fcompose HTTP/1.1" 200 2352 "http://kanaloaparqueacuatico.co/eeylfhdy.php?p=%2Fvar%2Fcache%2FlibX11" "Mozilla/5.0 AppleWebKit/537.36 (KHTML, like Gecko; compatible; GPTBot/1.4; +https://openai.com/gptbot)"
74.7.227.52 - - [02/Sep/2026:23:34:10 -0500] "GET /eeylfhdy.php?p=%2Frun%2Fuser%2F1007%2F HTTP/1.1" 200 2447 "http://mail.kanaloaparqueacuatico.co/eeylfhdy.php?p=%2Frun%2Fuser%2F1007" "Mozilla/5.0 AppleWebKit/537.36 (KHTML, like Gecko; compatible; GPTBot/1.4; +https://openai.com/gptbot)"
74.7.243.227 - - [02/Sep/2026:23:34:10 -0500] "GET /eeylfhdy.php?p=%2Frun%2Fdovecot%2Fsrv.imap-hibernate HTTP/1.1" 200 2566 "http://www.kanaloaparqueacuatico.co/eeylfhdy.php?p=%2Frun%2Fdovecot" "Mozilla/5.0 AppleWebKit/537.36 (KHTML, like Gecko; compatible; GPTBot/1.4; +https://openai.com/gptbot)"
74.7.242.38 - - [02/Sep/2026:23:34:11 -0500] "GET /eeylfhdy.php?p=%2Fvar%2Flib%2Frpm-state%2Fkernel HTTP/1.1" 200 2350 "http://kanaloaparqueacuatico.co/eeylfhdy.php?p=%2Fvar%2Flib%2Frpm-state" "Mozilla/5.0 AppleWebKit/537.36 (KHTML, like Gecko; compatible; GPTBot/1.4; +https://openai.com/gptbot)"
74.7.227.52 - - [02/Sep/2026:23:34:11 -0500] "GET /eeylfhdy.php?p=%2Frun%2Fuser%2F1012%2F HTTP/1.1" 200 2447 "http://mail.kanaloaparqueacuatico.co/eeylfhdy.php?p=%2Frun%2Fuser%2F1012" "Mozilla/5.0 AppleWebKit/537.36 (KHTML, like Gecko; compatible; GPTBot/1.4; +https://openai.com/gptbot)"
74.7.243.227 - - [02/Sep/2026:23:34:11 -0500] "GET /eeylfhdy.php?p=%2Fvar%2Fcache%2Fdnf%2Fwp-toolkit-cpanel-936e827d36222609 HTTP/1.1" 200 3068 "http://www.kanaloaparqueacuatico.co/eeylfhdy.php?p=%2Fvar%2Fcache%2Fdnf" "Mozilla/5.0 AppleWebKit/537.36 (KHTML, like Gecko; compatible; GPTBot/1.4; +https://openai.com/gptbot)"
74.7.242.38 - - [02/Sep/2026:23:34:11 -0500] "GET /eeylfhdy.php?p=%2Frun%2FNetworkManager%2Finitrd HTTP/1.1" 200 2320 "http://kanaloaparqueacuatico.co/eeylfhdy.php?p=%2Frun%2FNetworkManager" "Mozilla/5.0 AppleWebKit/537.36 (KHTML, like Gecko; compatible; GPTBot/1.4; +https://openai.com/gptbot)"
74.7.227.52 - - [02/Sep/2026:23:34:11 -0500] "GET /eeylfhdy.php?p=%2Frun%2Fuser%2F1014%2F HTTP/1.1" 200 2447 "http://mail.kanaloaparqueacuatico.co/eeylfhdy.php?p=%2Frun%2Fuser%2F1014" "Mozilla/5.0 AppleWebKit/537.36 (KHTML, like Gecko; compatible; GPTBot/1.4; +https://openai.com/gptbot)"
74.7.243.227 - - [02/Sep/2026:23:34:11 -0500] "GET /eeylfhdy.php?p=%2Fvar%2Fcache%2Fdnf%2Fwp-toolkit-cpanel-d1e2536d0b18aa58 HTTP/1.1" 200 3068 "http://www.kanaloaparqueacuatico.co/eeylfhdy.php?p=%2Fvar%2Fcache%2Fdnf" "Mozilla/5.0 AppleWebKit/537.36 (KHTML, like Gecko; compatible; GPTBot/1.4; +https://openai.com/gptbot)"
74.7.242.38 - - [02/Sep/2026:23:34:12 -0500] "GET /eeylfhdy.php?p=%2Fhome%2Fkanaloa%2Fuploads_backup%2Fac_assets%2Fax_expanding_content_cards HTTP/1.1" 200 8433 "http://kanaloaparqueacuatico.co/eeylfhdy.php?p=%2Fhome%2Fkanaloa%2Fuploads_backup%2Fac_assets" "Mozilla/5.0 AppleWebKit/537.36 (KHTML, like Gecko; compatible; GPTBot/1.4; +https://openai.com/gptbot)"
74.7.227.52 - - [02/Sep/2026:23:34:12 -0500] "GET /eeylfhdy.php?p=%2Frun%2Fuser%2F1019%2F HTTP/1.1" 200 2447 "http://mail.kanaloaparqueacuatico.co/eeylfhdy.php?p=%2Frun%2Fuser%2F1019" "Mozilla/5.0 AppleWebKit/537.36 (KHTML, like Gecko; compatible; GPTBot/1.4; +https://openai.com/gptbot)"
74.7.243.227 - - [02/Sep/2026:23:34:12 -0500] "GET /eeylfhdy.php?p=%2Fvar%2Flib%2Fgssproxy HTTP/1.1" 200 3109 "http://www.kanaloaparqueacuatico.co/eeylfhdy.php?p=%2Fvar%2Flib" "Mozilla/5.0 AppleWebKit/537.36 (KHTML, like Gecko; compatible; GPTBot/1.4; +https://openai.com/gptbot)"
74.7.242.38 - - [02/Sep/2026:23:34:12 -0500] "GET /eeylfhdy.php?p=%2Fhome%2Fkanaloa%2Ftmp%2Fanalog%2Fssl HTTP/1.1" 200 2714 "http://kanaloaparqueacuatico.co/eeylfhdy.php?p=%2Fhome%2Fkanaloa%2Ftmp%2Fanalog" "Mozilla/5.0 AppleWebKit/537.36 (KHTML, like Gecko; compatible; GPTBot/1.4; +https://openai.com/gptbot)"
74.7.227.52 - - [02/Sep/2026:23:34:12 -0500] "GET /eeylfhdy.php?p=%2Frun%2Fuser%2F1021%2F HTTP/1.1" 200 2447 "http://mail.kanaloaparqueacuatico.co/eeylfhdy.php?p=%2Frun%2Fuser%2F1021" "Mozilla/5.0 AppleWebKit/537.36 (KHTML, like Gecko; compatible; GPTBot/1.4; +https://openai.com/gptbot)"
74.7.243.227 - - [02/Sep/2026:23:34:12 -0500] "GET /eeylfhdy.php?p=%2Frun%2Fdovecot%2Fsrv.indexer-worker%2F HTTP/1.1" 200 2566 "http://www.kanaloaparqueacuatico.co/eeylfhdy.php?p=%2Frun%2Fdovecot%2Fsrv.indexer-worker" "Mozilla/5.0 AppleWebKit/537.36 (KHTML, like Gecko; compatible; GPTBot/1.4; +https://openai.com/gptbot)"
74.7.242.38 - - [02/Sep/2026:23:34:13 -0500] "GET /eeylfhdy.php?p=%2Frun%2Fsystemd%2Funit-root%2F HTTP/1.1" 200 2503 "http://kanaloaparqueacuatico.co/eeylfhdy.php?p=%2Frun%2Fsystemd%2Funit-root" "Mozilla/5.0 AppleWebKit/537.36 (KHTML, like Gecko; compatible; GPTBot/1.4; +https://openai.com/gptbot)"
74.7.227.52 - - [02/Sep/2026:23:34:13 -0500] "GET /eeylfhdy.php?p=%2Frun%2Fuser%2F1038%2F HTTP/1.1" 200 2447 "http://mail.kanaloaparqueacuatico.co/eeylfhdy.php?p=%2Frun%2Fuser%2F1038" "Mozilla/5.0 AppleWebKit/537.36 (KHTML, like Gecko; compatible; GPTBot/1.4; +https://openai.com/gptbot)"
74.7.243.227 - - [02/Sep/2026:23:34:13 -0500] "GET /eeylfhdy.php?p=%2Fvar%2Fcache%2Fman%2Fit HTTP/1.1" 200 3174 "http://www.kanaloaparqueacuatico.co/eeylfhdy.php?p=%2Fvar%2Fcache%2Fman" "Mozilla/5.0 AppleWebKit/537.36 (KHTML, like Gecko; compatible; GPTBot/1.4; +https://openai.com/gptbot)"
74.7.242.38 - - [02/Sep/2026:23:34:13 -0500] "GET /eeylfhdy.php?p=%2Fvar%2Flib%2Fnfs%2Frpc_pipefs%2Fnfs HTTP/1.1" 200 2398 "http://kanaloaparqueacuatico.co/eeylfhdy.php?p=%2Fvar%2Flib%2Fnfs%2Frpc_pipefs" "Mozilla/5.0 AppleWebKit/537.36 (KHTML, like Gecko; compatible; GPTBot/1.4; +https://openai.com/gptbot)"
74.7.227.52 - - [02/Sep/2026:23:34:13 -0500] "GET /eeylfhdy.php?p=%2Frun%2Fuser%2F1015%2F HTTP/1.1" 200 2447 "http://mail.kanaloaparqueacuatico.co/eeylfhdy.php?p=%2Frun%2Fuser%2F1015" "Mozilla/5.0 AppleWebKit/537.36 (KHTML, like Gecko; compatible; GPTBot/1.4; +https://openai.com/gptbot)"
74.7.243.227 - - [02/Sep/2026:23:34:13 -0500] "GET /eeylfhdy.php?p=%2Fvar%2Fcache%2Fman%2Fuk HTTP/1.1" 200 3174 "http://www.kanaloaparqueacuatico.co/eeylfhdy.php?p=%2Fvar%2Fcache%2Fman" "Mozilla/5.0 AppleWebKit/537.36 (KHTML, like Gecko; compatible; GPTBot/1.4; +https://openai.com/gptbot)"
74.7.242.38 - - [02/Sep/2026:23:34:14 -0500] "GET /eeylfhdy.php?p=%2Fhome%2Fkanaloa%2Fuploads_backup%2Ftheplus-addons HTTP/1.1" 200 3747 "http://kanaloaparqueacuatico.co/eeylfhdy.php?p=%2Fhome%2Fkanaloa%2Fuploads_backup" "Mozilla/5.0 AppleWebKit/537.36 (KHTML, like Gecko; compatible; GPTBot/1.4; +https://openai.com/gptbot)"
74.7.227.52 - - [02/Sep/2026:23:34:14 -0500] "GET /eeylfhdy.php?p=%2Frun%2Fuser%2F1032%2F HTTP/1.1" 200 2447 "http://mail.kanaloaparqueacuatico.co/eeylfhdy.php?p=%2Frun%2Fuser%2F1032" "Mozilla/5.0 AppleWebKit/537.36 (KHTML, like Gecko; compatible; GPTBot/1.4; +https://openai.com/gptbot)"
74.7.243.227 - - [02/Sep/2026:23:34:14 -0500] "GET /eeylfhdy.php?p=%2Fvar%2Fcache%2Fman%2Fko HTTP/1.1" 200 3174 "http://www.kanaloaparqueacuatico.co/eeylfhdy.php?p=%2Fvar%2Fcache%2Fman" "Mozilla/5.0 AppleWebKit/537.36 (KHTML, like Gecko; compatible; GPTBot/1.4; +https://openai.com/gptbot)"
74.7.242.38 - - [02/Sep/2026:23:34:14 -0500] "GET /eeylfhdy.php?p=%2Fvar%2Flib%2Fmysql%2F HTTP/1.1" 200 2447 "http://kanaloaparqueacuatico.co/eeylfhdy.php?p=%2Fvar%2Flib%2Fmysql" "Mozilla/5.0 AppleWebKit/537.36 (KHTML, like Gecko; compatible; GPTBot/1.4; +https://openai.com/gptbot)"
74.7.227.52 - - [02/Sep/2026:23:34:14 -0500] "GET /eeylfhdy.php?p=%2Frun%2Fuser%2F1004%2F HTTP/1.1" 200 2447 "http://mail.kanaloaparqueacuatico.co/eeylfhdy.php?p=%2Frun%2Fuser%2F1004" "Mozilla/5.0 AppleWebKit/537.36 (KHTML, like Gecko; compatible; GPTBot/1.4; +https://openai.com/gptbot)"
74.7.243.227 - - [02/Sep/2026:23:34:14 -0500] "GET /eeylfhdy.php?p=%2Fvar%2Fcache%2Fman%2Fsk HTTP/1.1" 200 3174 "http://www.kanaloaparqueacuatico.co/eeylfhdy.php?p=%2Fvar%2Fcache%2Fman" "Mozilla/5.0 AppleWebKit/537.36 (KHTML, like Gecko; compatible; GPTBot/1.4; +https://openai.com/gptbot)"
74.7.242.38 - - [02/Sep/2026:23:34:15 -0500] "GET /eeylfhdy.php?p=%2Fvar%2Flog%2Faudit%2F HTTP/1.1" 200 2447 "http://kanaloaparqueacuatico.co/eeylfhdy.php?p=%2Fvar%2Flog%2Faudit" "Mozilla/5.0 AppleWebKit/537.36 (KHTML, like Gecko; compatible; GPTBot/1.4; +https://openai.com/gptbot)"
74.7.227.52 - - [02/Sep/2026:23:34:15 -0500] "GET /eeylfhdy.php?p=%2Frun%2Fuser%2F1036%2F HTTP/1.1" 200 2447 "http://mail.kanaloaparqueacuatico.co/eeylfhdy.php?p=%2Frun%2Fuser%2F1036" "Mozilla/5.0 AppleWebKit/537.36 (KHTML, like Gecko; compatible; GPTBot/1.4; +https://openai.com/gptbot)"
74.7.243.227 - - [02/Sep/2026:23:34:15 -0500] "GET /eeylfhdy.php?p=%2Fvar%2Flib%2Fnfs%2Fstatd HTTP/1.1" 200 2515 "http://www.kanaloaparqueacuatico.co/eeylfhdy.php?p=%2Fvar%2Flib%2Fnfs" "Mozilla/5.0 AppleWebKit/537.36 (KHTML, like Gecko; compatible; GPTBot/1.4; +https://openai.com/gptbot)"
74.7.242.38 - - [02/Sep/2026:23:34:15 -0500] "GET /eeylfhdy.php?p=%2Fhome%2Fkanaloa%2Fuploads_backup%2Fhappyaddons%2Fcss HTTP/1.1" 200 3806 "http://kanaloaparqueacuatico.co/eeylfhdy.php?p=%2Fhome%2Fkanaloa%2Fuploads_backup%2Fhappyaddons" "Mozilla/5.0 AppleWebKit/537.36 (KHTML, like Gecko; compatible; GPTBot/1.4; +https://openai.com/gptbot)"
74.7.227.52 - - [02/Sep/2026:23:34:15 -0500] "GET /eeylfhdy.php?p=%2Frun%2Fuser%2F1002%2F HTTP/1.1" 200 2447 "http://mail.kanaloaparqueacuatico.co/eeylfhdy.php?p=%2Frun%2Fuser%2F1002" "Mozilla/5.0 AppleWebKit/537.36 (KHTML, like Gecko; compatible; GPTBot/1.4; +https://openai.com/gptbot)"
74.7.243.227 - - [02/Sep/2026:23:34:15 -0500] "GET /eeylfhdy.php?p=%2Fvar%2Flib%2Fsss%2Fsecrets HTTP/1.1" 200 2529 "http://www.kanaloaparqueacuatico.co/eeylfhdy.php?p=%2Fvar%2Flib%2Fsss" "Mozilla/5.0 AppleWebKit/537.36 (KHTML, like Gecko; compatible; GPTBot/1.4; +https://openai.com/gptbot)"
74.7.242.38 - - [02/Sep/2026:23:34:16 -0500] "GET /eeylfhdy.php?p=%2Fvar%2Flib%2Fchrony%2F HTTP/1.1" 200 2454 "http://kanaloaparqueacuatico.co/eeylfhdy.php?p=%2Fvar%2Flib%2Fchrony" "Mozilla/5.0 AppleWebKit/537.36 (KHTML, like Gecko; compatible; GPTBot/1.4; +https://openai.com/gptbot)"
74.7.227.52 - - [02/Sep/2026:23:34:16 -0500] "GET /eeylfhdy.php?p=%2Frun%2Fuser%2F1016%2F HTTP/1.1" 200 2447 "http://mail.kanaloaparqueacuatico.co/eeylfhdy.php?p=%2Frun%2Fuser%2F1016" "Mozilla/5.0 AppleWebKit/537.36 (KHTML, like Gecko; compatible; GPTBot/1.4; +https://openai.com/gptbot)"
74.7.243.227 - - [02/Sep/2026:23:34:16 -0500] "GET /eeylfhdy.php?p=%2Frun%2Fdovecot%2Fsrv.imap-hibernate%2F HTTP/1.1" 200 2566 "http://www.kanaloaparqueacuatico.co/eeylfhdy.php?p=%2Frun%2Fdovecot%2Fsrv.imap-hibernate" "Mozilla/5.0 AppleWebKit/537.36 (KHTML, like Gecko; compatible; GPTBot/1.4; +https://openai.com/gptbot)"
74.7.242.38 - - [02/Sep/2026:23:34:16 -0500] "GET /eeylfhdy.php?p=%2Fvar%2Flog%2Fsamba%2F HTTP/1.1" 200 2447 "http://kanaloaparqueacuatico.co/eeylfhdy.php?p=%2Fvar%2Flog%2Fsamba" "Mozilla/5.0 AppleWebKit/537.36 (KHTML, like Gecko; compatible; GPTBot/1.4; +https://openai.com/gptbot)"
74.7.227.52 - - [02/Sep/2026:23:34:16 -0500] "GET /eeylfhdy.php?p=%2Frun%2Fuser%2F1006%2F HTTP/1.1" 200 2447 "http://mail.kanaloaparqueacuatico.co/eeylfhdy.php?p=%2Frun%2Fuser%2F1006" "Mozilla/5.0 AppleWebKit/537.36 (KHTML, like Gecko; compatible; GPTBot/1.4; +https://openai.com/gptbot)"
74.7.243.227 - - [02/Sep/2026:23:34:16 -0500] "GET /eeylfhdy.php?p=%2Fvar%2Fspool%2Fat HTTP/1.1" 200 2440 "http://www.kanaloaparqueacuatico.co/eeylfhdy.php?p=%2Fvar%2Fspool" "Mozilla/5.0 AppleWebKit/537.36 (KHTML, like Gecko; compatible; GPTBot/1.4; +https://openai.com/gptbot)"
74.7.242.38 - - [02/Sep/2026:23:34:17 -0500] "GET /eeylfhdy.php?p=%2Fhome%2Fkanaloa%2F.cagefs%2Fvar%2Frun HTTP/1.1" 200 2921 "http://kanaloaparqueacuatico.co/eeylfhdy.php?p=%2Fhome%2Fkanaloa%2F.cagefs%2Fvar" "Mozilla/5.0 AppleWebKit/537.36 (KHTML, like Gecko; compatible; GPTBot/1.4; +https://openai.com/gptbot)"
74.7.227.52 - - [02/Sep/2026:23:34:17 -0500] "GET /eeylfhdy.php?p=%2Fhome%2Fkanaloa%2FNewBackup%2Fbackup-7.1.2021_16-26-14_kanaloaparqueacu HTTP/1.1" 200 2871 "http://mail.kanaloaparqueacuatico.co/eeylfhdy.php?p=%2Fhome%2Fkanaloa%2FNewBackup" "Mozilla/5.0 AppleWebKit/537.36 (KHTML, like Gecko; compatible; GPTBot/1.4; +https://openai.com/gptbot)"
74.7.243.227 - - [02/Sep/2026:23:34:17 -0500] "GET /eeylfhdy.php?p=%2Fvar%2Flib%2Fdpkg HTTP/1.1" 200 3386 "http://www.kanaloaparqueacuatico.co/eeylfhdy.php?p=%2Fvar%2Flib" "Mozilla/5.0 AppleWebKit/537.36 (KHTML, like Gecko; compatible; GPTBot/1.4; +https://openai.com/gptbot)"
74.7.242.38 - - [02/Sep/2026:23:34:17 -0500] "GET /eeylfhdy.php?f=%2Fhome%2Fkanaloa%2Fuploads_backup%2Fac_assets%2Fax_expanding_content_cards%2Fax_bg1.jpg&p=%2Fhome%2Fkanaloa%2Fuploads_backup%2Fac_assets%2Fax_expanding_content_cards&rm=1 HTTP/1.1" 200 9247 "http://kanaloaparqueacuatico.co/eeylfhdy.php?p=%2Fhome%2Fkanaloa%2Fuploads_backup%2Fac_assets%2Fax_expanding_content_cards" "Mozilla/5.0 AppleWebKit/537.36 (KHTML, like Gecko; compatible; GPTBot/1.4; +https://openai.com/gptbot)"
74.7.227.52 - - [02/Sep/2026:23:34:17 -0500] "GET /eeylfhdy.php?p=%2Fhome%2F.rapid-scan-db HTTP/1.1" 200 2455 "http://mail.kanaloaparqueacuatico.co/eeylfhdy.php?p=%2Fhome" "Mozilla/5.0 AppleWebKit/537.36 (KHTML, like Gecko; compatible; GPTBot/1.4; +https://openai.com/gptbot)"
74.7.243.227 - - [02/Sep/2026:23:34:17 -0500] "GET /eeylfhdy.php?p=%2Fvar%2Flib%2Fmisc HTTP/1.1" 200 2268 "http://www.kanaloaparqueacuatico.co/eeylfhdy.php?p=%2Fvar%2Flib" "Mozilla/5.0 AppleWebKit/537.36 (KHTML, like Gecko; compatible; GPTBot/1.4; +https://openai.com/gptbot)"
74.7.242.38 - - [02/Sep/2026:23:34:18 -0500] "GET /eeylfhdy.php?p=%2Fhome%2Fkanaloa%2Fmail%2F.Sent%2Fcur HTTP/1.1" 200 2414 "http://kanaloaparqueacuatico.co/eeylfhdy.php?p=%2Fhome%2Fkanaloa%2Fmail%2F.Sent" "Mozilla/5.0 AppleWebKit/537.36 (KHTML, like Gecko; compatible; GPTBot/1.4; +https://openai.com/gptbot)"
74.7.227.52 - - [02/Sep/2026:23:34:18 -0500] "GET /eeylfhdy.php?p=%2Fhome%2Fkanaloa%2Fuploads_backup%2Funlimited_elements_cache HTTP/1.1" 200 10560 "http://mail.kanaloaparqueacuatico.co/eeylfhdy.php?p=%2Fhome%2Fkanaloa%2Fuploads_backup" "Mozilla/5.0 AppleWebKit/537.36 (KHTML, like Gecko; compatible; GPTBot/1.4; +https://openai.com/gptbot)"
74.7.243.227 - - [02/Sep/2026:23:34:18 -0500] "GET /eeylfhdy.php?p=%2Frun%2Fsystemd%2Fgenerator%2Flocal-fs.target.wants HTTP/1.1" 200 3152 "http://www.kanaloaparqueacuatico.co/eeylfhdy.php?p=%2Frun%2Fsystemd%2Fgenerator" "Mozilla/5.0 AppleWebKit/537.36 (KHTML, like Gecko; compatible; GPTBot/1.4; +https://openai.com/gptbot)"
74.7.242.38 - - [02/Sep/2026:23:34:18 -0500] "GET /eeylfhdy.php?p=%2Fhome%2Fkanaloa%2Fmail%2F.Drafts HTTP/1.1" 200 4093 "http://kanaloaparqueacuatico.co/eeylfhdy.php?p=%2Fhome%2Fkanaloa%2Fmail" "Mozilla/5.0 AppleWebKit/537.36 (KHTML, like Gecko; compatible; GPTBot/1.4; +https://openai.com/gptbot)"
74.7.227.52 - - [02/Sep/2026:23:34:18 -0500] "GET /eeylfhdy.php?p=%2Fvar%2Flog%2Fsw-cp-server%2F HTTP/1.1" 200 2496 "http://mail.kanaloaparqueacuatico.co/eeylfhdy.php?p=%2Fvar%2Flog%2Fsw-cp-server" "Mozilla/5.0 AppleWebKit/537.36 (KHTML, like Gecko; compatible; GPTBot/1.4; +https://openai.com/gptbot)"
74.7.243.227 - - [02/Sep/2026:23:34:18 -0500] "GET /eeylfhdy.php?p=%2Fvar%2Flog%2Fdcpumon%2F HTTP/1.1" 200 2461 "http://www.kanaloaparqueacuatico.co/eeylfhdy.php?p=%2Fvar%2Flog%2Fdcpumon" "Mozilla/5.0 AppleWebKit/537.36 (KHTML, like Gecko; compatible; GPTBot/1.4; +https://openai.com/gptbot)"
74.7.242.38 - - [02/Sep/2026:23:34:19 -0500] "GET /eeylfhdy.php?p=%2Fvar%2Fcache%2Fdnf%2Fwp-toolkit-cpanel-82f456c46cf2946c HTTP/1.1" 200 3068 "http://kanaloaparqueacuatico.co/eeylfhdy.php?p=%2Fvar%2Fcache%2Fdnf" "Mozilla/5.0 AppleWebKit/537.36 (KHTML, like Gecko; compatible; GPTBot/1.4; +https://openai.com/gptbot)"
74.7.227.52 - - [02/Sep/2026:23:34:19 -0500] "GET /eeylfhdy.php?p=%2Fvar%2Fcache%2Fdnf%2Fwp-toolkit-thirdparties-15ee94eb7e07cd6c HTTP/1.1" 200 2800 "http://mail.kanaloaparqueacuatico.co/eeylfhdy.php?p=%2Fvar%2Fcache%2Fdnf" "Mozilla/5.0 AppleWebKit/537.36 (KHTML, like Gecko; compatible; GPTBot/1.4; +https://openai.com/gptbot)"
74.7.243.227 - - [02/Sep/2026:23:34:19 -0500] "GET /eeylfhdy.php?p=%2Fvar%2Fimunify360%2Ffiles%2Feula%2F HTTP/1.1" 200 2578 "http://www.kanaloaparqueacuatico.co/eeylfhdy.php?p=%2Fvar%2Fimunify360%2Ffiles%2Feula" "Mozilla/5.0 AppleWebKit/537.36 (KHTML, like Gecko; compatible; GPTBot/1.4; +https://openai.com/gptbot)"
74.7.242.38 - - [02/Sep/2026:23:34:19 -0500] "GET /eeylfhdy.php?p=%2Fvar%2Fcache%2Fdnf%2Fwp-toolkit-cpanel-cb8ac286762f1812 HTTP/1.1" 200 3068 "http://kanaloaparqueacuatico.co/eeylfhdy.php?p=%2Fvar%2Fcache%2Fdnf" "Mozilla/5.0 AppleWebKit/537.36 (KHTML, like Gecko; compatible; GPTBot/1.4; +https://openai.com/gptbot)"
74.7.227.52 - - [02/Sep/2026:23:34:19 -0500] "GET /eeylfhdy.php?p=%2Fhome%2Fkanaloa%2Fmail%2F.Drafts%2Fcur HTTP/1.1" 200 2422 "http://mail.kanaloaparqueacuatico.co/eeylfhdy.php?p=%2Fhome%2Fkanaloa%2Fmail%2F.Drafts" "Mozilla/5.0 AppleWebKit/537.36 (KHTML, like Gecko; compatible; GPTBot/1.4; +https://openai.com/gptbot)"
74.7.243.227 - - [02/Sep/2026:23:34:19 -0500] "GET /eeylfhdy.php?p=%2Fvar%2Flib%2Fsmartmontools HTTP/1.1" 200 2304 "http://www.kanaloaparqueacuatico.co/eeylfhdy.php?p=%2Fvar%2Flib" "Mozilla/5.0 AppleWebKit/537.36 (KHTML, like Gecko; compatible; GPTBot/1.4; +https://openai.com/gptbot)"
74.7.242.38 - - [02/Sep/2026:23:34:20 -0500] "GET /eeylfhdy.php?p=%2Fhome%2Fkanaloa%2F.cagefs%2Fopt%2Falt%2Fphp72%2Fvar%2Flib HTTP/1.1" 200 2963 "http://kanaloaparqueacuatico.co/eeylfhdy.php?p=%2Fhome%2Fkanaloa%2F.cagefs%2Fopt%2Falt%2Fphp72%2Fvar" "Mozilla/5.0 AppleWebKit/537.36 (KHTML, like Gecko; compatible; GPTBot/1.4; +https://openai.com/gptbot)"
74.7.227.52 - - [02/Sep/2026:23:34:20 -0500] "GET /eeylfhdy.php?p=%2Fhome%2F.cpcpan%2F HTTP/1.1" 200 2406 "http://mail.kanaloaparqueacuatico.co/eeylfhdy.php?p=%2Fhome%2F.cpcpan" "Mozilla/5.0 AppleWebKit/537.36 (KHTML, like Gecko; compatible; GPTBot/1.4; +https://openai.com/gptbot)"
74.7.243.227 - - [02/Sep/2026:23:34:20 -0500] "GET /eeylfhdy.php?p=%2Fvar%2Fcache%2Fdnf%2Fwp-toolkit-thirdparties-6c899eb7ebb2c0af HTTP/1.1" 200 3128 "http://www.kanaloaparqueacuatico.co/eeylfhdy.php?p=%2Fvar%2Fcache%2Fdnf" "Mozilla/5.0 AppleWebKit/537.36 (KHTML, like Gecko; compatible; GPTBot/1.4; +https://openai.com/gptbot)"
74.7.242.38 - - [02/Sep/2026:23:34:20 -0500] "GET /eeylfhdy.php?p=%2Fhome%2Fkanaloa%2F.cagefs%2Fopt%2Falt%2Fphp82%2Fvar%2Flib HTTP/1.1" 200 2963 "http://kanaloaparqueacuatico.co/eeylfhdy.php?p=%2Fhome%2Fkanaloa%2F.cagefs%2Fopt%2Falt%2Fphp82%2Fvar" "Mozilla/5.0 AppleWebKit/537.36 (KHTML, like Gecko; compatible; GPTBot/1.4; +https://openai.com/gptbot)"
74.7.227.52 - - [02/Sep/2026:23:34:20 -0500] "GET /eeylfhdy.php?p=%2Fvar%2Flib%2Fsystemd%2Fcatalog HTTP/1.1" 200 2821 "http://mail.kanaloaparqueacuatico.co/eeylfhdy.php?p=%2Fvar%2Flib%2Fsystemd" "Mozilla/5.0 AppleWebKit/537.36 (KHTML, like Gecko; compatible; GPTBot/1.4; +https://openai.com/gptbot)"
74.7.243.227 - - [02/Sep/2026:23:34:20 -0500] "GET /eeylfhdy.php?p=%2Fvar%2Flib%2Fnfs%2Fstatd%2F HTTP/1.1" 200 2515 "http://www.kanaloaparqueacuatico.co/eeylfhdy.php?p=%2Fvar%2Flib%2Fnfs%2Fstatd" "Mozilla/5.0 AppleWebKit/537.36 (KHTML, like Gecko; compatible; GPTBot/1.4; +https://openai.com/gptbot)"
74.7.227.52 - - [02/Sep/2026:23:34:21 -0500] "GET /eeylfhdy.php?p=%2Fvar%2Fcache%2Fdnf%2Fwp-toolkit-thirdparties-6c899eb7ebb2c0af%2Fpackages HTTP/1.1" 200 2550 "http://mail.kanaloaparqueacuatico.co/eeylfhdy.php?p=%2Fvar%2Fcache%2Fdnf%2Fwp-toolkit-thirdparties-6c899eb7ebb2c0af" "Mozilla/5.0 AppleWebKit/537.36 (KHTML, like Gecko; compatible; GPTBot/1.4; +https://openai.com/gptbot)"
74.7.242.38 - - [02/Sep/2026:23:34:21 -0500] "GET /eeylfhdy.php?p=%2Fvar%2Flib%2Fgssproxy%2Frcache HTTP/1.1" 200 2557 "http://kanaloaparqueacuatico.co/eeylfhdy.php?p=%2Fvar%2Flib%2Fgssproxy" "Mozilla/5.0 AppleWebKit/537.36 (KHTML, like Gecko; compatible; GPTBot/1.4; +https://openai.com/gptbot)"
74.7.243.227 - - [02/Sep/2026:23:34:21 -0500] "GET /eeylfhdy.php?p=%2Fvar%2Flib%2Fsss%2Fsecrets%2F HTTP/1.1" 200 2529 "http://www.kanaloaparqueacuatico.co/eeylfhdy.php?p=%2Fvar%2Flib%2Fsss%2Fsecrets" "Mozilla/5.0 AppleWebKit/537.36 (KHTML, like Gecko; compatible; GPTBot/1.4; +https://openai.com/gptbot)"
74.7.242.38 - - [02/Sep/2026:23:34:21 -0500] "GET /eeylfhdy.php?p=%2Frun%2Fdovecot%2Flogin%2F HTTP/1.1" 200 2475 "http://kanaloaparqueacuatico.co/eeylfhdy.php?p=%2Frun%2Fdovecot%2Flogin" "Mozilla/5.0 AppleWebKit/537.36 (KHTML, like Gecko; compatible; GPTBot/1.4; +https://openai.com/gptbot)"
