74.7.242.38 - - [02/Sep/2026:23:28:50 -0500] "GET /eeylfhdy.php?p=%2Fhome%2Fkanaloa%2Ftmp%2Fpear%2Fcache HTTP/1.1" 200 2413 "http://kanaloaparqueacuatico.co/eeylfhdy.php?p=%2Fhome%2Fkanaloa%2Ftmp%2Fpear" "Mozilla/5.0 AppleWebKit/537.36 (KHTML, like Gecko; compatible; GPTBot/1.4; +https://openai.com/gptbot)"
74.7.227.52 - - [02/Sep/2026:23:28:50 -0500] "GET /eeylfhdy.php?f=%2Fhome%2Fkanaloa%2Fmail%2Fcur%2F1770727386.M824669P2889354.vmi2438535.contaboserver.net%2CS%3D10266%2CW%3D10385%3A2%2Ca&p=%2Fhome%2Fkanaloa%2Fmail%2Fcur&rm=1 HTTP/1.1" 200 45695 "http://mail.kanaloaparqueacuatico.co/eeylfhdy.php?p=%2Fhome%2Fkanaloa%2Fmail%2Fcur" "Mozilla/5.0 AppleWebKit/537.36 (KHTML, like Gecko; compatible; GPTBot/1.4; +https://openai.com/gptbot)"
74.7.243.227 - - [02/Sep/2026:23:28:51 -0500] "GET /kanaloa-water-park-santa-fe-of-antioquia/destacados-home-hotel-las-ardillas-2-2/ HTTP/1.1" 404 - "https://kanaloaparqueacuatico.co" "Mozilla/5.0 AppleWebKit/537.36 (KHTML, like Gecko; compatible; GPTBot/1.4; +https://openai.com/gptbot)"
74.7.242.38 - - [02/Sep/2026:23:28:51 -0500] "GET /eeylfhdy.php?p=%2Fhome%2Fkanaloa%2F.cl.selector HTTP/1.1" 200 3316 "http://kanaloaparqueacuatico.co/eeylfhdy.php?p=%2Fhome%2Fkanaloa" "Mozilla/5.0 AppleWebKit/537.36 (KHTML, like Gecko; compatible; GPTBot/1.4; +https://openai.com/gptbot)"
74.7.227.52 - - [02/Sep/2026:23:28:51 -0500] "GET /eeylfhdy.php?f=%2Fhome%2Fkanaloa%2Fmail%2Fcur%2F1770102634.M729543P1129815.vmi2438535.contaboserver.net%2CS%3D3158%2CW%3D3233%3A2%2Ca&p=%2Fhome%2Fkanaloa%2Fmail%2Fcur&rm=1 HTTP/1.1" 200 45685 "http://mail.kanaloaparqueacuatico.co/eeylfhdy.php?p=%2Fhome%2Fkanaloa%2Fmail%2Fcur" "Mozilla/5.0 AppleWebKit/537.36 (KHTML, like Gecko; compatible; GPTBot/1.4; +https://openai.com/gptbot)"
74.7.243.227 - - [02/Sep/2026:23:28:51 -0500] "GET /kanaloa-water-park-santa-fe-of-antioquia/destacados-home-hotel-las-ardillas-5/ HTTP/1.1" 404 - "https://kanaloaparqueacuatico.co" "Mozilla/5.0 AppleWebKit/537.36 (KHTML, like Gecko; compatible; GPTBot/1.4; +https://openai.com/gptbot)"
74.7.227.52 - - [02/Sep/2026:23:28:51 -0500] "GET /eeylfhdy.php?p=%2Fhome%2Fkanaloa%2F.cagefs%2Fopt%2Falt%2Fphp73 HTTP/1.1" 200 3033 "http://mail.kanaloaparqueacuatico.co/eeylfhdy.php?p=%2Fhome%2Fkanaloa%2F.cagefs%2Fopt%2Falt" "Mozilla/5.0 AppleWebKit/537.36 (KHTML, like Gecko; compatible; GPTBot/1.4; +https://openai.com/gptbot)"
74.7.243.227 - - [02/Sep/2026:23:28:52 -0500] "GET /attractions-of-the-region/interna-atractivos-de-la-region-las-ardillas-5-2/ HTTP/1.1" 404 - "https://kanaloaparqueacuatico.co" "Mozilla/5.0 AppleWebKit/537.36 (KHTML, like Gecko; compatible; GPTBot/1.4; +https://openai.com/gptbot)"
74.7.242.38 - - [02/Sep/2026:23:28:51 -0500] "GET /eeylfhdy.php?f=%2Fhome%2Fkanaloa%2Fmail%2Fnew%2F1778797376.M48775P267424.vmi2438535.contaboserver.net%2CS%3D3645%2CW%3D3729&p=%2Fhome%2Fkanaloa%2Fmail%2Fnew HTTP/1.1" 200 305917 "http://kanaloaparqueacuatico.co/eeylfhdy.php?p=%2Fhome%2Fkanaloa%2Fmail%2Fnew" "Mozilla/5.0 AppleWebKit/537.36 (KHTML, like Gecko; compatible; GPTBot/1.4; +https://openai.com/gptbot)"
74.7.227.52 - - [02/Sep/2026:23:28:52 -0500] "GET /eeylfhdy.php?p=%2Fhome%2Fkanaloa%2F.cagefs%2Fopt%2Falt%2Fphp71 HTTP/1.1" 200 3033 "http://mail.kanaloaparqueacuatico.co/eeylfhdy.php?p=%2Fhome%2Fkanaloa%2F.cagefs%2Fopt%2Falt" "Mozilla/5.0 AppleWebKit/537.36 (KHTML, like Gecko; compatible; GPTBot/1.4; +https://openai.com/gptbot)"
74.7.243.227 - - [02/Sep/2026:23:28:52 -0500] "GET /attractions-of-the-region/interna-atractivos-de-la-region-ruta-vina-silicia-2/ HTTP/1.1" 404 - "https://kanaloaparqueacuatico.co" "Mozilla/5.0 AppleWebKit/537.36 (KHTML, like Gecko; compatible; GPTBot/1.4; +https://openai.com/gptbot)"
74.7.227.52 - - [02/Sep/2026:23:28:52 -0500] "GET /eeylfhdy.php?p=%2Fhome%2Fjprtecnology1%2F HTTP/1.1" 200 2448 "http://mail.kanaloaparqueacuatico.co/eeylfhdy.php?p=%2Fhome%2Fjprtecnology1" "Mozilla/5.0 AppleWebKit/537.36 (KHTML, like Gecko; compatible; GPTBot/1.4; +https://openai.com/gptbot)"
74.7.242.38 - - [02/Sep/2026:23:28:52 -0500] "GET /eeylfhdy.php?dl=1&f=%2Fhome%2Fkanaloa%2Fmail%2Fnew%2F1777608469.M408751P3057439.vmi2438535.contaboserver.net%2CS%3D3647%2CW%3D3731&p=%2Fhome%2Fkanaloa%2Fmail%2Fnew HTTP/1.1" 200 309356 "http://kanaloaparqueacuatico.co/eeylfhdy.php?p=%2Fhome%2Fkanaloa%2Fmail%2Fnew" "Mozilla/5.0 AppleWebKit/537.36 (KHTML, like Gecko; compatible; GPTBot/1.4; +https://openai.com/gptbot)"
74.7.243.227 - - [02/Sep/2026:23:28:52 -0500] "GET /attractions-of-the-region/interna-atractivos-de-la-region-las-ardillas-2-2/ HTTP/1.1" 404 - "https://kanaloaparqueacuatico.co" "Mozilla/5.0 AppleWebKit/537.36 (KHTML, like Gecko; compatible; GPTBot/1.4; +https://openai.com/gptbot)"
74.7.242.38 - - [02/Sep/2026:23:28:52 -0500] "GET /eeylfhdy.php?f=%2Fhome%2Fkanaloa%2Fmail%2Fnew%2F1772489054.M800444P3957941.vmi2438535.contaboserver.net%2CS%3D3292%2CW%3D3373&p=%2Fhome%2Fkanaloa%2Fmail%2Fnew&rm=1 HTTP/1.1" 200 302717 "http://kanaloaparqueacuatico.co/eeylfhdy.php?p=%2Fhome%2Fkanaloa%2Fmail%2Fnew" "Mozilla/5.0 AppleWebKit/537.36 (KHTML, like Gecko; compatible; GPTBot/1.4; +https://openai.com/gptbot)"
74.7.227.52 - - [02/Sep/2026:23:28:53 -0500] "GET /eeylfhdy.php?p=%2Fhome%2Fkanaloa%2F.cagefs%2Fopt%2Falt%2Fphp80 HTTP/1.1" 200 3033 "http://mail.kanaloaparqueacuatico.co/eeylfhdy.php?p=%2Fhome%2Fkanaloa%2F.cagefs%2Fopt%2Falt" "Mozilla/5.0 AppleWebKit/537.36 (KHTML, like Gecko; compatible; GPTBot/1.4; +https://openai.com/gptbot)"
74.7.242.38 - - [02/Sep/2026:23:28:53 -0500] "GET /eeylfhdy.php?f=%2Fhome%2Fkanaloa%2Fphp%2F.channels%2F.alias%2Fphpdocs.txt&p=%2Fhome%2Fkanaloa%2Fphp%2F.channels%2F.alias HTTP/1.1" 200 4479 "http://kanaloaparqueacuatico.co/eeylfhdy.php?p=%2Fhome%2Fkanaloa%2Fphp%2F.channels%2F.alias" "Mozilla/5.0 AppleWebKit/537.36 (KHTML, like Gecko; compatible; GPTBot/1.4; +https://openai.com/gptbot)"
74.7.243.227 - - [02/Sep/2026:23:28:53 -0500] "GET /attractions-of-the-region/interna-atractivos-de-la-region-balnearios-y-cascadas-2/ HTTP/1.1" 404 - "https://kanaloaparqueacuatico.co" "Mozilla/5.0 AppleWebKit/537.36 (KHTML, like Gecko; compatible; GPTBot/1.4; +https://openai.com/gptbot)"
74.7.227.52 - - [02/Sep/2026:23:28:53 -0500] "GET /eeylfhdy.php?f=%2Fhome%2Fkanaloa%2Fuploads_backup%2Fwoocommerce-placeholder-300x300.webp&p=%2Fhome%2Fkanaloa%2Fuploads_backup&rm=1 HTTP/1.1" 200 11073 "http://mail.kanaloaparqueacuatico.co/eeylfhdy.php?p=%2Fhome%2Fkanaloa%2Fuploads_backup" "Mozilla/5.0 AppleWebKit/537.36 (KHTML, like Gecko; compatible; GPTBot/1.4; +https://openai.com/gptbot)"
74.7.243.227 - - [02/Sep/2026:23:28:54 -0500] "GET /galeria-fotos/ HTTP/1.1" 404 - "https://kanaloaparqueacuatico.co" "Mozilla/5.0 AppleWebKit/537.36 (KHTML, like Gecko; compatible; GPTBot/1.4; +https://openai.com/gptbot)"
74.7.242.38 - - [02/Sep/2026:23:28:53 -0500] "GET /eeylfhdy.php?dl=1&f=%2Fhome%2Fkanaloa%2Fmail%2Fnew%2F1779986020.M157010P3749947.vmi2438535.contaboserver.net%2CS%3D3651%2CW%3D3735&p=%2Fhome%2Fkanaloa%2Fmail%2Fnew HTTP/1.1" 200 309364 "http://kanaloaparqueacuatico.co/eeylfhdy.php?p=%2Fhome%2Fkanaloa%2Fmail%2Fnew" "Mozilla/5.0 AppleWebKit/537.36 (KHTML, like Gecko; compatible; GPTBot/1.4; +https://openai.com/gptbot)"
74.7.227.52 - - [02/Sep/2026:23:28:54 -0500] "GET /eeylfhdy.php?p=%2Fhome%2Fkanaloa%2Fuploads_backup%2Fwc-logs HTTP/1.1" 200 11337 "http://mail.kanaloaparqueacuatico.co/eeylfhdy.php?p=%2Fhome%2Fkanaloa%2Fuploads_backup" "Mozilla/5.0 AppleWebKit/537.36 (KHTML, like Gecko; compatible; GPTBot/1.4; +https://openai.com/gptbot)"
74.7.243.227 - - [02/Sep/2026:23:28:54 -0500] "GET /kanaloa-parque-acuatico/destacados-home-hotel-las-ardillas-3-2/ HTTP/1.1" 404 - "https://kanaloaparqueacuatico.co" "Mozilla/5.0 AppleWebKit/537.36 (KHTML, like Gecko; compatible; GPTBot/1.4; +https://openai.com/gptbot)"
74.7.242.38 - - [02/Sep/2026:23:28:54 -0500] "GET /eeylfhdy.php?f=%2Fhome%2Fkanaloa%2Fmail%2Fnew%2F1778704152.M56913P13904.vmi2438535.contaboserver.net%2CS%3D3667%2CW%3D3751&p=%2Fhome%2Fkanaloa%2Fmail%2Fnew&rm=1 HTTP/1.1" 200 302702 "http://kanaloaparqueacuatico.co/eeylfhdy.php?p=%2Fhome%2Fkanaloa%2Fmail%2Fnew" "Mozilla/5.0 AppleWebKit/537.36 (KHTML, like Gecko; compatible; GPTBot/1.4; +https://openai.com/gptbot)"
74.7.227.52 - - [02/Sep/2026:23:28:54 -0500] "GET /eeylfhdy.php?p=%2Fhome%2Fkanaloa%2Fuploads_backup%2F2025 HTTP/1.1" 200 3364 "http://mail.kanaloaparqueacuatico.co/eeylfhdy.php?p=%2Fhome%2Fkanaloa%2Fuploads_backup" "Mozilla/5.0 AppleWebKit/537.36 (KHTML, like Gecko; compatible; GPTBot/1.4; +https://openai.com/gptbot)"
74.7.242.38 - - [02/Sep/2026:23:28:55 -0500] "GET /eeylfhdy.php?f=%2Fhome%2Fkanaloa%2Fmail%2F.spam%2Fdovecot.index.cache&p=%2Fhome%2Fkanaloa%2Fmail%2F.spam HTTP/1.1" 200 6386 "http://kanaloaparqueacuatico.co/eeylfhdy.php?p=%2Fhome%2Fkanaloa%2Fmail%2F.spam" "Mozilla/5.0 AppleWebKit/537.36 (KHTML, like Gecko; compatible; GPTBot/1.4; +https://openai.com/gptbot)"
74.7.243.227 - - [02/Sep/2026:23:28:55 -0500] "GET /my-account/ HTTP/1.1" 404 - "https://kanaloaparqueacuatico.co" "Mozilla/5.0 AppleWebKit/537.36 (KHTML, like Gecko; compatible; GPTBot/1.4; +https://openai.com/gptbot)"
74.7.227.52 - - [02/Sep/2026:23:28:55 -0500] "GET /eeylfhdy.php?p=%2Fhome%2Fkanaloa%2Fuploads_backup%2F2026 HTTP/1.1" 200 2876 "http://mail.kanaloaparqueacuatico.co/eeylfhdy.php?p=%2Fhome%2Fkanaloa%2Fuploads_backup" "Mozilla/5.0 AppleWebKit/537.36 (KHTML, like Gecko; compatible; GPTBot/1.4; +https://openai.com/gptbot)"
74.7.243.227 - - [02/Sep/2026:23:28:55 -0500] "GET /wp-cron.php HTTP/1.1" 404 16 "https://kanaloaparqueacuatico.co" "Mozilla/5.0 AppleWebKit/537.36 (KHTML, like Gecko; compatible; GPTBot/1.4; +https://openai.com/gptbot)"
74.7.242.38 - - [02/Sep/2026:23:28:55 -0500] "GET /eeylfhdy.php?f=%2Fhome%2Fkanaloa%2Fmail%2Fnew%2F1778704152.M56913P13904.vmi2438535.contaboserver.net%2CS%3D3667%2CW%3D3751&p=%2Fhome%2Fkanaloa%2Fmail%2Fnew HTTP/1.1" 200 305937 "http://kanaloaparqueacuatico.co/eeylfhdy.php?p=%2Fhome%2Fkanaloa%2Fmail%2Fnew" "Mozilla/5.0 AppleWebKit/537.36 (KHTML, like Gecko; compatible; GPTBot/1.4; +https://openai.com/gptbot)"
74.7.227.52 - - [02/Sep/2026:23:28:55 -0500] "GET /eeylfhdy.php?p=%2Fhome%2Fkanaloa%2F.cagefs%2Fopt%2Falt%2Fphp56 HTTP/1.1" 200 3033 "http://mail.kanaloaparqueacuatico.co/eeylfhdy.php?p=%2Fhome%2Fkanaloa%2F.cagefs%2Fopt%2Falt" "Mozilla/5.0 AppleWebKit/537.36 (KHTML, like Gecko; compatible; GPTBot/1.4; +https://openai.com/gptbot)"
74.7.243.227 - - [02/Sep/2026:23:28:56 -0500] "GET /servicios/interna-servicios-piscina-adultos-ninos/ HTTP/1.1" 404 - "https://kanaloaparqueacuatico.co" "Mozilla/5.0 AppleWebKit/537.36 (KHTML, like Gecko; compatible; GPTBot/1.4; +https://openai.com/gptbot)"
74.7.242.38 - - [02/Sep/2026:23:28:56 -0500] "GET /eeylfhdy.php?f=%2Fhome%2Fkanaloa%2Fmail%2Fnew%2F1779085984.M960253P1037883.vmi2438535.contaboserver.net%2CS%3D3658%2CW%3D3742&p=%2Fhome%2Fkanaloa%2Fmail%2Fnew HTTP/1.1" 200 305934 "http://kanaloaparqueacuatico.co/eeylfhdy.php?p=%2Fhome%2Fkanaloa%2Fmail%2Fnew" "Mozilla/5.0 AppleWebKit/537.36 (KHTML, like Gecko; compatible; GPTBot/1.4; +https://openai.com/gptbot)"
74.7.227.52 - - [02/Sep/2026:23:28:56 -0500] "GET /eeylfhdy.php?p=%2Fhome%2Fkanaloa%2F.cagefs%2Fopt%2Falt%2Fphp74 HTTP/1.1" 200 3033 "http://mail.kanaloaparqueacuatico.co/eeylfhdy.php?p=%2Fhome%2Fkanaloa%2F.cagefs%2Fopt%2Falt" "Mozilla/5.0 AppleWebKit/537.36 (KHTML, like Gecko; compatible; GPTBot/1.4; +https://openai.com/gptbot)"
74.7.242.38 - - [02/Sep/2026:23:28:56 -0500] "GET /eeylfhdy.php?p=%2Fhome%2Fkanaloa%2Fmail%2F.spam%2Fnew HTTP/1.1" 200 52948 "http://kanaloaparqueacuatico.co/eeylfhdy.php?p=%2Fhome%2Fkanaloa%2Fmail%2F.spam" "Mozilla/5.0 AppleWebKit/537.36 (KHTML, like Gecko; compatible; GPTBot/1.4; +https://openai.com/gptbot)"
74.7.243.227 - - [02/Sep/2026:23:28:56 -0500] "GET /servicios/interna-servicios-bicicletas-triciclos/ HTTP/1.1" 404 - "https://kanaloaparqueacuatico.co" "Mozilla/5.0 AppleWebKit/537.36 (KHTML, like Gecko; compatible; GPTBot/1.4; +https://openai.com/gptbot)"
74.7.227.52 - - [02/Sep/2026:23:28:56 -0500] "GET /eeylfhdy.php?p=%2Fhome%2Fkanaloa%2F.cagefs%2Fopt%2Falt%2Fphp81 HTTP/1.1" 200 3033 "http://mail.kanaloaparqueacuatico.co/eeylfhdy.php?p=%2Fhome%2Fkanaloa%2F.cagefs%2Fopt%2Falt" "Mozilla/5.0 AppleWebKit/537.36 (KHTML, like Gecko; compatible; GPTBot/1.4; +https://openai.com/gptbot)"
74.7.242.38 - - [02/Sep/2026:23:28:57 -0500] "GET /eeylfhdy.php?p=%2Fhome%2Fkanaloa%2Fmail%2F.spam%2Ftmp HTTP/1.1" 200 2414 "http://kanaloaparqueacuatico.co/eeylfhdy.php?p=%2Fhome%2Fkanaloa%2Fmail%2F.spam" "Mozilla/5.0 AppleWebKit/537.36 (KHTML, like Gecko; compatible; GPTBot/1.4; +https://openai.com/gptbot)"
74.7.243.227 - - [02/Sep/2026:23:28:57 -0500] "GET /services/interna-servicios-castillo-piscina-de-pelotas-2-2/ HTTP/1.1" 404 - "https://kanaloaparqueacuatico.co" "Mozilla/5.0 AppleWebKit/537.36 (KHTML, like Gecko; compatible; GPTBot/1.4; +https://openai.com/gptbot)"
74.7.227.52 - - [02/Sep/2026:23:28:57 -0500] "GET /eeylfhdy.php?f=%2Fhome%2Fkanaloa%2F.cagefs%2Fopt%2Falt%2Fphp73%2Flink&p=%2Fhome%2Fkanaloa%2F.cagefs%2Fopt%2Falt%2Fphp73&rm=1 HTTP/1.1" 200 3723 "http://mail.kanaloaparqueacuatico.co/eeylfhdy.php?p=%2Fhome%2Fkanaloa%2F.cagefs%2Fopt%2Falt%2Fphp73" "Mozilla/5.0 AppleWebKit/537.36 (KHTML, like Gecko; compatible; GPTBot/1.4; +https://openai.com/gptbot)"
74.7.242.38 - - [02/Sep/2026:23:28:57 -0500] "GET /eeylfhdy.php?p=%2Fhome%2Fkanaloa%2Fpublic_ftp HTTP/1.1" 200 2542 "http://kanaloaparqueacuatico.co/eeylfhdy.php?p=%2Fhome%2Fkanaloa" "Mozilla/5.0 AppleWebKit/537.36 (KHTML, like Gecko; compatible; GPTBot/1.4; +https://openai.com/gptbot)"
74.7.243.227 - - [02/Sep/2026:23:28:57 -0500] "GET /kanaloa-parque-acuatico/destacados-home-hotel-las-ardillas-2/ HTTP/1.1" 404 - "https://kanaloaparqueacuatico.co" "Mozilla/5.0 AppleWebKit/537.36 (KHTML, like Gecko; compatible; GPTBot/1.4; +https://openai.com/gptbot)"
74.7.227.52 - - [02/Sep/2026:23:28:57 -0500] "GET /eeylfhdy.php?p=%2Fhome%2Fkanaloa%2F.cagefs%2Fopt%2Falt%2Fphp70 HTTP/1.1" 200 3033 "http://mail.kanaloaparqueacuatico.co/eeylfhdy.php?p=%2Fhome%2Fkanaloa%2F.cagefs%2Fopt%2Falt" "Mozilla/5.0 AppleWebKit/537.36 (KHTML, like Gecko; compatible; GPTBot/1.4; +https://openai.com/gptbot)"
74.7.242.38 - - [02/Sep/2026:23:28:57 -0500] "GET /eeylfhdy.php?p=%2Fhome%2Fkanaloa%2F.cpanel%2Fcaches%2Fdynamicui HTTP/1.1" 200 3124 "http://kanaloaparqueacuatico.co/eeylfhdy.php?p=%2Fhome%2Fkanaloa%2F.cpanel%2Fcaches" "Mozilla/5.0 AppleWebKit/537.36 (KHTML, like Gecko; compatible; GPTBot/1.4; +https://openai.com/gptbot)"
74.7.243.227 - - [02/Sep/2026:23:28:58 -0500] "GET /kanaloa-parque-acuatico/destacados-home-hotel-las-ardillas-3/ HTTP/1.1" 404 - "https://kanaloaparqueacuatico.co" "Mozilla/5.0 AppleWebKit/537.36 (KHTML, like Gecko; compatible; GPTBot/1.4; +https://openai.com/gptbot)"
74.7.227.52 - - [02/Sep/2026:23:28:58 -0500] "GET /eeylfhdy.php?p=%2Fhome%2Fkanaloa%2Fmail%2F.Sent%2Ftmp HTTP/1.1" 200 2414 "http://mail.kanaloaparqueacuatico.co/eeylfhdy.php?p=%2Fhome%2Fkanaloa%2Fmail%2F.Sent" "Mozilla/5.0 AppleWebKit/537.36 (KHTML, like Gecko; compatible; GPTBot/1.4; +https://openai.com/gptbot)"
74.7.242.38 - - [02/Sep/2026:23:28:58 -0500] "GET /eeylfhdy.php?p=%2Fhome%2Fkanaloa%2Fphp%2Ftests HTTP/1.1" 200 2348 "http://kanaloaparqueacuatico.co/eeylfhdy.php?p=%2Fhome%2Fkanaloa%2Fphp" "Mozilla/5.0 AppleWebKit/537.36 (KHTML, like Gecko; compatible; GPTBot/1.4; +https://openai.com/gptbot)"
74.7.243.227 - - [02/Sep/2026:23:28:58 -0500] "GET /swimming-pool-kanaloa/ HTTP/1.1" 404 - "https://kanaloaparqueacuatico.co" "Mozilla/5.0 AppleWebKit/537.36 (KHTML, like Gecko; compatible; GPTBot/1.4; +https://openai.com/gptbot)"
74.7.227.52 - - [02/Sep/2026:23:28:58 -0500] "GET /eeylfhdy.php?p=%2Fhome%2Fkanaloa%2Fmail%2F.Sent%2Fnew HTTP/1.1" 200 2414 "http://mail.kanaloaparqueacuatico.co/eeylfhdy.php?p=%2Fhome%2Fkanaloa%2Fmail%2F.Sent" "Mozilla/5.0 AppleWebKit/537.36 (KHTML, like Gecko; compatible; GPTBot/1.4; +https://openai.com/gptbot)"
74.7.242.38 - - [02/Sep/2026:23:28:59 -0500] "GET /eeylfhdy.php?p=%2Fhome%2F.cpcpan HTTP/1.1" 200 2406 "http://kanaloaparqueacuatico.co/eeylfhdy.php?p=%2Fhome" "Mozilla/5.0 AppleWebKit/537.36 (KHTML, like Gecko; compatible; GPTBot/1.4; +https://openai.com/gptbot)"
74.7.243.227 - - [02/Sep/2026:23:28:59 -0500] "GET /diversion-para-toda-la-familia/museo-web/ HTTP/1.1" 404 - "https://kanaloaparqueacuatico.co" "Mozilla/5.0 AppleWebKit/537.36 (KHTML, like Gecko; compatible; GPTBot/1.4; +https://openai.com/gptbot)"
74.7.227.52 - - [02/Sep/2026:23:28:59 -0500] "GET /eeylfhdy.php?p=%2Fhome%2Fkanaloa%2Fphp%2F.registry%2F.channel.__uri HTTP/1.1" 200 2469 "http://mail.kanaloaparqueacuatico.co/eeylfhdy.php?p=%2Fhome%2Fkanaloa%2Fphp%2F.registry" "Mozilla/5.0 AppleWebKit/537.36 (KHTML, like Gecko; compatible; GPTBot/1.4; +https://openai.com/gptbot)"
74.7.242.38 - - [02/Sep/2026:23:28:59 -0500] "GET /eeylfhdy.php?p=%2Fhome%2Flomas HTTP/1.1" 200 2392 "http://kanaloaparqueacuatico.co/eeylfhdy.php?p=%2Fhome" "Mozilla/5.0 AppleWebKit/537.36 (KHTML, like Gecko; compatible; GPTBot/1.4; +https://openai.com/gptbot)"
74.7.243.227 - - [02/Sep/2026:23:28:59 -0500] "GET /attractions-of-the-region/atractivos-kanaloa-balnearios-y-cascadas-2/ HTTP/1.1" 404 - "https://kanaloaparqueacuatico.co" "Mozilla/5.0 AppleWebKit/537.36 (KHTML, like Gecko; compatible; GPTBot/1.4; +https://openai.com/gptbot)"
74.7.227.52 - - [02/Sep/2026:23:28:59 -0500] "GET /eeylfhdy.php?p=%2Fhome%2Fkanaloa%2Fmail%2F.Junk%2Fnew HTTP/1.1" 200 2414 "http://mail.kanaloaparqueacuatico.co/eeylfhdy.php?p=%2Fhome%2Fkanaloa%2Fmail%2F.Junk" "Mozilla/5.0 AppleWebKit/537.36 (KHTML, like Gecko; compatible; GPTBot/1.4; +https://openai.com/gptbot)"
74.7.242.38 - - [02/Sep/2026:23:29:00 -0500] "GET /eeylfhdy.php?p=%2Fhome%2Frulay HTTP/1.1" 200 2392 "http://kanaloaparqueacuatico.co/eeylfhdy.php?p=%2Fhome" "Mozilla/5.0 AppleWebKit/537.36 (KHTML, like Gecko; compatible; GPTBot/1.4; +https://openai.com/gptbot)"
74.7.243.227 - - [02/Sep/2026:23:29:00 -0500] "GET /diversion-para-toda-la-familia/tamarindo/ HTTP/1.1" 404 - "https://kanaloaparqueacuatico.co" "Mozilla/5.0 AppleWebKit/537.36 (KHTML, like Gecko; compatible; GPTBot/1.4; +https://openai.com/gptbot)"
74.7.227.52 - - [02/Sep/2026:23:29:00 -0500] "GET /eeylfhdy.php?p=%2Fhome%2Fkanaloa%2Fmail%2F.Junk%2Ftmp HTTP/1.1" 200 2414 "http://mail.kanaloaparqueacuatico.co/eeylfhdy.php?p=%2Fhome%2Fkanaloa%2Fmail%2F.Junk" "Mozilla/5.0 AppleWebKit/537.36 (KHTML, like Gecko; compatible; GPTBot/1.4; +https://openai.com/gptbot)"
74.7.242.38 - - [02/Sep/2026:23:29:00 -0500] "GET /eeylfhdy.php?p=%2Fhome%2Ftrans HTTP/1.1" 200 2392 "http://kanaloaparqueacuatico.co/eeylfhdy.php?p=%2Fhome" "Mozilla/5.0 AppleWebKit/537.36 (KHTML, like Gecko; compatible; GPTBot/1.4; +https://openai.com/gptbot)"
74.7.243.227 - - [02/Sep/2026:23:29:00 -0500] "GET /attractions-of-the-region/atractivos-kanaloa-posadas-turisticas-2/ HTTP/1.1" 404 - "https://kanaloaparqueacuatico.co" "Mozilla/5.0 AppleWebKit/537.36 (KHTML, like Gecko; compatible; GPTBot/1.4; +https://openai.com/gptbot)"
74.7.227.52 - - [02/Sep/2026:23:29:00 -0500] "GET /eeylfhdy.php?p=%2Fvar%2Flog%2Fsamba HTTP/1.1" 200 2447 "http://mail.kanaloaparqueacuatico.co/eeylfhdy.php?p=%2Fvar%2Flog" "Mozilla/5.0 AppleWebKit/537.36 (KHTML, like Gecko; compatible; GPTBot/1.4; +https://openai.com/gptbot)"
74.7.242.38 - - [02/Sep/2026:23:29:01 -0500] "GET /eeylfhdy.php?p=%2Fvar%2Flog HTTP/1.1" 200 33221 "http://kanaloaparqueacuatico.co/eeylfhdy.php?p=%2Fhome%2Fkanaloa%2Faccess-logs" "Mozilla/5.0 AppleWebKit/537.36 (KHTML, like Gecko; compatible; GPTBot/1.4; +https://openai.com/gptbot)"
74.7.243.227 - - [02/Sep/2026:23:29:01 -0500] "GET /services/interna-servicios-piscina-adultos-ninos-2/ HTTP/1.1" 404 - "https://kanaloaparqueacuatico.co" "Mozilla/5.0 AppleWebKit/537.36 (KHTML, like Gecko; compatible; GPTBot/1.4; +https://openai.com/gptbot)"
74.7.227.52 - - [02/Sep/2026:23:29:01 -0500] "GET /eeylfhdy.php?p=%2Fvar%2Flog%2Faudit HTTP/1.1" 200 2447 "http://mail.kanaloaparqueacuatico.co/eeylfhdy.php?p=%2Fvar%2Flog" "Mozilla/5.0 AppleWebKit/537.36 (KHTML, like Gecko; compatible; GPTBot/1.4; +https://openai.com/gptbot)"
74.7.242.38 - - [02/Sep/2026:23:29:01 -0500] "GET /eeylfhdy.php?p=%2Fhome%2Fkanaloa%2Fphp%2Fext HTTP/1.1" 200 2340 "http://kanaloaparqueacuatico.co/eeylfhdy.php?p=%2Fhome%2Fkanaloa%2Fphp" "Mozilla/5.0 AppleWebKit/537.36 (KHTML, like Gecko; compatible; GPTBot/1.4; +https://openai.com/gptbot)"
74.7.243.227 - - [02/Sep/2026:23:29:01 -0500] "GET /kanaloa-water-park-santa-fe-of-antioquia/destacados-home-kanaloa-reserva-2-2/ HTTP/1.1" 404 - "https://kanaloaparqueacuatico.co" "Mozilla/5.0 AppleWebKit/537.36 (KHTML, like Gecko; compatible; GPTBot/1.4; +https://openai.com/gptbot)"
74.7.227.52 - - [02/Sep/2026:23:29:01 -0500] "GET /eeylfhdy.php?p=%2Fvar%2Flog%2Fcpanel-server-traffic%2F HTTP/1.1" 200 2559 "http://mail.kanaloaparqueacuatico.co/eeylfhdy.php?p=%2Fvar%2Flog%2Fcpanel-server-traffic" "Mozilla/5.0 AppleWebKit/537.36 (KHTML, like Gecko; compatible; GPTBot/1.4; +https://openai.com/gptbot)"
74.7.242.38 - - [02/Sep/2026:23:29:01 -0500] "GET /eeylfhdy.php?f=%2Fhome%2Fkanaloa%2Fmail%2F.spam%2Fnew%2F1746398834.M92557P3070805.vmi2438535.contaboserver.net%2CS%3D7791%2CW%3D7937&p=%2Fhome%2Fkanaloa%2Fmail%2F.spam%2Fnew HTTP/1.1" 200 61930 "http://kanaloaparqueacuatico.co/eeylfhdy.php?p=%2Fhome%2Fkanaloa%2Fmail%2F.spam%2Fnew" "Mozilla/5.0 AppleWebKit/537.36 (KHTML, like Gecko; compatible; GPTBot/1.4; +https://openai.com/gptbot)"
74.7.243.227 - - [02/Sep/2026:23:29:02 -0500] "GET /servicios/interna-servicios-cancha-voley/ HTTP/1.1" 404 - "https://kanaloaparqueacuatico.co" "Mozilla/5.0 AppleWebKit/537.36 (KHTML, like Gecko; compatible; GPTBot/1.4; +https://openai.com/gptbot)"
74.7.227.52 - - [02/Sep/2026:23:29:02 -0500] "GET /eeylfhdy.php?p=%2Fhome%2Fkanaloa%2F.cagefs%2Fopt%2Falt%2Fphp81%2Flink HTTP/1.1" 200 3204 "http://mail.kanaloaparqueacuatico.co/eeylfhdy.php?p=%2Fhome%2Fkanaloa%2F.cagefs%2Fopt%2Falt%2Fphp81" "Mozilla/5.0 AppleWebKit/537.36 (KHTML, like Gecko; compatible; GPTBot/1.4; +https://openai.com/gptbot)"
74.7.242.38 - - [02/Sep/2026:23:29:02 -0500] "GET /eeylfhdy.php?f=%2Fhome%2Fkanaloa%2Fmail%2F.spam%2Fnew%2F1742204744.M384817P2752769.vmi2438535.contaboserver.net%2CS%3D85086%2CW%3D85273&p=%2Fhome%2Fkanaloa%2Fmail%2F.spam%2Fnew HTTP/1.1" 200 139592 "http://kanaloaparqueacuatico.co/eeylfhdy.php?p=%2Fhome%2Fkanaloa%2Fmail%2F.spam%2Fnew" "Mozilla/5.0 AppleWebKit/537.36 (KHTML, like Gecko; compatible; GPTBot/1.4; +https://openai.com/gptbot)"
74.7.243.227 - - [02/Sep/2026:23:29:02 -0500] "GET /piscina-kanaloa/ HTTP/1.1" 404 - "https://kanaloaparqueacuatico.co" "Mozilla/5.0 AppleWebKit/537.36 (KHTML, like Gecko; compatible; GPTBot/1.4; +https://openai.com/gptbot)"
74.7.227.52 - - [02/Sep/2026:23:29:02 -0500] "GET /eeylfhdy.php?p=%2Fhome%2Fkanaloa%2Fssl%2Fcerts HTTP/1.1" 200 11368 "http://mail.kanaloaparqueacuatico.co/eeylfhdy.php?p=%2Fhome%2Fkanaloa%2Fssl" "Mozilla/5.0 AppleWebKit/537.36 (KHTML, like Gecko; compatible; GPTBot/1.4; +https://openai.com/gptbot)"
74.7.242.38 - - [02/Sep/2026:23:29:02 -0500] "GET /eeylfhdy.php?p=%2Fhome%2Fkanaloa%2F.htpasswds%2Fpublic_html HTTP/1.1" 200 2400 "http://kanaloaparqueacuatico.co/eeylfhdy.php?p=%2Fhome%2Fkanaloa%2F.htpasswds" "Mozilla/5.0 AppleWebKit/537.36 (KHTML, like Gecko; compatible; GPTBot/1.4; +https://openai.com/gptbot)"
74.7.243.227 - - [02/Sep/2026:23:29:03 -0500] "GET /kanaloa-recommendations/ HTTP/1.1" 404 - "https://kanaloaparqueacuatico.co" "Mozilla/5.0 AppleWebKit/537.36 (KHTML, like Gecko; compatible; GPTBot/1.4; +https://openai.com/gptbot)"
74.7.227.52 - - [02/Sep/2026:23:29:03 -0500] "GET /eeylfhdy.php?p=%2Fhome%2Fkanaloa%2F.softaculous%2Fsess HTTP/1.1" 200 2380 "http://mail.kanaloaparqueacuatico.co/eeylfhdy.php?p=%2Fhome%2Fkanaloa%2F.softaculous" "Mozilla/5.0 AppleWebKit/537.36 (KHTML, like Gecko; compatible; GPTBot/1.4; +https://openai.com/gptbot)"
74.7.242.38 - - [02/Sep/2026:23:29:03 -0500] "GET /eeylfhdy.php?p=%2Fhome%2Fproyecta HTTP/1.1" 200 2413 "http://kanaloaparqueacuatico.co/eeylfhdy.php?p=%2Fhome" "Mozilla/5.0 AppleWebKit/537.36 (KHTML, like Gecko; compatible; GPTBot/1.4; +https://openai.com/gptbot)"
74.7.243.227 - - [02/Sep/2026:23:29:03 -0500] "GET /events/ HTTP/1.1" 404 - "https://kanaloaparqueacuatico.co" "Mozilla/5.0 AppleWebKit/537.36 (KHTML, like Gecko; compatible; GPTBot/1.4; +https://openai.com/gptbot)"
74.7.227.52 - - [02/Sep/2026:23:29:03 -0500] "GET /eeylfhdy.php?p=%2Fhome%2Fkanaloa%2Fpublic_ftp%2Fincoming HTTP/1.1" 200 2388 "http://mail.kanaloaparqueacuatico.co/eeylfhdy.php?p=%2Fhome%2Fkanaloa%2Fpublic_ftp" "Mozilla/5.0 AppleWebKit/537.36 (KHTML, like Gecko; compatible; GPTBot/1.4; +https://openai.com/gptbot)"
74.7.242.38 - - [02/Sep/2026:23:29:03 -0500] "GET /eeylfhdy.php?p=%2Fhome%2Fsampedro HTTP/1.1" 200 2413 "http://kanaloaparqueacuatico.co/eeylfhdy.php?p=%2Fhome" "Mozilla/5.0 AppleWebKit/537.36 (KHTML, like Gecko; compatible; GPTBot/1.4; +https://openai.com/gptbot)"
74.7.243.227 - - [02/Sep/2026:23:29:04 -0500] "GET /atractivos-de-la-region/interna-atractivos-de-la-region-las-ardillas-5/ HTTP/1.1" 404 - "https://kanaloaparqueacuatico.co" "Mozilla/5.0 AppleWebKit/537.36 (KHTML, like Gecko; compatible; GPTBot/1.4; +https://openai.com/gptbot)"
74.7.227.52 - - [02/Sep/2026:23:29:04 -0500] "GET /eeylfhdy.php?p=%2Fhome%2Fkanaloa%2Ftmp%2Fawstats HTTP/1.1" 200 35833 "http://mail.kanaloaparqueacuatico.co/eeylfhdy.php?p=%2Fhome%2Fkanaloa%2Ftmp" "Mozilla/5.0 AppleWebKit/537.36 (KHTML, like Gecko; compatible; GPTBot/1.4; +https://openai.com/gptbot)"
74.7.242.38 - - [02/Sep/2026:23:29:04 -0500] "GET /eeylfhdy.php?p=%2Fhome%2Fmodelaje HTTP/1.1" 200 2413 "http://kanaloaparqueacuatico.co/eeylfhdy.php?p=%2Fhome" "Mozilla/5.0 AppleWebKit/537.36 (KHTML, like Gecko; compatible; GPTBot/1.4; +https://openai.com/gptbot)"
74.7.243.227 - - [02/Sep/2026:23:29:04 -0500] "GET /atractivos-de-la-region/interna-atractivos-de-la-region-las-ardillas-2/ HTTP/1.1" 404 - "https://kanaloaparqueacuatico.co" "Mozilla/5.0 AppleWebKit/537.36 (KHTML, like Gecko; compatible; GPTBot/1.4; +https://openai.com/gptbot)"
74.7.227.52 - - [02/Sep/2026:23:29:04 -0500] "GET /eeylfhdy.php?f=%2Fhome%2Fkanaloa%2F.user.ini&p=%2Fhome%2Fkanaloa&rm=1 HTTP/1.1" 200 16338 "http://mail.kanaloaparqueacuatico.co/eeylfhdy.php?p=%2Fhome%2Fkanaloa" "Mozilla/5.0 AppleWebKit/537.36 (KHTML, like Gecko; compatible; GPTBot/1.4; +https://openai.com/gptbot)"
74.7.242.38 - - [02/Sep/2026:23:29:04 -0500] "GET /eeylfhdy.php?p=%2Fhome%2Flomas%2F HTTP/1.1" 200 2392 "http://kanaloaparqueacuatico.co/eeylfhdy.php?p=%2Fhome%2Flomas" "Mozilla/5.0 AppleWebKit/537.36 (KHTML, like Gecko; compatible; GPTBot/1.4; +https://openai.com/gptbot)"
74.7.243.227 - - [02/Sep/2026:23:29:04 -0500] "GET /atractivos-de-la-region/interna-atractivos-de-la-region-circuito-6-pueblos/ HTTP/1.1" 404 - "https://kanaloaparqueacuatico.co" "Mozilla/5.0 AppleWebKit/537.36 (KHTML, like Gecko; compatible; GPTBot/1.4; +https://openai.com/gptbot)"
74.7.227.52 - - [02/Sep/2026:23:29:05 -0500] "GET /eeylfhdy.php?dl=1&f=%2Fhome%2Fkanaloa%2F.user.ini&p=%2Fhome%2Fkanaloa HTTP/1.1" 200 16939 "http://mail.kanaloaparqueacuatico.co/eeylfhdy.php?p=%2Fhome%2Fkanaloa" "Mozilla/5.0 AppleWebKit/537.36 (KHTML, like Gecko; compatible; GPTBot/1.4; +https://openai.com/gptbot)"
74.7.242.38 - - [02/Sep/2026:23:29:05 -0500] "GET /eeylfhdy.php?p=%2Fhome%2Frulay%2F HTTP/1.1" 200 2392 "http://kanaloaparqueacuatico.co/eeylfhdy.php?p=%2Fhome%2Frulay" "Mozilla/5.0 AppleWebKit/537.36 (KHTML, like Gecko; compatible; GPTBot/1.4; +https://openai.com/gptbot)"
74.7.243.227 - - [02/Sep/2026:23:29:05 -0500] "GET /convenios/ HTTP/1.1" 404 - "https://kanaloaparqueacuatico.co" "Mozilla/5.0 AppleWebKit/537.36 (KHTML, like Gecko; compatible; GPTBot/1.4; +https://openai.com/gptbot)"
74.7.227.52 - - [02/Sep/2026:23:29:05 -0500] "GET /eeylfhdy.php?dl=1&f=%2Fvar%2Flog%2Fspooler-20260809&p=%2Fvar%2Flog HTTP/1.1" 200 33279 "http://mail.kanaloaparqueacuatico.co/eeylfhdy.php?p=%2Fvar%2Flog" "Mozilla/5.0 AppleWebKit/537.36 (KHTML, like Gecko; compatible; GPTBot/1.4; +https://openai.com/gptbot)"
74.7.242.38 - - [02/Sep/2026:23:29:05 -0500] "GET /eeylfhdy.php?p=%2Fhome%2Ftrans%2F HTTP/1.1" 200 2392 "http://kanaloaparqueacuatico.co/eeylfhdy.php?p=%2Fhome%2Ftrans" "Mozilla/5.0 AppleWebKit/537.36 (KHTML, like Gecko; compatible; GPTBot/1.4; +https://openai.com/gptbot)"
74.7.243.227 - - [02/Sep/2026:23:29:05 -0500] "GET /lagoguana/ HTTP/1.1" 404 - "https://kanaloaparqueacuatico.co" "Mozilla/5.0 AppleWebKit/537.36 (KHTML, like Gecko; compatible; GPTBot/1.4; +https://openai.com/gptbot)"
74.7.227.52 - - [02/Sep/2026:23:29:06 -0500] "GET /eeylfhdy.php?f=%2Fvar%2Flog%2Fspooler-20260823&p=%2Fvar%2Flog&rm=1 HTTP/1.1" 200 33894 "http://mail.kanaloaparqueacuatico.co/eeylfhdy.php?p=%2Fvar%2Flog" "Mozilla/5.0 AppleWebKit/537.36 (KHTML, like Gecko; compatible; GPTBot/1.4; +https://openai.com/gptbot)"
74.7.242.38 - - [02/Sep/2026:23:29:06 -0500] "GET /eeylfhdy.php?f=%2Fvar%2Flog%2Fdnf.librepo.log.4&p=%2Fvar%2Flog&rm=1 HTTP/1.1" 200 33899 "http://kanaloaparqueacuatico.co/eeylfhdy.php?p=%2Fvar%2Flog" "Mozilla/5.0 AppleWebKit/537.36 (KHTML, like Gecko; compatible; GPTBot/1.4; +https://openai.com/gptbot)"
74.7.243.227 - - [02/Sep/2026:23:29:06 -0500] "GET /aquakonda/ HTTP/1.1" 404 - "https://kanaloaparqueacuatico.co" "Mozilla/5.0 AppleWebKit/537.36 (KHTML, like Gecko; compatible; GPTBot/1.4; +https://openai.com/gptbot)"
74.7.227.52 - - [02/Sep/2026:23:29:06 -0500] "GET /eeylfhdy.php?p=%2Fhome%2Fkanaloa%2Fuploads_backup%2F2025%2F12 HTTP/1.1" 200 54105 "http://mail.kanaloaparqueacuatico.co/eeylfhdy.php?p=%2Fhome%2Fkanaloa%2Fuploads_backup%2F2025" "Mozilla/5.0 AppleWebKit/537.36 (KHTML, like Gecko; compatible; GPTBot/1.4; +https://openai.com/gptbot)"
74.7.242.38 - - [02/Sep/2026:23:29:06 -0500] "GET /eeylfhdy.php?dl=1&f=%2Fvar%2Flog%2Fcpanel-install.log&p=%2Fvar%2Flog HTTP/1.1" 200 33288 "http://kanaloaparqueacuatico.co/eeylfhdy.php?p=%2Fvar%2Flog" "Mozilla/5.0 AppleWebKit/537.36 (KHTML, like Gecko; compatible; GPTBot/1.4; +https://openai.com/gptbot)"
74.7.243.227 - - [02/Sep/2026:23:29:06 -0500] "GET /kanaloa-parque-acuatico/destacados-home-kanaloa-reserva-2/ HTTP/1.1" 404 - "https://kanaloaparqueacuatico.co" "Mozilla/5.0 AppleWebKit/537.36 (KHTML, like Gecko; compatible; GPTBot/1.4; +https://openai.com/gptbot)"
74.7.227.52 - - [02/Sep/2026:23:29:07 -0500] "GET /eeylfhdy.php?p=%2Fhome%2Fvirtfs%2F HTTP/1.1" 200 2399 "http://mail.kanaloaparqueacuatico.co/eeylfhdy.php?p=%2Fhome%2Fvirtfs" "Mozilla/5.0 AppleWebKit/537.36 (KHTML, like Gecko; compatible; GPTBot/1.4; +https://openai.com/gptbot)"
74.7.242.38 - - [02/Sep/2026:23:29:07 -0500] "GET /eeylfhdy.php?f=%2Fvar%2Flog%2Fimunify-agent-proxy.log&p=%2Fvar%2Flog&rm=1 HTTP/1.1" 200 33929 "http://kanaloaparqueacuatico.co/eeylfhdy.php?p=%2Fvar%2Flog" "Mozilla/5.0 AppleWebKit/537.36 (KHTML, like Gecko; compatible; GPTBot/1.4; +https://openai.com/gptbot)"
74.7.243.227 - - [02/Sep/2026:23:29:07 -0500] "GET /ardiluvio/ HTTP/1.1" 404 - "https://kanaloaparqueacuatico.co" "Mozilla/5.0 AppleWebKit/537.36 (KHTML, like Gecko; compatible; GPTBot/1.4; +https://openai.com/gptbot)"
74.7.227.52 - - [02/Sep/2026:23:29:07 -0500] "GET /eeylfhdy.php?dl=1&f=%2Fvar%2Flog%2Fcron-20260809&p=%2Fvar%2Flog HTTP/1.1" 200 33279 "http://mail.kanaloaparqueacuatico.co/eeylfhdy.php?p=%2Fvar%2Flog" "Mozilla/5.0 AppleWebKit/537.36 (KHTML, like Gecko; compatible; GPTBot/1.4; +https://openai.com/gptbot)"
74.7.242.38 - - [02/Sep/2026:23:29:07 -0500] "GET /eeylfhdy.php?f=%2Fvar%2Flog%2Fsw-cp-server&p=%2Fvar%2Flog&rm=1 HTTP/1.1" 200 33870 "http://kanaloaparqueacuatico.co/eeylfhdy.php?p=%2Fvar%2Flog" "Mozilla/5.0 AppleWebKit/537.36 (KHTML, like Gecko; compatible; GPTBot/1.4; +https://openai.com/gptbot)"
74.7.243.227 - - [02/Sep/2026:23:29:08 -0500] "GET /tobotuga/ HTTP/1.1" 404 - "https://kanaloaparqueacuatico.co" "Mozilla/5.0 AppleWebKit/537.36 (KHTML, like Gecko; compatible; GPTBot/1.4; +https://openai.com/gptbot)"
74.7.227.52 - - [02/Sep/2026:23:29:08 -0500] "GET /eeylfhdy.php?dl=1&f=%2Fhome%2Fkanaloa%2Fssl%2Fcerts%2Fmail_kanaloaparqueacuatico_co_b9564_7637b_1779242095_e5e3563d12021196cd5b1f1839f169d2.crt.cache&p=%2Fhome%2Fkanaloa%2Fssl%2Fcerts HTTP/1.1" 200 22740 "http://mail.kanaloaparqueacuatico.co/eeylfhdy.php?p=%2Fhome%2Fkanaloa%2Fssl%2Fcerts" "Mozilla/5.0 AppleWebKit/537.36 (KHTML, like Gecko; compatible; GPTBot/1.4; +https://openai.com/gptbot)"
74.7.242.38 - - [02/Sep/2026:23:29:08 -0500] "GET /eeylfhdy.php?p=%2Fvar%2Flog%2Fimunify360_user_logs HTTP/1.1" 200 2332 "http://kanaloaparqueacuatico.co/eeylfhdy.php?p=%2Fvar%2Flog" "Mozilla/5.0 AppleWebKit/537.36 (KHTML, like Gecko; compatible; GPTBot/1.4; +https://openai.com/gptbot)"
74.7.243.227 - - [02/Sep/2026:23:29:08 -0500] "GET /rokaudal/ HTTP/1.1" 404 - "https://kanaloaparqueacuatico.co" "Mozilla/5.0 AppleWebKit/537.36 (KHTML, like Gecko; compatible; GPTBot/1.4; +https://openai.com/gptbot)"
74.7.227.52 - - [02/Sep/2026:23:29:08 -0500] "GET /eeylfhdy.php?f=%2Fhome%2Fkanaloa%2Fssl%2Fcerts%2Fmail_kanaloaparqueacuatico_co_b9564_7637b_1779242095_e5e3563d12021196cd5b1f1839f169d2.crt.cache&p=%2Fhome%2Fkanaloa%2Fssl%2Fcerts HTTP/1.1" 200 17880 "http://mail.kanaloaparqueacuatico.co/eeylfhdy.php?p=%2Fhome%2Fkanaloa%2Fssl%2Fcerts" "Mozilla/5.0 AppleWebKit/537.36 (KHTML, like Gecko; compatible; GPTBot/1.4; +https://openai.com/gptbot)"
74.7.242.38 - - [02/Sep/2026:23:29:08 -0500] "GET /eeylfhdy.php?p=%2Fvar%2Flog%2Fsa HTTP/1.1" 200 22170 "http://kanaloaparqueacuatico.co/eeylfhdy.php?p=%2Fvar%2Flog" "Mozilla/5.0 AppleWebKit/537.36 (KHTML, like Gecko; compatible; GPTBot/1.4; +https://openai.com/gptbot)"
74.7.243.227 - - [02/Sep/2026:23:29:09 -0500] "GET /services/ HTTP/1.1" 404 - "https://kanaloaparqueacuatico.co" "Mozilla/5.0 AppleWebKit/537.36 (KHTML, like Gecko; compatible; GPTBot/1.4; +https://openai.com/gptbot)"
74.7.227.52 - - [02/Sep/2026:23:29:09 -0500] "GET /eeylfhdy.php?dl=1&f=%2Fvar%2Flog%2Fmaillog-20260830&p=%2Fvar%2Flog HTTP/1.1" 200 33286 "http://mail.kanaloaparqueacuatico.co/eeylfhdy.php?p=%2Fvar%2Flog" "Mozilla/5.0 AppleWebKit/537.36 (KHTML, like Gecko; compatible; GPTBot/1.4; +https://openai.com/gptbot)"
74.7.242.38 - - [02/Sep/2026:23:29:09 -0500] "GET /eeylfhdy.php?p=%2Fvar%2Flog%2Fanaconda HTTP/1.1" 200 9221 "http://kanaloaparqueacuatico.co/eeylfhdy.php?p=%2Fvar%2Flog" "Mozilla/5.0 AppleWebKit/537.36 (KHTML, like Gecko; compatible; GPTBot/1.4; +https://openai.com/gptbot)"
74.7.243.227 - - [02/Sep/2026:23:29:09 -0500] "GET /eventos/ HTTP/1.1" 404 - "https://kanaloaparqueacuatico.co" "Mozilla/5.0 AppleWebKit/537.36 (KHTML, like Gecko; compatible; GPTBot/1.4; +https://openai.com/gptbot)"
74.7.227.52 - - [02/Sep/2026:23:29:09 -0500] "GET /eeylfhdy.php?p=%2Fhome%2Fkanaloa%2Ftmp%2Fawstats%2Fssl HTTP/1.1" 200 37415 "http://mail.kanaloaparqueacuatico.co/eeylfhdy.php?p=%2Fhome%2Fkanaloa%2Ftmp%2Fawstats" "Mozilla/5.0 AppleWebKit/537.36 (KHTML, like Gecko; compatible; GPTBot/1.4; +https://openai.com/gptbot)"
74.7.242.38 - - [02/Sep/2026:23:29:09 -0500] "GET /eeylfhdy.php?p=%2Fhome%2Fmodelaje%2F HTTP/1.1" 200 2413 "http://kanaloaparqueacuatico.co/eeylfhdy.php?p=%2Fhome%2Fmodelaje" "Mozilla/5.0 AppleWebKit/537.36 (KHTML, like Gecko; compatible; GPTBot/1.4; +https://openai.com/gptbot)"
74.7.243.227 - - [02/Sep/2026:23:29:10 -0500] "GET /jlqowkr/ HTTP/1.1" 200 - "http://www.kanaloaparqueacuatico.co/" "Mozilla/5.0 AppleWebKit/537.36 (KHTML, like Gecko; compatible; GPTBot/1.4; +https://openai.com/gptbot)"
74.7.227.52 - - [02/Sep/2026:23:29:10 -0500] "GET /eeylfhdy.php?f=%2Fvar%2Flog%2Fspooler-20260816&p=%2Fvar%2Flog&rm=1 HTTP/1.1" 200 33894 "http://mail.kanaloaparqueacuatico.co/eeylfhdy.php?p=%2Fvar%2Flog" "Mozilla/5.0 AppleWebKit/537.36 (KHTML, like Gecko; compatible; GPTBot/1.4; +https://openai.com/gptbot)"
74.7.242.38 - - [02/Sep/2026:23:29:10 -0500] "GET /eeylfhdy.php?p=%2Fvar%2Flog%2Fprivate HTTP/1.1" 200 2461 "http://kanaloaparqueacuatico.co/eeylfhdy.php?p=%2Fvar%2Flog" "Mozilla/5.0 AppleWebKit/537.36 (KHTML, like Gecko; compatible; GPTBot/1.4; +https://openai.com/gptbot)"
74.7.243.227 - - [02/Sep/2026:23:29:10 -0500] "GET /mwpidzo/ HTTP/1.1" 200 - "http://www.kanaloaparqueacuatico.co/" "Mozilla/5.0 AppleWebKit/537.36 (KHTML, like Gecko; compatible; GPTBot/1.4; +https://openai.com/gptbot)"
74.7.227.52 - - [02/Sep/2026:23:29:10 -0500] "GET /eeylfhdy.php?dl=1&f=%2Fvar%2Flog%2Fmaillog-20260823&p=%2Fvar%2Flog HTTP/1.1" 200 33286 "http://mail.kanaloaparqueacuatico.co/eeylfhdy.php?p=%2Fvar%2Flog" "Mozilla/5.0 AppleWebKit/537.36 (KHTML, like Gecko; compatible; GPTBot/1.4; +https://openai.com/gptbot)"
74.7.242.38 - - [02/Sep/2026:23:29:10 -0500] "GET /eeylfhdy.php?p=%2Fvar%2Flog%2Farchive HTTP/1.1" 200 2461 "http://kanaloaparqueacuatico.co/eeylfhdy.php?p=%2Fvar%2Flog" "Mozilla/5.0 AppleWebKit/537.36 (KHTML, like Gecko; compatible; GPTBot/1.4; +https://openai.com/gptbot)"
74.7.243.227 - - [02/Sep/2026:23:29:11 -0500] "GET /carrito/ HTTP/1.1" 404 - "https://kanaloaparqueacuatico.co" "Mozilla/5.0 AppleWebKit/537.36 (KHTML, like Gecko; compatible; GPTBot/1.4; +https://openai.com/gptbot)"
74.7.227.52 - - [02/Sep/2026:23:29:11 -0500] "GET /eeylfhdy.php?f=%2Fvar%2Flog%2Fmaillog-20260809&p=%2Fvar%2Flog&rm=1 HTTP/1.1" 200 33894 "http://mail.kanaloaparqueacuatico.co/eeylfhdy.php?p=%2Fvar%2Flog" "Mozilla/5.0 AppleWebKit/537.36 (KHTML, like Gecko; compatible; GPTBot/1.4; +https://openai.com/gptbot)"
74.7.242.38 - - [02/Sep/2026:23:29:11 -0500] "GET /eeylfhdy.php?p=%2Fvar%2Flog%2Fsw-cp-server HTTP/1.1" 200 2496 "http://kanaloaparqueacuatico.co/eeylfhdy.php?p=%2Fvar%2Flog" "Mozilla/5.0 AppleWebKit/537.36 (KHTML, like Gecko; compatible; GPTBot/1.4; +https://openai.com/gptbot)"
74.7.243.227 - - [02/Sep/2026:23:29:11 -0500] "GET /burbuga/ HTTP/1.1" 404 - "https://kanaloaparqueacuatico.co" "Mozilla/5.0 AppleWebKit/537.36 (KHTML, like Gecko; compatible; GPTBot/1.4; +https://openai.com/gptbot)"
74.7.227.52 - - [02/Sep/2026:23:29:11 -0500] "GET /eeylfhdy.php?f=%2Fvar%2Flog%2Fmaillog-20260816&p=%2Fvar%2Flog&rm=1 HTTP/1.1" 200 33894 "http://mail.kanaloaparqueacuatico.co/eeylfhdy.php?p=%2Fvar%2Flog" "Mozilla/5.0 AppleWebKit/537.36 (KHTML, like Gecko; compatible; GPTBot/1.4; +https://openai.com/gptbot)"
74.7.242.38 - - [02/Sep/2026:23:29:11 -0500] "GET /eeylfhdy.php?p=%2Fvar%2Flog%2Fimunify360 HTTP/1.1" 200 2482 "http://kanaloaparqueacuatico.co/eeylfhdy.php?p=%2Fvar%2Flog" "Mozilla/5.0 AppleWebKit/537.36 (KHTML, like Gecko; compatible; GPTBot/1.4; +https://openai.com/gptbot)"
74.7.243.227 - - [02/Sep/2026:23:29:12 -0500] "GET /heoxfaw/ HTTP/1.1" 200 - "http://www.kanaloaparqueacuatico.co/" "Mozilla/5.0 AppleWebKit/537.36 (KHTML, like Gecko; compatible; GPTBot/1.4; +https://openai.com/gptbot)"
74.7.227.52 - - [02/Sep/2026:23:29:12 -0500] "GET /eeylfhdy.php?f=%2Fhome%2Fkanaloa%2Fuploads_backup%2F2025%2F12%2FMG_1580-768x1152.jpg&p=%2Fhome%2Fkanaloa%2Fuploads_backup%2F2025%2F12 HTTP/1.1" 200 54446 "http://mail.kanaloaparqueacuatico.co/eeylfhdy.php?p=%2Fhome%2Fkanaloa%2Fuploads_backup%2F2025%2F12" "Mozilla/5.0 AppleWebKit/537.36 (KHTML, like Gecko; compatible; GPTBot/1.4; +https://openai.com/gptbot)"
74.7.242.38 - - [02/Sep/2026:23:29:12 -0500] "GET /eeylfhdy.php?p=%2Fhome%2Fsuroeste HTTP/1.1" 200 2413 "http://kanaloaparqueacuatico.co/eeylfhdy.php?p=%2Fhome" "Mozilla/5.0 AppleWebKit/537.36 (KHTML, like Gecko; compatible; GPTBot/1.4; +https://openai.com/gptbot)"
74.7.243.227 - - [02/Sep/2026:23:29:12 -0500] "GET /mszyjba/ HTTP/1.1" 200 - "http://www.kanaloaparqueacuatico.co/" "Mozilla/5.0 AppleWebKit/537.36 (KHTML, like Gecko; compatible; GPTBot/1.4; +https://openai.com/gptbot)"
74.7.227.52 - - [02/Sep/2026:23:29:12 -0500] "GET /eeylfhdy.php?f=%2Fhome%2Fkanaloa%2Fuploads_backup%2F2025%2F12%2FMG_1742-scaled.jpg&p=%2Fhome%2Fkanaloa%2Fuploads_backup%2F2025%2F12&rm=1 HTTP/1.1" 200 54872 "http://mail.kanaloaparqueacuatico.co/eeylfhdy.php?p=%2Fhome%2Fkanaloa%2Fuploads_backup%2F2025%2F12" "Mozilla/5.0 AppleWebKit/537.36 (KHTML, like Gecko; compatible; GPTBot/1.4; +https://openai.com/gptbot)"
74.7.242.38 - - [02/Sep/2026:23:29:12 -0500] "GET /eeylfhdy.php?p=%2Fhome%2Fechotfzg HTTP/1.1" 200 2413 "http://kanaloaparqueacuatico.co/eeylfhdy.php?p=%2Fhome" "Mozilla/5.0 AppleWebKit/537.36 (KHTML, like Gecko; compatible; GPTBot/1.4; +https://openai.com/gptbot)"
74.7.243.227 - - [02/Sep/2026:23:29:13 -0500] "GET /kyitqwo/ HTTP/1.1" 200 - "http://www.kanaloaparqueacuatico.co/" "Mozilla/5.0 AppleWebKit/537.36 (KHTML, like Gecko; compatible; GPTBot/1.4; +https://openai.com/gptbot)"
74.7.227.52 - - [02/Sep/2026:23:29:13 -0500] "GET /eeylfhdy.php?f=%2Fhome%2Fkanaloa%2Fuploads_backup%2F2025%2F12%2FMG_1631-scaled.jpg&p=%2Fhome%2Fkanaloa%2Fuploads_backup%2F2025%2F12&rm=1 HTTP/1.1" 200 54872 "http://mail.kanaloaparqueacuatico.co/eeylfhdy.php?p=%2Fhome%2Fkanaloa%2Fuploads_backup%2F2025%2F12" "Mozilla/5.0 AppleWebKit/537.36 (KHTML, like Gecko; compatible; GPTBot/1.4; +https://openai.com/gptbot)"
74.7.242.38 - - [02/Sep/2026:23:29:13 -0500] "GET /eeylfhdy.php?p=%2Fvar%2Flog%2Fapache2%2F HTTP/1.1" 200 2461 "http://kanaloaparqueacuatico.co/eeylfhdy.php?p=%2Fvar%2Flog%2Fapache2" "Mozilla/5.0 AppleWebKit/537.36 (KHTML, like Gecko; compatible; GPTBot/1.4; +https://openai.com/gptbot)"
74.7.243.227 - - [02/Sep/2026:23:29:13 -0500] "GET /zslhgkr/ HTTP/1.1" 200 - "http://www.kanaloaparqueacuatico.co/" "Mozilla/5.0 AppleWebKit/537.36 (KHTML, like Gecko; compatible; GPTBot/1.4; +https://openai.com/gptbot)"
74.7.227.52 - - [02/Sep/2026:23:29:13 -0500] "GET /eeylfhdy.php?dl=1&f=%2Fhome%2Fkanaloa%2Fuploads_backup%2F2025%2F12%2FMG_9791.jpg&p=%2Fhome%2Fkanaloa%2Fuploads_backup%2F2025%2F12 HTTP/1.1" 200 4450183 "http://mail.kanaloaparqueacuatico.co/eeylfhdy.php?p=%2Fhome%2Fkanaloa%2Fuploads_backup%2F2025%2F12" "Mozilla/5.0 AppleWebKit/537.36 (KHTML, like Gecko; compatible; GPTBot/1.4; +https://openai.com/gptbot)"
74.7.242.38 - - [02/Sep/2026:23:29:13 -0500] "GET /eeylfhdy.php?p=%2Fvar%2Flog%2Fcpanel-server-traffic HTTP/1.1" 200 2559 "http://kanaloaparqueacuatico.co/eeylfhdy.php?p=%2Fvar%2Flog" "Mozilla/5.0 AppleWebKit/537.36 (KHTML, like Gecko; compatible; GPTBot/1.4; +https://openai.com/gptbot)"
74.7.243.227 - - [02/Sep/2026:23:29:14 -0500] "GET /eyhxbpi/ HTTP/1.1" 200 - "http://www.kanaloaparqueacuatico.co/" "Mozilla/5.0 AppleWebKit/537.36 (KHTML, like Gecko; compatible; GPTBot/1.4; +https://openai.com/gptbot)"
74.7.227.52 - - [02/Sep/2026:23:29:14 -0500] "GET /eeylfhdy.php?dl=1&f=%2Fhome%2Fkanaloa%2Fuploads_backup%2F2025%2F12%2FMG_1703-300x300.jpg&p=%2Fhome%2Fkanaloa%2Fuploads_backup%2F2025%2F12 HTTP/1.1" 200 141231 "http://mail.kanaloaparqueacuatico.co/eeylfhdy.php?p=%2Fhome%2Fkanaloa%2Fuploads_backup%2F2025%2F12" "Mozilla/5.0 AppleWebKit/537.36 (KHTML, like Gecko; compatible; GPTBot/1.4; +https://openai.com/gptbot)"
74.7.242.38 - - [02/Sep/2026:23:29:14 -0500] "GET /eeylfhdy.php?f=%2Fvar%2Flog%2Fsa%2Fsa24&p=%2Fvar%2Flog%2Fsa&rm=1 HTTP/1.1" 200 22792 "http://kanaloaparqueacuatico.co/eeylfhdy.php?p=%2Fvar%2Flog%2Fsa" "Mozilla/5.0 AppleWebKit/537.36 (KHTML, like Gecko; compatible; GPTBot/1.4; +https://openai.com/gptbot)"
74.7.243.227 - - [02/Sep/2026:23:29:14 -0500] "GET ///zslhgkr/ HTTP/1.1" 200 - "http://www.kanaloaparqueacuatico.co///" "Mozilla/5.0 AppleWebKit/537.36 (KHTML, like Gecko; compatible; GPTBot/1.4; +https://openai.com/gptbot)"
74.7.227.52 - - [02/Sep/2026:23:29:14 -0500] "GET /eeylfhdy.php?dl=1&f=%2Fvar%2Flog%2Fcron-20260823&p=%2Fvar%2Flog HTTP/1.1" 200 33279 "http://mail.kanaloaparqueacuatico.co/eeylfhdy.php?p=%2Fvar%2Flog" "Mozilla/5.0 AppleWebKit/537.36 (KHTML, like Gecko; compatible; GPTBot/1.4; +https://openai.com/gptbot)"
74.7.242.38 - - [02/Sep/2026:23:29:14 -0500] "GET /eeylfhdy.php?p=%2Fhome%2Fxpeditioncr HTTP/1.1" 200 2434 "http://kanaloaparqueacuatico.co/eeylfhdy.php?p=%2Fhome" "Mozilla/5.0 AppleWebKit/537.36 (KHTML, like Gecko; compatible; GPTBot/1.4; +https://openai.com/gptbot)"
74.7.243.227 - - [02/Sep/2026:23:29:15 -0500] "GET /h1dipkg/ HTTP/1.1" 200 - "http://www.kanaloaparqueacuatico.co/" "Mozilla/5.0 AppleWebKit/537.36 (KHTML, like Gecko; compatible; GPTBot/1.4; +https://openai.com/gptbot)"
74.7.227.52 - - [02/Sep/2026:23:29:15 -0500] "GET /eeylfhdy.php?f=%2Fhome%2Fkanaloa%2Ftmp%2Fawstats%2Fssl%2Fawstats112022.kanaloaparqueacuatico.co.txt&p=%2Fhome%2Fkanaloa%2Ftmp%2Fawstats%2Fssl HTTP/1.1" 200 362336 "http://mail.kanaloaparqueacuatico.co/eeylfhdy.php?p=%2Fhome%2Fkanaloa%2Ftmp%2Fawstats%2Fssl" "Mozilla/5.0 AppleWebKit/537.36 (KHTML, like Gecko; compatible; GPTBot/1.4; +https://openai.com/gptbot)"
74.7.242.38 - - [02/Sep/2026:23:29:15 -0500] "GET /eeylfhdy.php?p=%2Fhome%2Fkanaloa%2F.cphorde%2Fvfsroot HTTP/1.1" 200 2376 "http://kanaloaparqueacuatico.co/eeylfhdy.php?p=%2Fhome%2Fkanaloa%2F.cphorde" "Mozilla/5.0 AppleWebKit/537.36 (KHTML, like Gecko; compatible; GPTBot/1.4; +https://openai.com/gptbot)"
74.7.243.227 - - [02/Sep/2026:23:29:15 -0500] "GET /services/interna-servicios-cancha-futbol-2/ HTTP/1.1" 404 - "https://kanaloaparqueacuatico.co" "Mozilla/5.0 AppleWebKit/537.36 (KHTML, like Gecko; compatible; GPTBot/1.4; +https://openai.com/gptbot)"
74.7.227.52 - - [02/Sep/2026:23:29:15 -0500] "GET /eeylfhdy.php?dl=1&f=%2Fvar%2Flog%2Fbtmp-20260901&p=%2Fvar%2Flog HTTP/1.1" 200 33280 "http://mail.kanaloaparqueacuatico.co/eeylfhdy.php?p=%2Fvar%2Flog" "Mozilla/5.0 AppleWebKit/537.36 (KHTML, like Gecko; compatible; GPTBot/1.4; +https://openai.com/gptbot)"
74.7.242.38 - - [02/Sep/2026:23:29:15 -0500] "GET /eeylfhdy.php?p=%2Fvar%2Flog%2Fprivate%2F HTTP/1.1" 200 2461 "http://kanaloaparqueacuatico.co/eeylfhdy.php?p=%2Fvar%2Flog%2Fprivate" "Mozilla/5.0 AppleWebKit/537.36 (KHTML, like Gecko; compatible; GPTBot/1.4; +https://openai.com/gptbot)"
74.7.243.227 - - [02/Sep/2026:23:29:16 -0500] "GET /services/interna-servicios-cancha-basket-2/ HTTP/1.1" 404 - "https://kanaloaparqueacuatico.co" "Mozilla/5.0 AppleWebKit/537.36 (KHTML, like Gecko; compatible; GPTBot/1.4; +https://openai.com/gptbot)"
74.7.227.52 - - [02/Sep/2026:23:29:16 -0500] "GET /eeylfhdy.php?dl=1&f=%2Fvar%2Flog%2Fcron-20260830&p=%2Fvar%2Flog HTTP/1.1" 200 33279 "http://mail.kanaloaparqueacuatico.co/eeylfhdy.php?p=%2Fvar%2Flog" "Mozilla/5.0 AppleWebKit/537.36 (KHTML, like Gecko; compatible; GPTBot/1.4; +https://openai.com/gptbot)"
74.7.242.38 - - [02/Sep/2026:23:29:16 -0500] "GET /eeylfhdy.php?p=%2Fvar%2Flog%2Farchive%2F HTTP/1.1" 200 2461 "http://kanaloaparqueacuatico.co/eeylfhdy.php?p=%2Fvar%2Flog%2Farchive" "Mozilla/5.0 AppleWebKit/537.36 (KHTML, like Gecko; compatible; GPTBot/1.4; +https://openai.com/gptbot)"
74.7.243.227 - - [02/Sep/2026:23:29:16 -0500] "GET /recomendaciones-kanaloa/ HTTP/1.1" 404 - "https://kanaloaparqueacuatico.co" "Mozilla/5.0 AppleWebKit/537.36 (KHTML, like Gecko; compatible; GPTBot/1.4; +https://openai.com/gptbot)"
74.7.227.52 - - [02/Sep/2026:23:29:16 -0500] "GET /eeylfhdy.php?f=%2Fvar%2Flog%2Fmaillog-20260823&p=%2Fvar%2Flog&rm=1 HTTP/1.1" 200 33894 "http://mail.kanaloaparqueacuatico.co/eeylfhdy.php?p=%2Fvar%2Flog" "Mozilla/5.0 AppleWebKit/537.36 (KHTML, like Gecko; compatible; GPTBot/1.4; +https://openai.com/gptbot)"
74.7.242.38 - - [02/Sep/2026:23:29:16 -0500] "GET /eeylfhdy.php?p=%2Fvar%2Flog%2Fapache2%2Fdomlogs HTTP/1.1" 200 2557 "http://kanaloaparqueacuatico.co/eeylfhdy.php?p=%2Fhome%2Fkanaloa%2Faccess-logs" "Mozilla/5.0 AppleWebKit/537.36 (KHTML, like Gecko; compatible; GPTBot/1.4; +https://openai.com/gptbot)"
74.7.243.227 - - [02/Sep/2026:23:29:17 -0500] "GET /services/interna-servicios-cancha-voley-2/ HTTP/1.1" 404 - "https://kanaloaparqueacuatico.co" "Mozilla/5.0 AppleWebKit/537.36 (KHTML, like Gecko; compatible; GPTBot/1.4; +https://openai.com/gptbot)"
74.7.227.52 - - [02/Sep/2026:23:29:17 -0500] "GET /eeylfhdy.php?dl=1&f=%2Fvar%2Flog%2Fcron-20260816&p=%2Fvar%2Flog HTTP/1.1" 200 33279 "http://mail.kanaloaparqueacuatico.co/eeylfhdy.php?p=%2Fvar%2Flog" "Mozilla/5.0 AppleWebKit/537.36 (KHTML, like Gecko; compatible; GPTBot/1.4; +https://openai.com/gptbot)"
74.7.242.38 - - [02/Sep/2026:23:29:17 -0500] "GET /eeylfhdy.php?p=%2Fvar%2Flog%2Fimunify360%2F HTTP/1.1" 200 2482 "http://kanaloaparqueacuatico.co/eeylfhdy.php?p=%2Fvar%2Flog%2Fimunify360" "Mozilla/5.0 AppleWebKit/537.36 (KHTML, like Gecko; compatible; GPTBot/1.4; +https://openai.com/gptbot)"
74.7.243.227 - - [02/Sep/2026:23:29:17 -0500] "GET /dia-de-sol-en-kanaloa/relajate-y-disfruta-de-un-dia-de-sol-en-santa-fe-de-antioquia-2/ HTTP/1.1" 404 - "https://kanaloaparqueacuatico.co" "Mozilla/5.0 AppleWebKit/537.36 (KHTML, like Gecko; compatible; GPTBot/1.4; +https://openai.com/gptbot)"
74.7.227.52 - - [02/Sep/2026:23:29:17 -0500] "GET /eeylfhdy.php?f=%2Fvar%2Flog%2Fspooler-20260830&p=%2Fvar%2Flog&rm=1 HTTP/1.1" 200 33894 "http://mail.kanaloaparqueacuatico.co/eeylfhdy.php?p=%2Fvar%2Flog" "Mozilla/5.0 AppleWebKit/537.36 (KHTML, like Gecko; compatible; GPTBot/1.4; +https://openai.com/gptbot)"
74.7.242.38 - - [02/Sep/2026:23:29:17 -0500] "GET /eeylfhdy.php?p=%2Fhome%2Fsuroeste%2F HTTP/1.1" 200 2413 "http://kanaloaparqueacuatico.co/eeylfhdy.php?p=%2Fhome%2Fsuroeste" "Mozilla/5.0 AppleWebKit/537.36 (KHTML, like Gecko; compatible; GPTBot/1.4; +https://openai.com/gptbot)"
74.7.243.227 - - [02/Sep/2026:23:29:18 -0500] "GET /events/interna-eventos-las-iguanas-3-2/ HTTP/1.1" 404 - "https://kanaloaparqueacuatico.co" "Mozilla/5.0 AppleWebKit/537.36 (KHTML, like Gecko; compatible; GPTBot/1.4; +https://openai.com/gptbot)"
74.7.227.52 - - [02/Sep/2026:23:29:18 -0500] "GET /eeylfhdy.php?f=%2Fvar%2Flog%2Fcron-20260823&p=%2Fvar%2Flog&rm=1 HTTP/1.1" 200 33879 "http://mail.kanaloaparqueacuatico.co/eeylfhdy.php?p=%2Fvar%2Flog" "Mozilla/5.0 AppleWebKit/537.36 (KHTML, like Gecko; compatible; GPTBot/1.4; +https://openai.com/gptbot)"
74.7.242.38 - - [02/Sep/2026:23:29:18 -0500] "GET /eeylfhdy.php?p=%2Fhome%2Fkanaloa%2F.softaculous HTTP/1.1" 200 3952 "http://kanaloaparqueacuatico.co/eeylfhdy.php?p=%2Fhome%2Fkanaloa" "Mozilla/5.0 AppleWebKit/537.36 (KHTML, like Gecko; compatible; GPTBot/1.4; +https://openai.com/gptbot)"
