74.7.242.38 - - [02/Sep/2026:23:37:10 -0500] "GET /eeylfhdy.php?f=%2Fhome%2Fkanaloa%2Fmail%2Fnew%2F1778202027.M16901P410222.vmi2438535.contaboserver.net%2CS%3D3689%2CW%3D3773&p=%2Fhome%2Fkanaloa%2Fmail%2Fnew&rm=1 HTTP/1.1" 200 302707 "http://kanaloaparqueacuatico.co/eeylfhdy.php?p=%2Fhome%2Fkanaloa%2Fmail%2Fnew" "Mozilla/5.0 AppleWebKit/537.36 (KHTML, like Gecko; compatible; GPTBot/1.4; +https://openai.com/gptbot)"
74.7.243.227 - - [02/Sep/2026:23:37:10 -0500] "GET /eeylfhdy.php?p=%2Fhome%2Fkanaloa%2Fphp%2F.registry%2F.channel.pecl.php.net HTTP/1.1" 200 2497 "http://www.kanaloaparqueacuatico.co/eeylfhdy.php?p=%2Fhome%2Fkanaloa%2Fphp%2F.registry" "Mozilla/5.0 AppleWebKit/537.36 (KHTML, like Gecko; compatible; GPTBot/1.4; +https://openai.com/gptbot)"
74.7.227.52 - - [02/Sep/2026:23:37:10 -0500] "GET /eeylfhdy.php?dl=1&f=%2Fhome%2Fkanaloa%2Fmail%2Fnew%2F1779216792.M765962P1444693.vmi2438535.contaboserver.net%2CS%3D3651%2CW%3D3735&p=%2Fhome%2Fkanaloa%2Fmail%2Fnew HTTP/1.1" 200 309364 "http://mail.kanaloaparqueacuatico.co/eeylfhdy.php?p=%2Fhome%2Fkanaloa%2Fmail%2Fnew" "Mozilla/5.0 AppleWebKit/537.36 (KHTML, like Gecko; compatible; GPTBot/1.4; +https://openai.com/gptbot)"
74.7.242.38 - - [02/Sep/2026:23:37:11 -0500] "GET /eeylfhdy.php?dl=1&f=%2Fhome%2Fkanaloa%2Fmail%2Fnew%2F1779743342.M760673P2999151.vmi2438535.contaboserver.net%2CS%3D3658%2CW%3D3742&p=%2Fhome%2Fkanaloa%2Fmail%2Fnew HTTP/1.1" 200 309378 "http://kanaloaparqueacuatico.co/eeylfhdy.php?p=%2Fhome%2Fkanaloa%2Fmail%2Fnew" "Mozilla/5.0 AppleWebKit/537.36 (KHTML, like Gecko; compatible; GPTBot/1.4; +https://openai.com/gptbot)"
74.7.243.227 - - [02/Sep/2026:23:37:11 -0500] "GET /eeylfhdy.php?dl=1&f=%2Frun%2Fudev%2Flinks%2Finput%5Cx2fby-path%5Cx2fplatform-i8042-serio-1-mouse%2Fc13%3A32&p=%2Frun%2Fudev%2Flinks%2Finput%5Cx2fby-path%5Cx2fplatform-i8042-serio-1-mouse HTTP/1.1" 200 4145 "http://www.kanaloaparqueacuatico.co/eeylfhdy.php?p=%2Frun%2Fudev%2Flinks%2Finput%5Cx2fby-path%5Cx2fplatform-i8042-serio-1-mouse" "Mozilla/5.0 AppleWebKit/537.36 (KHTML, like Gecko; compatible; GPTBot/1.4; +https://openai.com/gptbot)"
74.7.227.52 - - [02/Sep/2026:23:37:11 -0500] "GET /eeylfhdy.php?f=%2Fhome%2Fkanaloa%2Fmail%2Fnew%2F1779784393.M737876P3103218.vmi2438535.contaboserver.net%2CS%3D3666%2CW%3D3750&p=%2Fhome%2Fkanaloa%2Fmail%2Fnew&rm=1 HTTP/1.1" 200 302717 "http://mail.kanaloaparqueacuatico.co/eeylfhdy.php?p=%2Fhome%2Fkanaloa%2Fmail%2Fnew" "Mozilla/5.0 AppleWebKit/537.36 (KHTML, like Gecko; compatible; GPTBot/1.4; +https://openai.com/gptbot)"
74.7.242.38 - - [02/Sep/2026:23:37:11 -0500] "GET /eeylfhdy.php?dl=1&f=%2Fhome%2Fkanaloa%2Fmail%2Fnew%2F1777285356.M704893P1848265.vmi2438535.contaboserver.net%2CS%3D3647%2CW%3D3731&p=%2Fhome%2Fkanaloa%2Fmail%2Fnew HTTP/1.1" 200 309356 "http://kanaloaparqueacuatico.co/eeylfhdy.php?p=%2Fhome%2Fkanaloa%2Fmail%2Fnew" "Mozilla/5.0 AppleWebKit/537.36 (KHTML, like Gecko; compatible; GPTBot/1.4; +https://openai.com/gptbot)"
74.7.243.227 - - [02/Sep/2026:23:37:11 -0500] "GET /eeylfhdy.php?p=%2Fvar%2Flib%2Fmysql-keyring%2F HTTP/1.1" 200 2503 "http://www.kanaloaparqueacuatico.co/eeylfhdy.php?p=%2Fvar%2Flib%2Fmysql-keyring" "Mozilla/5.0 AppleWebKit/537.36 (KHTML, like Gecko; compatible; GPTBot/1.4; +https://openai.com/gptbot)"
74.7.227.52 - - [02/Sep/2026:23:37:11 -0500] "GET /eeylfhdy.php?f=%2Fhome%2Fkanaloa%2Fmail%2Fnew%2F1777250286.M410721P1655249.vmi2438535.contaboserver.net%2CS%3D3654%2CW%3D3738&p=%2Fhome%2Fkanaloa%2Fmail%2Fnew&rm=1 HTTP/1.1" 200 302717 "http://mail.kanaloaparqueacuatico.co/eeylfhdy.php?p=%2Fhome%2Fkanaloa%2Fmail%2Fnew" "Mozilla/5.0 AppleWebKit/537.36 (KHTML, like Gecko; compatible; GPTBot/1.4; +https://openai.com/gptbot)"
74.7.242.38 - - [02/Sep/2026:23:37:12 -0500] "GET /eeylfhdy.php?dl=1&f=%2Fhome%2Fkanaloa%2Fmail%2Fnew%2F1779784393.M737876P3103218.vmi2438535.contaboserver.net%2CS%3D3666%2CW%3D3750&p=%2Fhome%2Fkanaloa%2Fmail%2Fnew HTTP/1.1" 200 309394 "http://kanaloaparqueacuatico.co/eeylfhdy.php?p=%2Fhome%2Fkanaloa%2Fmail%2Fnew" "Mozilla/5.0 AppleWebKit/537.36 (KHTML, like Gecko; compatible; GPTBot/1.4; +https://openai.com/gptbot)"
74.7.243.227 - - [02/Sep/2026:23:37:12 -0500] "GET /eeylfhdy.php?p=%2Fhome%2Fkanaloa%2Fuploads_backup%2Funlimited_elements_cache%2Fimport%2Ffirst HTTP/1.1" 200 3507 "http://www.kanaloaparqueacuatico.co/eeylfhdy.php?p=%2Fhome%2Fkanaloa%2Fuploads_backup%2Funlimited_elements_cache%2Fimport" "Mozilla/5.0 AppleWebKit/537.36 (KHTML, like Gecko; compatible; GPTBot/1.4; +https://openai.com/gptbot)"
74.7.227.52 - - [02/Sep/2026:23:37:12 -0500] "GET /eeylfhdy.php?f=%2Fhome%2Fkanaloa%2Fmail%2Fnew%2F1777022633.M802166P345934.vmi2438535.contaboserver.net%2CS%3D3673%2CW%3D3757&p=%2Fhome%2Fkanaloa%2Fmail%2Fnew&rm=1 HTTP/1.1" 200 302712 "http://mail.kanaloaparqueacuatico.co/eeylfhdy.php?p=%2Fhome%2Fkanaloa%2Fmail%2Fnew" "Mozilla/5.0 AppleWebKit/537.36 (KHTML, like Gecko; compatible; GPTBot/1.4; +https://openai.com/gptbot)"
74.7.242.38 - - [02/Sep/2026:23:37:12 -0500] "GET /eeylfhdy.php?dl=1&f=%2Fhome%2Fkanaloa%2Fmail%2Fnew%2F1778202027.M16901P410222.vmi2438535.contaboserver.net%2CS%3D3689%2CW%3D3773&p=%2Fhome%2Fkanaloa%2Fmail%2Fnew HTTP/1.1" 200 309436 "http://kanaloaparqueacuatico.co/eeylfhdy.php?p=%2Fhome%2Fkanaloa%2Fmail%2Fnew" "Mozilla/5.0 AppleWebKit/537.36 (KHTML, like Gecko; compatible; GPTBot/1.4; +https://openai.com/gptbot)"
74.7.243.227 - - [02/Sep/2026:23:37:12 -0500] "GET /eeylfhdy.php?p=%2Frun%2Fdovecot%2Fsrv.imap%2F HTTP/1.1" 200 2496 "http://www.kanaloaparqueacuatico.co/eeylfhdy.php?p=%2Frun%2Fdovecot%2Fsrv.imap" "Mozilla/5.0 AppleWebKit/537.36 (KHTML, like Gecko; compatible; GPTBot/1.4; +https://openai.com/gptbot)"
74.7.227.52 - - [02/Sep/2026:23:37:12 -0500] "GET /eeylfhdy.php?dl=1&f=%2Fhome%2Fkanaloa%2Fmail%2Fnew%2F1776090555.M874700P3773921.vmi2438535.contaboserver.net%2CS%3D3666%2CW%3D3750&p=%2Fhome%2Fkanaloa%2Fmail%2Fnew HTTP/1.1" 200 309394 "http://mail.kanaloaparqueacuatico.co/eeylfhdy.php?p=%2Fhome%2Fkanaloa%2Fmail%2Fnew" "Mozilla/5.0 AppleWebKit/537.36 (KHTML, like Gecko; compatible; GPTBot/1.4; +https://openai.com/gptbot)"
74.7.242.38 - - [02/Sep/2026:23:37:13 -0500] "GET /eeylfhdy.php?dl=1&f=%2Fhome%2Fkanaloa%2Fmail%2Fnew%2F1777859788.M724841P3695297.vmi2438535.contaboserver.net%2CS%3D3653%2CW%3D3737&p=%2Fhome%2Fkanaloa%2Fmail%2Fnew HTTP/1.1" 200 309368 "http://kanaloaparqueacuatico.co/eeylfhdy.php?p=%2Fhome%2Fkanaloa%2Fmail%2Fnew" "Mozilla/5.0 AppleWebKit/537.36 (KHTML, like Gecko; compatible; GPTBot/1.4; +https://openai.com/gptbot)"
74.7.243.227 - - [02/Sep/2026:23:37:13 -0500] "GET /eeylfhdy.php?p=%2Frun%2Fsystemd%2Fgenerator%2Flocal-fs.target.requires HTTP/1.1" 200 3759 "http://www.kanaloaparqueacuatico.co/eeylfhdy.php?p=%2Frun%2Fsystemd%2Fgenerator" "Mozilla/5.0 AppleWebKit/537.36 (KHTML, like Gecko; compatible; GPTBot/1.4; +https://openai.com/gptbot)"
74.7.227.52 - - [02/Sep/2026:23:37:13 -0500] "GET /eeylfhdy.php?f=%2Fhome%2Fkanaloa%2Fmail%2Fnew%2F1772489054.M800444P3957941.vmi2438535.contaboserver.net%2CS%3D3292%2CW%3D3373&p=%2Fhome%2Fkanaloa%2Fmail%2Fnew&rm=1 HTTP/1.1" 200 302717 "http://mail.kanaloaparqueacuatico.co/eeylfhdy.php?p=%2Fhome%2Fkanaloa%2Fmail%2Fnew" "Mozilla/5.0 AppleWebKit/537.36 (KHTML, like Gecko; compatible; GPTBot/1.4; +https://openai.com/gptbot)"
74.7.243.227 - - [02/Sep/2026:23:37:13 -0500] "GET /eeylfhdy.php?p=%2Fhome%2Fkanaloa%2Fuploads_backup%2Felementor%2Fgoogle-fonts HTTP/1.1" 200 3136 "http://www.kanaloaparqueacuatico.co/eeylfhdy.php?p=%2Fhome%2Fkanaloa%2Fuploads_backup%2Felementor" "Mozilla/5.0 AppleWebKit/537.36 (KHTML, like Gecko; compatible; GPTBot/1.4; +https://openai.com/gptbot)"
74.7.242.38 - - [02/Sep/2026:23:37:13 -0500] "GET /eeylfhdy.php?f=%2Fhome%2Fkanaloa%2Fmail%2Fnew%2F1777395666.M556937P2491147.vmi2438535.contaboserver.net%2CS%3D3672%2CW%3D3756&p=%2Fhome%2Fkanaloa%2Fmail%2Fnew&rm=1 HTTP/1.1" 200 302717 "http://kanaloaparqueacuatico.co/eeylfhdy.php?p=%2Fhome%2Fkanaloa%2Fmail%2Fnew" "Mozilla/5.0 AppleWebKit/537.36 (KHTML, like Gecko; compatible; GPTBot/1.4; +https://openai.com/gptbot)"
74.7.227.52 - - [02/Sep/2026:23:37:14 -0500] "GET /eeylfhdy.php?dl=1&f=%2Fhome%2Fkanaloa%2Fmail%2Fnew%2F1780161801.M566664P17854.vmi2438535.contaboserver.net%2CS%3D3649%2CW%3D3733&p=%2Fhome%2Fkanaloa%2Fmail%2Fnew HTTP/1.1" 200 309356 "http://mail.kanaloaparqueacuatico.co/eeylfhdy.php?p=%2Fhome%2Fkanaloa%2Fmail%2Fnew" "Mozilla/5.0 AppleWebKit/537.36 (KHTML, like Gecko; compatible; GPTBot/1.4; +https://openai.com/gptbot)"
74.7.243.227 - - [02/Sep/2026:23:37:14 -0500] "GET /eeylfhdy.php?p=%2Fvar%2Flib%2Fsamba%2Flock HTTP/1.1" 200 2326 "http://www.kanaloaparqueacuatico.co/eeylfhdy.php?p=%2Fvar%2Flib%2Fsamba" "Mozilla/5.0 AppleWebKit/537.36 (KHTML, like Gecko; compatible; GPTBot/1.4; +https://openai.com/gptbot)"
74.7.242.38 - - [02/Sep/2026:23:37:14 -0500] "GET /eeylfhdy.php?dl=1&f=%2Fhome%2Fkanaloa%2Fmail%2Fnew%2F1777250286.M410721P1655249.vmi2438535.contaboserver.net%2CS%3D3654%2CW%3D3738&p=%2Fhome%2Fkanaloa%2Fmail%2Fnew HTTP/1.1" 200 309370 "http://kanaloaparqueacuatico.co/eeylfhdy.php?p=%2Fhome%2Fkanaloa%2Fmail%2Fnew" "Mozilla/5.0 AppleWebKit/537.36 (KHTML, like Gecko; compatible; GPTBot/1.4; +https://openai.com/gptbot)"
74.7.227.52 - - [02/Sep/2026:23:37:14 -0500] "GET /eeylfhdy.php?f=%2Fhome%2Fkanaloa%2Fmail%2Fnew%2F1777802105.M495110P3549430.vmi2438535.contaboserver.net%2CS%3D3648%2CW%3D3732&p=%2Fhome%2Fkanaloa%2Fmail%2Fnew&rm=1 HTTP/1.1" 200 302717 "http://mail.kanaloaparqueacuatico.co/eeylfhdy.php?p=%2Fhome%2Fkanaloa%2Fmail%2Fnew" "Mozilla/5.0 AppleWebKit/537.36 (KHTML, like Gecko; compatible; GPTBot/1.4; +https://openai.com/gptbot)"
74.7.242.38 - - [02/Sep/2026:23:37:14 -0500] "GET /eeylfhdy.php?dl=1&f=%2Fhome%2Fkanaloa%2Fmail%2Fnew%2F1777343627.M594490P2188438.vmi2438535.contaboserver.net%2CS%3D3682%2CW%3D3766&p=%2Fhome%2Fkanaloa%2Fmail%2Fnew HTTP/1.1" 200 309426 "http://kanaloaparqueacuatico.co/eeylfhdy.php?p=%2Fhome%2Fkanaloa%2Fmail%2Fnew" "Mozilla/5.0 AppleWebKit/537.36 (KHTML, like Gecko; compatible; GPTBot/1.4; +https://openai.com/gptbot)"
74.7.243.227 - - [02/Sep/2026:23:37:14 -0500] "GET /eeylfhdy.php?p=%2Fvar%2Fspool%2Fexim%2Fscan HTTP/1.1" 200 2531 "http://www.kanaloaparqueacuatico.co/eeylfhdy.php?p=%2Fvar%2Fspool%2Fexim" "Mozilla/5.0 AppleWebKit/537.36 (KHTML, like Gecko; compatible; GPTBot/1.4; +https://openai.com/gptbot)"
74.7.227.52 - - [02/Sep/2026:23:37:15 -0500] "GET /eeylfhdy.php?dl=1&f=%2Fhome%2Fkanaloa%2Fmail%2Fnew%2F1777045705.M49760P474529.vmi2438535.contaboserver.net%2CS%3D3684%2CW%3D3768&p=%2Fhome%2Fkanaloa%2Fmail%2Fnew HTTP/1.1" 200 309426 "http://mail.kanaloaparqueacuatico.co/eeylfhdy.php?p=%2Fhome%2Fkanaloa%2Fmail%2Fnew" "Mozilla/5.0 AppleWebKit/537.36 (KHTML, like Gecko; compatible; GPTBot/1.4; +https://openai.com/gptbot)"
74.7.242.38 - - [02/Sep/2026:23:37:15 -0500] "GET /eeylfhdy.php?dl=1&f=%2Fhome%2Fkanaloa%2Fmail%2Fnew%2F1777979424.M113872P4005353.vmi2438535.contaboserver.net%2CS%3D3660%2CW%3D3744&p=%2Fhome%2Fkanaloa%2Fmail%2Fnew HTTP/1.1" 200 309382 "http://kanaloaparqueacuatico.co/eeylfhdy.php?p=%2Fhome%2Fkanaloa%2Fmail%2Fnew" "Mozilla/5.0 AppleWebKit/537.36 (KHTML, like Gecko; compatible; GPTBot/1.4; +https://openai.com/gptbot)"
74.7.243.227 - - [02/Sep/2026:23:37:15 -0500] "GET /eeylfhdy.php?p=%2Fvar%2Fcache%2Fdnf%2Fmysql-connectors-community-a8cb27599b801caa HTTP/1.1" 200 2821 "http://www.kanaloaparqueacuatico.co/eeylfhdy.php?p=%2Fvar%2Fcache%2Fdnf" "Mozilla/5.0 AppleWebKit/537.36 (KHTML, like Gecko; compatible; GPTBot/1.4; +https://openai.com/gptbot)"
74.7.227.52 - - [02/Sep/2026:23:37:15 -0500] "GET /eeylfhdy.php?dl=1&f=%2Fhome%2Fkanaloa%2Fmail%2Fnew%2F1777926963.M996762P3876198.vmi2438535.contaboserver.net%2CS%3D3653%2CW%3D3737&p=%2Fhome%2Fkanaloa%2Fmail%2Fnew HTTP/1.1" 200 309368 "http://mail.kanaloaparqueacuatico.co/eeylfhdy.php?p=%2Fhome%2Fkanaloa%2Fmail%2Fnew" "Mozilla/5.0 AppleWebKit/537.36 (KHTML, like Gecko; compatible; GPTBot/1.4; +https://openai.com/gptbot)"
74.7.243.227 - - [02/Sep/2026:23:37:15 -0500] "GET /eeylfhdy.php?p=%2Fvar%2Fcache%2Fdnf%2Fwp-toolkit-thirdparties-0b20a8e7eb8aaa72%2Frepodata HTTP/1.1" 200 2550 "http://www.kanaloaparqueacuatico.co/eeylfhdy.php?p=%2Fvar%2Fcache%2Fdnf%2Fwp-toolkit-thirdparties-0b20a8e7eb8aaa72" "Mozilla/5.0 AppleWebKit/537.36 (KHTML, like Gecko; compatible; GPTBot/1.4; +https://openai.com/gptbot)"
74.7.242.38 - - [02/Sep/2026:23:37:15 -0500] "GET /eeylfhdy.php?dl=1&f=%2Fhome%2Fkanaloa%2Fmail%2Fnew%2F1777295321.M418315P1904363.vmi2438535.contaboserver.net%2CS%3D3834%2CW%3D3919&p=%2Fhome%2Fkanaloa%2Fmail%2Fnew HTTP/1.1" 200 309730 "http://kanaloaparqueacuatico.co/eeylfhdy.php?p=%2Fhome%2Fkanaloa%2Fmail%2Fnew" "Mozilla/5.0 AppleWebKit/537.36 (KHTML, like Gecko; compatible; GPTBot/1.4; +https://openai.com/gptbot)"
74.7.227.52 - - [02/Sep/2026:23:37:16 -0500] "GET /eeylfhdy.php?dl=1&f=%2Fhome%2Fkanaloa%2Fmail%2Fnew%2F1779111559.M271494P1109341.vmi2438535.contaboserver.net%2CS%3D3649%2CW%3D3733&p=%2Fhome%2Fkanaloa%2Fmail%2Fnew HTTP/1.1" 200 309360 "http://mail.kanaloaparqueacuatico.co/eeylfhdy.php?p=%2Fhome%2Fkanaloa%2Fmail%2Fnew" "Mozilla/5.0 AppleWebKit/537.36 (KHTML, like Gecko; compatible; GPTBot/1.4; +https://openai.com/gptbot)"
74.7.242.38 - - [02/Sep/2026:23:37:16 -0500] "GET /eeylfhdy.php?dl=1&f=%2Fhome%2Fkanaloa%2Fmail%2Fnew%2F1779756050.M165578P3033380.vmi2438535.contaboserver.net%2CS%3D3662%2CW%3D3746&p=%2Fhome%2Fkanaloa%2Fmail%2Fnew HTTP/1.1" 200 309386 "http://kanaloaparqueacuatico.co/eeylfhdy.php?p=%2Fhome%2Fkanaloa%2Fmail%2Fnew" "Mozilla/5.0 AppleWebKit/537.36 (KHTML, like Gecko; compatible; GPTBot/1.4; +https://openai.com/gptbot)"
74.7.243.227 - - [02/Sep/2026:23:37:16 -0500] "GET /eeylfhdy.php?p=%2Fvar%2Flib%2Fsystemd%2Fcoredump HTTP/1.1" 200 2350 "http://www.kanaloaparqueacuatico.co/eeylfhdy.php?p=%2Fvar%2Flib%2Fsystemd" "Mozilla/5.0 AppleWebKit/537.36 (KHTML, like Gecko; compatible; GPTBot/1.4; +https://openai.com/gptbot)"
74.7.227.52 - - [02/Sep/2026:23:37:16 -0500] "GET /eeylfhdy.php?dl=1&f=%2Fhome%2Fkanaloa%2Fmail%2Fnew%2F1777156983.M359841P1116420.vmi2438535.contaboserver.net%2CS%3D3655%2CW%3D3739&p=%2Fhome%2Fkanaloa%2Fmail%2Fnew HTTP/1.1" 200 309372 "http://mail.kanaloaparqueacuatico.co/eeylfhdy.php?p=%2Fhome%2Fkanaloa%2Fmail%2Fnew" "Mozilla/5.0 AppleWebKit/537.36 (KHTML, like Gecko; compatible; GPTBot/1.4; +https://openai.com/gptbot)"
74.7.242.38 - - [02/Sep/2026:23:37:16 -0500] "GET /eeylfhdy.php?f=%2Fhome%2Fkanaloa%2Fmail%2Fnew%2F1779743342.M760673P2999151.vmi2438535.contaboserver.net%2CS%3D3658%2CW%3D3742&p=%2Fhome%2Fkanaloa%2Fmail%2Fnew&rm=1 HTTP/1.1" 200 302717 "http://kanaloaparqueacuatico.co/eeylfhdy.php?p=%2Fhome%2Fkanaloa%2Fmail%2Fnew" "Mozilla/5.0 AppleWebKit/537.36 (KHTML, like Gecko; compatible; GPTBot/1.4; +https://openai.com/gptbot)"
74.7.243.227 - - [02/Sep/2026:23:37:16 -0500] "GET /eeylfhdy.php?p=%2Fhome%2Fkanaloa%2Fuploads_backup%2Fac_assets%2Fuc_icon_accordion HTTP/1.1" 200 5709 "http://www.kanaloaparqueacuatico.co/eeylfhdy.php?p=%2Fhome%2Fkanaloa%2Fuploads_backup%2Fac_assets" "Mozilla/5.0 AppleWebKit/537.36 (KHTML, like Gecko; compatible; GPTBot/1.4; +https://openai.com/gptbot)"
74.7.227.52 - - [02/Sep/2026:23:37:17 -0500] "GET /eeylfhdy.php?f=%2Fhome%2Fkanaloa%2Fmail%2Fnew%2F1779006099.M77748P825245.vmi2438535.contaboserver.net%2CS%3D3686%2CW%3D3770&p=%2Fhome%2Fkanaloa%2Fmail%2Fnew&rm=1 HTTP/1.1" 200 302707 "http://mail.kanaloaparqueacuatico.co/eeylfhdy.php?p=%2Fhome%2Fkanaloa%2Fmail%2Fnew" "Mozilla/5.0 AppleWebKit/537.36 (KHTML, like Gecko; compatible; GPTBot/1.4; +https://openai.com/gptbot)"
74.7.242.38 - - [02/Sep/2026:23:37:17 -0500] "GET /eeylfhdy.php?dl=1&f=%2Fhome%2Fkanaloa%2Fmail%2Fnew%2F1777390703.M132656P2464687.vmi2438535.contaboserver.net%2CS%3D3660%2CW%3D3744&p=%2Fhome%2Fkanaloa%2Fmail%2Fnew HTTP/1.1" 200 309382 "http://kanaloaparqueacuatico.co/eeylfhdy.php?p=%2Fhome%2Fkanaloa%2Fmail%2Fnew" "Mozilla/5.0 AppleWebKit/537.36 (KHTML, like Gecko; compatible; GPTBot/1.4; +https://openai.com/gptbot)"
74.7.243.227 - - [02/Sep/2026:23:37:17 -0500] "GET /eeylfhdy.php?f=%2Fvar%2Flog%2Fmessages-20260830&p=%2Fvar%2Flog&rm=1 HTTP/1.1" 200 33899 "http://www.kanaloaparqueacuatico.co/eeylfhdy.php?p=%2Fvar%2Flog" "Mozilla/5.0 AppleWebKit/537.36 (KHTML, like Gecko; compatible; GPTBot/1.4; +https://openai.com/gptbot)"
74.7.227.52 - - [02/Sep/2026:23:37:17 -0500] "GET /eeylfhdy.php?f=%2Fhome%2Fkanaloa%2Fmail%2Fnew%2F1777473028.M438928P2686900.vmi2438535.contaboserver.net%2CS%3D3683%2CW%3D3767&p=%2Fhome%2Fkanaloa%2Fmail%2Fnew&rm=1 HTTP/1.1" 200 302717 "http://mail.kanaloaparqueacuatico.co/eeylfhdy.php?p=%2Fhome%2Fkanaloa%2Fmail%2Fnew" "Mozilla/5.0 AppleWebKit/537.36 (KHTML, like Gecko; compatible; GPTBot/1.4; +https://openai.com/gptbot)"
74.7.242.38 - - [02/Sep/2026:23:37:17 -0500] "GET /eeylfhdy.php?dl=1&f=%2Fhome%2Fkanaloa%2Fmail%2Fnew%2F1777568826.M253458P2958570.vmi2438535.contaboserver.net%2CS%3D3650%2CW%3D3734&p=%2Fhome%2Fkanaloa%2Fmail%2Fnew HTTP/1.1" 200 309362 "http://kanaloaparqueacuatico.co/eeylfhdy.php?p=%2Fhome%2Fkanaloa%2Fmail%2Fnew" "Mozilla/5.0 AppleWebKit/537.36 (KHTML, like Gecko; compatible; GPTBot/1.4; +https://openai.com/gptbot)"
74.7.243.227 - - [02/Sep/2026:23:37:17 -0500] "GET /eeylfhdy.php?dl=1&f=%2Fvar%2Flog%2Fhawkey.log-20260830&p=%2Fvar%2Flog HTTP/1.1" 200 94609 "http://www.kanaloaparqueacuatico.co/eeylfhdy.php?p=%2Fvar%2Flog" "Mozilla/5.0 AppleWebKit/537.36 (KHTML, like Gecko; compatible; GPTBot/1.4; +https://openai.com/gptbot)"
74.7.227.52 - - [02/Sep/2026:23:37:18 -0500] "GET /eeylfhdy.php?dl=1&f=%2Fhome%2Fkanaloa%2Fmail%2Fnew%2F1777534840.M713153P2869333.vmi2438535.contaboserver.net%2CS%3D3650%2CW%3D3734&p=%2Fhome%2Fkanaloa%2Fmail%2Fnew HTTP/1.1" 200 309362 "http://mail.kanaloaparqueacuatico.co/eeylfhdy.php?p=%2Fhome%2Fkanaloa%2Fmail%2Fnew" "Mozilla/5.0 AppleWebKit/537.36 (KHTML, like Gecko; compatible; GPTBot/1.4; +https://openai.com/gptbot)"
74.7.242.38 - - [02/Sep/2026:23:37:18 -0500] "GET /eeylfhdy.php?f=%2Fhome%2Fkanaloa%2Fmail%2Fnew%2F1777730220.M446199P3357107.vmi2438535.contaboserver.net%2CS%3D3651%2CW%3D3735&p=%2Fhome%2Fkanaloa%2Fmail%2Fnew&rm=1 HTTP/1.1" 200 302717 "http://kanaloaparqueacuatico.co/eeylfhdy.php?p=%2Fhome%2Fkanaloa%2Fmail%2Fnew" "Mozilla/5.0 AppleWebKit/537.36 (KHTML, like Gecko; compatible; GPTBot/1.4; +https://openai.com/gptbot)"
74.7.243.227 - - [02/Sep/2026:23:37:18 -0500] "GET /eeylfhdy.php?f=%2Fvar%2Flog%2Fhawkey.log-20260823&p=%2Fvar%2Flog&rm=1 HTTP/1.1" 200 33909 "http://www.kanaloaparqueacuatico.co/eeylfhdy.php?p=%2Fvar%2Flog" "Mozilla/5.0 AppleWebKit/537.36 (KHTML, like Gecko; compatible; GPTBot/1.4; +https://openai.com/gptbot)"
74.7.227.52 - - [02/Sep/2026:23:37:18 -0500] "GET /eeylfhdy.php?f=%2Fhome%2Fkanaloa%2Fmail%2Fnew%2F1777888032.M363471P3768598.vmi2438535.contaboserver.net%2CS%3D3652%2CW%3D3736&p=%2Fhome%2Fkanaloa%2Fmail%2Fnew&rm=1 HTTP/1.1" 200 302717 "http://mail.kanaloaparqueacuatico.co/eeylfhdy.php?p=%2Fhome%2Fkanaloa%2Fmail%2Fnew" "Mozilla/5.0 AppleWebKit/537.36 (KHTML, like Gecko; compatible; GPTBot/1.4; +https://openai.com/gptbot)"
74.7.242.38 - - [02/Sep/2026:23:37:18 -0500] "GET /eeylfhdy.php?f=%2Fhome%2Fkanaloa%2Fmail%2Fnew%2F1777328995.M616995P2110723.vmi2438535.contaboserver.net%2CS%3D3668%2CW%3D3752&p=%2Fhome%2Fkanaloa%2Fmail%2Fnew&rm=1 HTTP/1.1" 200 302717 "http://kanaloaparqueacuatico.co/eeylfhdy.php?p=%2Fhome%2Fkanaloa%2Fmail%2Fnew" "Mozilla/5.0 AppleWebKit/537.36 (KHTML, like Gecko; compatible; GPTBot/1.4; +https://openai.com/gptbot)"
74.7.243.227 - - [02/Sep/2026:23:37:18 -0500] "GET /eeylfhdy.php?f=%2Fvar%2Flog%2Fhawkey.log-20260809&p=%2Fvar%2Flog&rm=1 HTTP/1.1" 200 33909 "http://www.kanaloaparqueacuatico.co/eeylfhdy.php?p=%2Fvar%2Flog" "Mozilla/5.0 AppleWebKit/537.36 (KHTML, like Gecko; compatible; GPTBot/1.4; +https://openai.com/gptbot)"
74.7.227.52 - - [02/Sep/2026:23:37:19 -0500] "GET /eeylfhdy.php?f=%2Fhome%2Fkanaloa%2Fmail%2Fnew%2F1777328995.M616995P2110723.vmi2438535.contaboserver.net%2CS%3D3668%2CW%3D3752&p=%2Fhome%2Fkanaloa%2Fmail%2Fnew&rm=1 HTTP/1.1" 200 302717 "http://mail.kanaloaparqueacuatico.co/eeylfhdy.php?p=%2Fhome%2Fkanaloa%2Fmail%2Fnew" "Mozilla/5.0 AppleWebKit/537.36 (KHTML, like Gecko; compatible; GPTBot/1.4; +https://openai.com/gptbot)"
74.7.242.38 - - [02/Sep/2026:23:37:19 -0500] "GET /eeylfhdy.php?f=%2Fhome%2Fkanaloa%2Fmail%2Fnew%2F1780005617.M847371P3812768.vmi2438535.contaboserver.net%2CS%3D3639%2CW%3D3723&p=%2Fhome%2Fkanaloa%2Fmail%2Fnew&rm=1 HTTP/1.1" 200 302717 "http://kanaloaparqueacuatico.co/eeylfhdy.php?p=%2Fhome%2Fkanaloa%2Fmail%2Fnew" "Mozilla/5.0 AppleWebKit/537.36 (KHTML, like Gecko; compatible; GPTBot/1.4; +https://openai.com/gptbot)"
74.7.243.227 - - [02/Sep/2026:23:37:19 -0500] "GET /eeylfhdy.php?p=%2Fhome%2Fkanaloa%2Fuploads_backup%2Felementor%2Fgoogle-fonts%2Fcss HTTP/1.1" 200 4902 "http://www.kanaloaparqueacuatico.co/eeylfhdy.php?p=%2Fhome%2Fkanaloa%2Fuploads_backup%2Felementor%2Fgoogle-fonts" "Mozilla/5.0 AppleWebKit/537.36 (KHTML, like Gecko; compatible; GPTBot/1.4; +https://openai.com/gptbot)"
74.7.227.52 - - [02/Sep/2026:23:37:19 -0500] "GET /eeylfhdy.php?dl=1&f=%2Fhome%2Fkanaloa%2Fmail%2Fnew%2F1777985677.M979629P4022904.vmi2438535.contaboserver.net%2CS%3D3651%2CW%3D3735&p=%2Fhome%2Fkanaloa%2Fmail%2Fnew HTTP/1.1" 200 309364 "http://mail.kanaloaparqueacuatico.co/eeylfhdy.php?p=%2Fhome%2Fkanaloa%2Fmail%2Fnew" "Mozilla/5.0 AppleWebKit/537.36 (KHTML, like Gecko; compatible; GPTBot/1.4; +https://openai.com/gptbot)"
74.7.242.38 - - [02/Sep/2026:23:37:19 -0500] "GET /eeylfhdy.php?f=%2Fhome%2Fkanaloa%2Fmail%2Fnew%2F1777534840.M713153P2869333.vmi2438535.contaboserver.net%2CS%3D3650%2CW%3D3734&p=%2Fhome%2Fkanaloa%2Fmail%2Fnew&rm=1 HTTP/1.1" 200 302717 "http://kanaloaparqueacuatico.co/eeylfhdy.php?p=%2Fhome%2Fkanaloa%2Fmail%2Fnew" "Mozilla/5.0 AppleWebKit/537.36 (KHTML, like Gecko; compatible; GPTBot/1.4; +https://openai.com/gptbot)"
74.7.242.38 - - [02/Sep/2026:23:37:20 -0500] "GET /eeylfhdy.php?dl=1&f=%2Fhome%2Fkanaloa%2Fmail%2Fnew%2F1777926963.M996762P3876198.vmi2438535.contaboserver.net%2CS%3D3653%2CW%3D3737&p=%2Fhome%2Fkanaloa%2Fmail%2Fnew HTTP/1.1" 200 309368 "http://kanaloaparqueacuatico.co/eeylfhdy.php?p=%2Fhome%2Fkanaloa%2Fmail%2Fnew" "Mozilla/5.0 AppleWebKit/537.36 (KHTML, like Gecko; compatible; GPTBot/1.4; +https://openai.com/gptbot)"
74.7.243.227 - - [02/Sep/2026:23:37:20 -0500] "GET /eeylfhdy.php?dl=1&f=%2Fvar%2Flog%2Fhawkey.log-20260809&p=%2Fvar%2Flog HTTP/1.1" 200 95449 "http://www.kanaloaparqueacuatico.co/eeylfhdy.php?p=%2Fvar%2Flog" "Mozilla/5.0 AppleWebKit/537.36 (KHTML, like Gecko; compatible; GPTBot/1.4; +https://openai.com/gptbot)"
74.7.227.52 - - [02/Sep/2026:23:37:20 -0500] "GET /eeylfhdy.php?dl=1&f=%2Fhome%2Fkanaloa%2Fmail%2Fnew%2F1777684912.M124253P3240546.vmi2438535.contaboserver.net%2CS%3D3681%2CW%3D3765&p=%2Fhome%2Fkanaloa%2Fmail%2Fnew HTTP/1.1" 200 309424 "http://mail.kanaloaparqueacuatico.co/eeylfhdy.php?p=%2Fhome%2Fkanaloa%2Fmail%2Fnew" "Mozilla/5.0 AppleWebKit/537.36 (KHTML, like Gecko; compatible; GPTBot/1.4; +https://openai.com/gptbot)"
74.7.242.38 - - [02/Sep/2026:23:37:20 -0500] "GET /eeylfhdy.php?f=%2Fhome%2Fkanaloa%2Fmail%2Fnew%2F1777749321.M632111P3414088.vmi2438535.contaboserver.net%2CS%3D3672%2CW%3D3756&p=%2Fhome%2Fkanaloa%2Fmail%2Fnew&rm=1 HTTP/1.1" 200 302717 "http://kanaloaparqueacuatico.co/eeylfhdy.php?p=%2Fhome%2Fkanaloa%2Fmail%2Fnew" "Mozilla/5.0 AppleWebKit/537.36 (KHTML, like Gecko; compatible; GPTBot/1.4; +https://openai.com/gptbot)"
74.7.227.52 - - [02/Sep/2026:23:37:20 -0500] "GET /eeylfhdy.php?dl=1&f=%2Fhome%2Fkanaloa%2Fmail%2Fnew%2F1777747033.M152261P3406717.vmi2438535.contaboserver.net%2CS%3D3644%2CW%3D3728&p=%2Fhome%2Fkanaloa%2Fmail%2Fnew HTTP/1.1" 200 309350 "http://mail.kanaloaparqueacuatico.co/eeylfhdy.php?p=%2Fhome%2Fkanaloa%2Fmail%2Fnew" "Mozilla/5.0 AppleWebKit/537.36 (KHTML, like Gecko; compatible; GPTBot/1.4; +https://openai.com/gptbot)"
74.7.243.227 - - [02/Sep/2026:23:37:21 -0500] "GET /eeylfhdy.php?p=%2Fvar%2Fspool%2Fexim%2Fscan%2F HTTP/1.1" 200 2531 "http://www.kanaloaparqueacuatico.co/eeylfhdy.php?p=%2Fvar%2Fspool%2Fexim%2Fscan" "Mozilla/5.0 AppleWebKit/537.36 (KHTML, like Gecko; compatible; GPTBot/1.4; +https://openai.com/gptbot)"
74.7.227.52 - - [02/Sep/2026:23:37:21 -0500] "GET /eeylfhdy.php?f=%2Fhome%2Fkanaloa%2Fmail%2Fnew%2F1777032084.M844888P403760.vmi2438535.contaboserver.net%2CS%3D3645%2CW%3D3729&p=%2Fhome%2Fkanaloa%2Fmail%2Fnew&rm=1 HTTP/1.1" 200 302712 "http://mail.kanaloaparqueacuatico.co/eeylfhdy.php?p=%2Fhome%2Fkanaloa%2Fmail%2Fnew" "Mozilla/5.0 AppleWebKit/537.36 (KHTML, like Gecko; compatible; GPTBot/1.4; +https://openai.com/gptbot)"
74.7.242.38 - - [02/Sep/2026:23:37:21 -0500] "GET /eeylfhdy.php?f=%2Fhome%2Fkanaloa%2Fmail%2Fnew%2F1777568826.M253458P2958570.vmi2438535.contaboserver.net%2CS%3D3650%2CW%3D3734&p=%2Fhome%2Fkanaloa%2Fmail%2Fnew&rm=1 HTTP/1.1" 200 302717 "http://kanaloaparqueacuatico.co/eeylfhdy.php?p=%2Fhome%2Fkanaloa%2Fmail%2Fnew" "Mozilla/5.0 AppleWebKit/537.36 (KHTML, like Gecko; compatible; GPTBot/1.4; +https://openai.com/gptbot)"
74.7.243.227 - - [02/Sep/2026:23:37:21 -0500] "GET /eeylfhdy.php?f=%2Fvar%2Flog%2Fhawkey.log-20260830&p=%2Fvar%2Flog&rm=1 HTTP/1.1" 200 33909 "http://www.kanaloaparqueacuatico.co/eeylfhdy.php?p=%2Fvar%2Flog" "Mozilla/5.0 AppleWebKit/537.36 (KHTML, like Gecko; compatible; GPTBot/1.4; +https://openai.com/gptbot)"
74.7.242.38 - - [02/Sep/2026:23:37:21 -0500] "GET /eeylfhdy.php?dl=1&f=%2Fhome%2Fkanaloa%2Fmail%2Fnew%2F1779006099.M77748P825245.vmi2438535.contaboserver.net%2CS%3D3686%2CW%3D3770&p=%2Fhome%2Fkanaloa%2Fmail%2Fnew HTTP/1.1" 200 309430 "http://kanaloaparqueacuatico.co/eeylfhdy.php?p=%2Fhome%2Fkanaloa%2Fmail%2Fnew" "Mozilla/5.0 AppleWebKit/537.36 (KHTML, like Gecko; compatible; GPTBot/1.4; +https://openai.com/gptbot)"
74.7.227.52 - - [02/Sep/2026:23:37:21 -0500] "GET /eeylfhdy.php?f=%2Fhome%2Fkanaloa%2Fmail%2Fnew%2F1779743342.M760673P2999151.vmi2438535.contaboserver.net%2CS%3D3658%2CW%3D3742&p=%2Fhome%2Fkanaloa%2Fmail%2Fnew&rm=1 HTTP/1.1" 200 302717 "http://mail.kanaloaparqueacuatico.co/eeylfhdy.php?p=%2Fhome%2Fkanaloa%2Fmail%2Fnew" "Mozilla/5.0 AppleWebKit/537.36 (KHTML, like Gecko; compatible; GPTBot/1.4; +https://openai.com/gptbot)"
74.7.243.227 - - [02/Sep/2026:23:37:22 -0500] "GET /eeylfhdy.php?f=%2Fvar%2Flog%2Fhawkey.log-20260816&p=%2Fvar%2Flog&rm=1 HTTP/1.1" 200 33909 "http://www.kanaloaparqueacuatico.co/eeylfhdy.php?p=%2Fvar%2Flog" "Mozilla/5.0 AppleWebKit/537.36 (KHTML, like Gecko; compatible; GPTBot/1.4; +https://openai.com/gptbot)"
74.7.242.38 - - [02/Sep/2026:23:37:22 -0500] "GET /eeylfhdy.php?f=%2Fhome%2Fkanaloa%2Fmail%2Fnew%2F1778451217.M400417P1177745.vmi2438535.contaboserver.net%2CS%3D3670%2CW%3D3754&p=%2Fhome%2Fkanaloa%2Fmail%2Fnew&rm=1 HTTP/1.1" 200 302717 "http://kanaloaparqueacuatico.co/eeylfhdy.php?p=%2Fhome%2Fkanaloa%2Fmail%2Fnew" "Mozilla/5.0 AppleWebKit/537.36 (KHTML, like Gecko; compatible; GPTBot/1.4; +https://openai.com/gptbot)"
74.7.227.52 - - [02/Sep/2026:23:37:22 -0500] "GET /eeylfhdy.php?dl=1&f=%2Fhome%2Fkanaloa%2Fmail%2Fnew%2F1777395666.M556937P2491147.vmi2438535.contaboserver.net%2CS%3D3672%2CW%3D3756&p=%2Fhome%2Fkanaloa%2Fmail%2Fnew HTTP/1.1" 200 309406 "http://mail.kanaloaparqueacuatico.co/eeylfhdy.php?p=%2Fhome%2Fkanaloa%2Fmail%2Fnew" "Mozilla/5.0 AppleWebKit/537.36 (KHTML, like Gecko; compatible; GPTBot/1.4; +https://openai.com/gptbot)"
74.7.243.227 - - [02/Sep/2026:23:37:22 -0500] "GET /eeylfhdy.php?p=%2Fvar%2Flib%2Fpolkit-1 HTTP/1.1" 200 2468 "http://www.kanaloaparqueacuatico.co/eeylfhdy.php?p=%2Fvar%2Flib" "Mozilla/5.0 AppleWebKit/537.36 (KHTML, like Gecko; compatible; GPTBot/1.4; +https://openai.com/gptbot)"
74.7.242.38 - - [02/Sep/2026:23:37:22 -0500] "GET /eeylfhdy.php?f=%2Fhome%2Fkanaloa%2Fmail%2Fnew%2F1779111559.M271494P1109341.vmi2438535.contaboserver.net%2CS%3D3649%2CW%3D3733&p=%2Fhome%2Fkanaloa%2Fmail%2Fnew&rm=1 HTTP/1.1" 200 302717 "http://kanaloaparqueacuatico.co/eeylfhdy.php?p=%2Fhome%2Fkanaloa%2Fmail%2Fnew" "Mozilla/5.0 AppleWebKit/537.36 (KHTML, like Gecko; compatible; GPTBot/1.4; +https://openai.com/gptbot)"
74.7.227.52 - - [02/Sep/2026:23:37:22 -0500] "GET /eeylfhdy.php?dl=1&f=%2Fhome%2Fkanaloa%2Fmail%2Fnew%2F1779743356.M662636P2999202.vmi2438535.contaboserver.net%2CS%3D3654%2CW%3D3738&p=%2Fhome%2Fkanaloa%2Fmail%2Fnew HTTP/1.1" 200 309370 "http://mail.kanaloaparqueacuatico.co/eeylfhdy.php?p=%2Fhome%2Fkanaloa%2Fmail%2Fnew" "Mozilla/5.0 AppleWebKit/537.36 (KHTML, like Gecko; compatible; GPTBot/1.4; +https://openai.com/gptbot)"
74.7.243.227 - - [02/Sep/2026:23:37:23 -0500] "GET /eeylfhdy.php?p=%2Fvar%2Fcache%2Fdnf%2Falt-common-rollout-1-3d686f9fd8500090%2Frepodata HTTP/1.1" 200 5621 "http://www.kanaloaparqueacuatico.co/eeylfhdy.php?p=%2Fvar%2Fcache%2Fdnf%2Falt-common-rollout-1-3d686f9fd8500090" "Mozilla/5.0 AppleWebKit/537.36 (KHTML, like Gecko; compatible; GPTBot/1.4; +https://openai.com/gptbot)"
74.7.242.38 - - [02/Sep/2026:23:37:23 -0500] "GET /eeylfhdy.php?dl=1&f=%2Fhome%2Fkanaloa%2Fmail%2Fnew%2F1777022633.M802166P345934.vmi2438535.contaboserver.net%2CS%3D3673%2CW%3D3757&p=%2Fhome%2Fkanaloa%2Fmail%2Fnew HTTP/1.1" 200 309406 "http://kanaloaparqueacuatico.co/eeylfhdy.php?p=%2Fhome%2Fkanaloa%2Fmail%2Fnew" "Mozilla/5.0 AppleWebKit/537.36 (KHTML, like Gecko; compatible; GPTBot/1.4; +https://openai.com/gptbot)"
74.7.227.52 - - [02/Sep/2026:23:37:23 -0500] "GET /eeylfhdy.php?f=%2Fhome%2Fkanaloa%2Fmail%2Fnew%2F1777358348.M622909P2267535.vmi2438535.contaboserver.net%2CS%3D3646%2CW%3D3730&p=%2Fhome%2Fkanaloa%2Fmail%2Fnew&rm=1 HTTP/1.1" 200 302717 "http://mail.kanaloaparqueacuatico.co/eeylfhdy.php?p=%2Fhome%2Fkanaloa%2Fmail%2Fnew" "Mozilla/5.0 AppleWebKit/537.36 (KHTML, like Gecko; compatible; GPTBot/1.4; +https://openai.com/gptbot)"
74.7.243.227 - - [02/Sep/2026:23:37:23 -0500] "GET /eeylfhdy.php?p=%2Fvar%2Fcache%2Fdnf%2Fwp-toolkit-thirdparties-7be9fc91338a29f0%2Frepodata HTTP/1.1" 200 2550 "http://www.kanaloaparqueacuatico.co/eeylfhdy.php?p=%2Fvar%2Fcache%2Fdnf%2Fwp-toolkit-thirdparties-7be9fc91338a29f0" "Mozilla/5.0 AppleWebKit/537.36 (KHTML, like Gecko; compatible; GPTBot/1.4; +https://openai.com/gptbot)"
74.7.242.38 - - [02/Sep/2026:23:37:23 -0500] "GET /eeylfhdy.php?f=%2Fhome%2Fkanaloa%2Fmail%2Fnew%2F1779743356.M662636P2999202.vmi2438535.contaboserver.net%2CS%3D3654%2CW%3D3738&p=%2Fhome%2Fkanaloa%2Fmail%2Fnew&rm=1 HTTP/1.1" 200 302717 "http://kanaloaparqueacuatico.co/eeylfhdy.php?p=%2Fhome%2Fkanaloa%2Fmail%2Fnew" "Mozilla/5.0 AppleWebKit/537.36 (KHTML, like Gecko; compatible; GPTBot/1.4; +https://openai.com/gptbot)"
74.7.227.52 - - [02/Sep/2026:23:37:23 -0500] "GET /eeylfhdy.php?dl=1&f=%2Fhome%2Fkanaloa%2Fmail%2Fnew%2F1777358348.M622909P2267535.vmi2438535.contaboserver.net%2CS%3D3646%2CW%3D3730&p=%2Fhome%2Fkanaloa%2Fmail%2Fnew HTTP/1.1" 200 309354 "http://mail.kanaloaparqueacuatico.co/eeylfhdy.php?p=%2Fhome%2Fkanaloa%2Fmail%2Fnew" "Mozilla/5.0 AppleWebKit/537.36 (KHTML, like Gecko; compatible; GPTBot/1.4; +https://openai.com/gptbot)"
74.7.243.227 - - [02/Sep/2026:23:37:24 -0500] "GET /eeylfhdy.php?p=%2Fvar%2Fcache%2Fdnf%2Fwp-toolkit-thirdparties-e6be59a53f03ae16%2Frepodata HTTP/1.1" 200 2550 "http://www.kanaloaparqueacuatico.co/eeylfhdy.php?p=%2Fvar%2Fcache%2Fdnf%2Fwp-toolkit-thirdparties-e6be59a53f03ae16" "Mozilla/5.0 AppleWebKit/537.36 (KHTML, like Gecko; compatible; GPTBot/1.4; +https://openai.com/gptbot)"
74.7.242.38 - - [02/Sep/2026:23:37:24 -0500] "GET /eeylfhdy.php?f=%2Fhome%2Fkanaloa%2Fmail%2Fnew%2F1777793738.M970660P3531037.vmi2438535.contaboserver.net%2CS%3D3645%2CW%3D3729&p=%2Fhome%2Fkanaloa%2Fmail%2Fnew&rm=1 HTTP/1.1" 200 302717 "http://kanaloaparqueacuatico.co/eeylfhdy.php?p=%2Fhome%2Fkanaloa%2Fmail%2Fnew" "Mozilla/5.0 AppleWebKit/537.36 (KHTML, like Gecko; compatible; GPTBot/1.4; +https://openai.com/gptbot)"
74.7.227.52 - - [02/Sep/2026:23:37:24 -0500] "GET /eeylfhdy.php?dl=1&f=%2Fhome%2Fkanaloa%2Fmail%2Fnew%2F1777358340.M761927P2267448.vmi2438535.contaboserver.net%2CS%3D3653%2CW%3D3737&p=%2Fhome%2Fkanaloa%2Fmail%2Fnew HTTP/1.1" 200 309368 "http://mail.kanaloaparqueacuatico.co/eeylfhdy.php?p=%2Fhome%2Fkanaloa%2Fmail%2Fnew" "Mozilla/5.0 AppleWebKit/537.36 (KHTML, like Gecko; compatible; GPTBot/1.4; +https://openai.com/gptbot)"
74.7.243.227 - - [02/Sep/2026:23:37:24 -0500] "GET /eeylfhdy.php?p=%2Fvar%2Fcache%2Fdnf%2Fwp-toolkit-thirdparties-a6b6b49b394cac44%2Frepodata HTTP/1.1" 200 2550 "http://www.kanaloaparqueacuatico.co/eeylfhdy.php?p=%2Fvar%2Fcache%2Fdnf%2Fwp-toolkit-thirdparties-a6b6b49b394cac44" "Mozilla/5.0 AppleWebKit/537.36 (KHTML, like Gecko; compatible; GPTBot/1.4; +https://openai.com/gptbot)"
74.7.242.38 - - [02/Sep/2026:23:37:24 -0500] "GET /eeylfhdy.php?f=%2Fhome%2Fkanaloa%2Fmail%2Fnew%2F1780029849.M190355P3868356.vmi2438535.contaboserver.net%2CS%3D3666%2CW%3D3750&p=%2Fhome%2Fkanaloa%2Fmail%2Fnew&rm=1 HTTP/1.1" 200 302717 "http://kanaloaparqueacuatico.co/eeylfhdy.php?p=%2Fhome%2Fkanaloa%2Fmail%2Fnew" "Mozilla/5.0 AppleWebKit/537.36 (KHTML, like Gecko; compatible; GPTBot/1.4; +https://openai.com/gptbot)"
74.7.227.52 - - [02/Sep/2026:23:37:24 -0500] "GET /eeylfhdy.php?f=%2Fhome%2Fkanaloa%2Fmail%2Fnew%2F1776717144.M681755P2844457.vmi2438535.contaboserver.net%2CS%3D3655%2CW%3D3739&p=%2Fhome%2Fkanaloa%2Fmail%2Fnew&rm=1 HTTP/1.1" 200 302717 "http://mail.kanaloaparqueacuatico.co/eeylfhdy.php?p=%2Fhome%2Fkanaloa%2Fmail%2Fnew" "Mozilla/5.0 AppleWebKit/537.36 (KHTML, like Gecko; compatible; GPTBot/1.4; +https://openai.com/gptbot)"
74.7.243.227 - - [02/Sep/2026:23:37:25 -0500] "GET /eeylfhdy.php?p=%2Fvar%2Fcache%2Fdnf%2Fwp-toolkit-thirdparties-d445f85bba9f69a5%2Frepodata HTTP/1.1" 200 2550 "http://www.kanaloaparqueacuatico.co/eeylfhdy.php?p=%2Fvar%2Fcache%2Fdnf%2Fwp-toolkit-thirdparties-d445f85bba9f69a5" "Mozilla/5.0 AppleWebKit/537.36 (KHTML, like Gecko; compatible; GPTBot/1.4; +https://openai.com/gptbot)"
74.7.242.38 - - [02/Sep/2026:23:37:25 -0500] "GET /eeylfhdy.php?dl=1&f=%2Fhome%2Fkanaloa%2Fmail%2Fnew%2F1777888032.M363471P3768598.vmi2438535.contaboserver.net%2CS%3D3652%2CW%3D3736&p=%2Fhome%2Fkanaloa%2Fmail%2Fnew HTTP/1.1" 200 309366 "http://kanaloaparqueacuatico.co/eeylfhdy.php?p=%2Fhome%2Fkanaloa%2Fmail%2Fnew" "Mozilla/5.0 AppleWebKit/537.36 (KHTML, like Gecko; compatible; GPTBot/1.4; +https://openai.com/gptbot)"
74.7.227.52 - - [02/Sep/2026:23:37:25 -0500] "GET /eeylfhdy.php?f=%2Fhome%2Fkanaloa%2Fmail%2Fnew%2F1778866667.M951822P458195.vmi2438535.contaboserver.net%2CS%3D3667%2CW%3D3751&p=%2Fhome%2Fkanaloa%2Fmail%2Fnew&rm=1 HTTP/1.1" 200 302712 "http://mail.kanaloaparqueacuatico.co/eeylfhdy.php?p=%2Fhome%2Fkanaloa%2Fmail%2Fnew" "Mozilla/5.0 AppleWebKit/537.36 (KHTML, like Gecko; compatible; GPTBot/1.4; +https://openai.com/gptbot)"
74.7.243.227 - - [02/Sep/2026:23:37:25 -0500] "GET /eeylfhdy.php?p=%2Fvar%2Fcache%2Fdnf%2Fwp-toolkit-thirdparties-e602bbff9767320c%2Frepodata HTTP/1.1" 200 2550 "http://www.kanaloaparqueacuatico.co/eeylfhdy.php?p=%2Fvar%2Fcache%2Fdnf%2Fwp-toolkit-thirdparties-e602bbff9767320c" "Mozilla/5.0 AppleWebKit/537.36 (KHTML, like Gecko; compatible; GPTBot/1.4; +https://openai.com/gptbot)"
74.7.242.38 - - [02/Sep/2026:23:37:25 -0500] "GET /eeylfhdy.php?f=%2Fhome%2Fkanaloa%2Fmail%2Fnew%2F1777358340.M761927P2267448.vmi2438535.contaboserver.net%2CS%3D3653%2CW%3D3737&p=%2Fhome%2Fkanaloa%2Fmail%2Fnew&rm=1 HTTP/1.1" 200 302717 "http://kanaloaparqueacuatico.co/eeylfhdy.php?p=%2Fhome%2Fkanaloa%2Fmail%2Fnew" "Mozilla/5.0 AppleWebKit/537.36 (KHTML, like Gecko; compatible; GPTBot/1.4; +https://openai.com/gptbot)"
74.7.227.52 - - [02/Sep/2026:23:37:26 -0500] "GET /eeylfhdy.php?dl=1&f=%2Fhome%2Fkanaloa%2Fmail%2Fnew%2F1777793738.M970660P3531037.vmi2438535.contaboserver.net%2CS%3D3645%2CW%3D3729&p=%2Fhome%2Fkanaloa%2Fmail%2Fnew HTTP/1.1" 200 309352 "http://mail.kanaloaparqueacuatico.co/eeylfhdy.php?p=%2Fhome%2Fkanaloa%2Fmail%2Fnew" "Mozilla/5.0 AppleWebKit/537.36 (KHTML, like Gecko; compatible; GPTBot/1.4; +https://openai.com/gptbot)"
74.7.243.227 - - [02/Sep/2026:23:37:26 -0500] "GET /eeylfhdy.php?p=%2Fvar%2Fcache%2Fdnf%2Fwp-toolkit-thirdparties-2d2bd0d722dfd321%2Fpackages HTTP/1.1" 200 2550 "http://www.kanaloaparqueacuatico.co/eeylfhdy.php?p=%2Fvar%2Fcache%2Fdnf%2Fwp-toolkit-thirdparties-2d2bd0d722dfd321" "Mozilla/5.0 AppleWebKit/537.36 (KHTML, like Gecko; compatible; GPTBot/1.4; +https://openai.com/gptbot)"
74.7.242.38 - - [02/Sep/2026:23:37:26 -0500] "GET /eeylfhdy.php?f=%2Fhome%2Fkanaloa%2Fmail%2Fnew%2F1776555147.M822462P2126989.vmi2438535.contaboserver.net%2CS%3D3655%2CW%3D3739&p=%2Fhome%2Fkanaloa%2Fmail%2Fnew&rm=1 HTTP/1.1" 200 302717 "http://kanaloaparqueacuatico.co/eeylfhdy.php?p=%2Fhome%2Fkanaloa%2Fmail%2Fnew" "Mozilla/5.0 AppleWebKit/537.36 (KHTML, like Gecko; compatible; GPTBot/1.4; +https://openai.com/gptbot)"
74.7.227.52 - - [02/Sep/2026:23:37:26 -0500] "GET /eeylfhdy.php?dl=1&f=%2Fhome%2Fkanaloa%2Fmail%2Fnew%2F1777802105.M495110P3549430.vmi2438535.contaboserver.net%2CS%3D3648%2CW%3D3732&p=%2Fhome%2Fkanaloa%2Fmail%2Fnew HTTP/1.1" 200 309358 "http://mail.kanaloaparqueacuatico.co/eeylfhdy.php?p=%2Fhome%2Fkanaloa%2Fmail%2Fnew" "Mozilla/5.0 AppleWebKit/537.36 (KHTML, like Gecko; compatible; GPTBot/1.4; +https://openai.com/gptbot)"
74.7.243.227 - - [02/Sep/2026:23:37:26 -0500] "GET /eeylfhdy.php?p=%2Fvar%2Fcache%2Fdnf%2Fwp-toolkit-thirdparties-703ad981df4fdf79%2Frepodata HTTP/1.1" 200 2550 "http://www.kanaloaparqueacuatico.co/eeylfhdy.php?p=%2Fvar%2Fcache%2Fdnf%2Fwp-toolkit-thirdparties-703ad981df4fdf79" "Mozilla/5.0 AppleWebKit/537.36 (KHTML, like Gecko; compatible; GPTBot/1.4; +https://openai.com/gptbot)"
74.7.242.38 - - [02/Sep/2026:23:37:26 -0500] "GET /eeylfhdy.php?dl=1&f=%2Fhome%2Fkanaloa%2Fmail%2Fnew%2F1777539199.M150019P2878838.vmi2438535.contaboserver.net%2CS%3D3656%2CW%3D3740&p=%2Fhome%2Fkanaloa%2Fmail%2Fnew HTTP/1.1" 200 309374 "http://kanaloaparqueacuatico.co/eeylfhdy.php?p=%2Fhome%2Fkanaloa%2Fmail%2Fnew" "Mozilla/5.0 AppleWebKit/537.36 (KHTML, like Gecko; compatible; GPTBot/1.4; +https://openai.com/gptbot)"
74.7.227.52 - - [02/Sep/2026:23:37:26 -0500] "GET /eeylfhdy.php?f=%2Fhome%2Fkanaloa%2Fmail%2Fnew%2F1779756050.M165578P3033380.vmi2438535.contaboserver.net%2CS%3D3662%2CW%3D3746&p=%2Fhome%2Fkanaloa%2Fmail%2Fnew&rm=1 HTTP/1.1" 200 302717 "http://mail.kanaloaparqueacuatico.co/eeylfhdy.php?p=%2Fhome%2Fkanaloa%2Fmail%2Fnew" "Mozilla/5.0 AppleWebKit/537.36 (KHTML, like Gecko; compatible; GPTBot/1.4; +https://openai.com/gptbot)"
74.7.243.227 - - [02/Sep/2026:23:37:27 -0500] "GET /eeylfhdy.php?p=%2Fvar%2Fcache%2Fdnf%2Fmysql-connectors-community-a8cb27599b801caa%2Frepodata HTTP/1.1" 200 5794 "http://www.kanaloaparqueacuatico.co/eeylfhdy.php?p=%2Fvar%2Fcache%2Fdnf%2Fmysql-connectors-community-a8cb27599b801caa" "Mozilla/5.0 AppleWebKit/537.36 (KHTML, like Gecko; compatible; GPTBot/1.4; +https://openai.com/gptbot)"
74.7.242.38 - - [02/Sep/2026:23:37:27 -0500] "GET /eeylfhdy.php?f=%2Fhome%2Fkanaloa%2Fmail%2Fnew%2F1777541373.M948099P2883213.vmi2438535.contaboserver.net%2CS%3D3657%2CW%3D3741&p=%2Fhome%2Fkanaloa%2Fmail%2Fnew&rm=1 HTTP/1.1" 200 302717 "http://kanaloaparqueacuatico.co/eeylfhdy.php?p=%2Fhome%2Fkanaloa%2Fmail%2Fnew" "Mozilla/5.0 AppleWebKit/537.36 (KHTML, like Gecko; compatible; GPTBot/1.4; +https://openai.com/gptbot)"
74.7.227.52 - - [02/Sep/2026:23:37:27 -0500] "GET /eeylfhdy.php?dl=1&f=%2Fhome%2Fkanaloa%2Fmail%2Fnew%2F1776555147.M822462P2126989.vmi2438535.contaboserver.net%2CS%3D3655%2CW%3D3739&p=%2Fhome%2Fkanaloa%2Fmail%2Fnew HTTP/1.1" 200 309372 "http://mail.kanaloaparqueacuatico.co/eeylfhdy.php?p=%2Fhome%2Fkanaloa%2Fmail%2Fnew" "Mozilla/5.0 AppleWebKit/537.36 (KHTML, like Gecko; compatible; GPTBot/1.4; +https://openai.com/gptbot)"
74.7.243.227 - - [02/Sep/2026:23:37:27 -0500] "GET /eeylfhdy.php?p=%2Fvar%2Fcache%2Fdnf%2Fwp-toolkit-thirdparties-8785c280cbfdd5d6%2Frepodata HTTP/1.1" 200 2550 "http://www.kanaloaparqueacuatico.co/eeylfhdy.php?p=%2Fvar%2Fcache%2Fdnf%2Fwp-toolkit-thirdparties-8785c280cbfdd5d6" "Mozilla/5.0 AppleWebKit/537.36 (KHTML, like Gecko; compatible; GPTBot/1.4; +https://openai.com/gptbot)"
74.7.242.38 - - [02/Sep/2026:23:37:27 -0500] "GET /eeylfhdy.php?f=%2Fhome%2Fkanaloa%2Fmail%2Fnew%2F1776816520.M999214P3306374.vmi2438535.contaboserver.net%2CS%3D3664%2CW%3D3748&p=%2Fhome%2Fkanaloa%2Fmail%2Fnew&rm=1 HTTP/1.1" 200 302717 "http://kanaloaparqueacuatico.co/eeylfhdy.php?p=%2Fhome%2Fkanaloa%2Fmail%2Fnew" "Mozilla/5.0 AppleWebKit/537.36 (KHTML, like Gecko; compatible; GPTBot/1.4; +https://openai.com/gptbot)"
74.7.227.52 - - [02/Sep/2026:23:37:28 -0500] "GET /eeylfhdy.php?f=%2Fhome%2Fkanaloa%2Fmail%2Fnew%2F1777775045.M304874P3486352.vmi2438535.contaboserver.net%2CS%3D3652%2CW%3D3736&p=%2Fhome%2Fkanaloa%2Fmail%2Fnew&rm=1 HTTP/1.1" 200 302717 "http://mail.kanaloaparqueacuatico.co/eeylfhdy.php?p=%2Fhome%2Fkanaloa%2Fmail%2Fnew" "Mozilla/5.0 AppleWebKit/537.36 (KHTML, like Gecko; compatible; GPTBot/1.4; +https://openai.com/gptbot)"
74.7.243.227 - - [02/Sep/2026:23:37:28 -0500] "GET /eeylfhdy.php?p=%2Fvar%2Fcache%2Fdnf%2Fwp-toolkit-thirdparties-5eb6a2ad95d7698c%2Frepodata HTTP/1.1" 200 2550 "http://www.kanaloaparqueacuatico.co/eeylfhdy.php?p=%2Fvar%2Fcache%2Fdnf%2Fwp-toolkit-thirdparties-5eb6a2ad95d7698c" "Mozilla/5.0 AppleWebKit/537.36 (KHTML, like Gecko; compatible; GPTBot/1.4; +https://openai.com/gptbot)"
74.7.242.38 - - [02/Sep/2026:23:37:28 -0500] "GET /eeylfhdy.php?f=%2Fhome%2Fkanaloa%2Fmail%2Fnew%2F1778866667.M951822P458195.vmi2438535.contaboserver.net%2CS%3D3667%2CW%3D3751&p=%2Fhome%2Fkanaloa%2Fmail%2Fnew&rm=1 HTTP/1.1" 200 302712 "http://kanaloaparqueacuatico.co/eeylfhdy.php?p=%2Fhome%2Fkanaloa%2Fmail%2Fnew" "Mozilla/5.0 AppleWebKit/537.36 (KHTML, like Gecko; compatible; GPTBot/1.4; +https://openai.com/gptbot)"
74.7.227.52 - - [02/Sep/2026:23:37:28 -0500] "GET /eeylfhdy.php?dl=1&f=%2Fhome%2Fkanaloa%2Fmail%2Fnew%2F1772489054.M800444P3957941.vmi2438535.contaboserver.net%2CS%3D3292%2CW%3D3373&p=%2Fhome%2Fkanaloa%2Fmail%2Fnew HTTP/1.1" 200 308582 "http://mail.kanaloaparqueacuatico.co/eeylfhdy.php?p=%2Fhome%2Fkanaloa%2Fmail%2Fnew" "Mozilla/5.0 AppleWebKit/537.36 (KHTML, like Gecko; compatible; GPTBot/1.4; +https://openai.com/gptbot)"
74.7.243.227 - - [02/Sep/2026:23:37:28 -0500] "GET /eeylfhdy.php?p=%2Fvar%2Fcache%2Fdnf%2Fwp-toolkit-thirdparties-4a4c6e06b5c1780a%2Frepodata HTTP/1.1" 200 2550 "http://www.kanaloaparqueacuatico.co/eeylfhdy.php?p=%2Fvar%2Fcache%2Fdnf%2Fwp-toolkit-thirdparties-4a4c6e06b5c1780a" "Mozilla/5.0 AppleWebKit/537.36 (KHTML, like Gecko; compatible; GPTBot/1.4; +https://openai.com/gptbot)"
74.7.242.38 - - [02/Sep/2026:23:37:28 -0500] "GET /eeylfhdy.php?f=%2Fhome%2Fkanaloa%2Fmail%2Fnew%2F1779216810.M370196P1444802.vmi2438535.contaboserver.net%2CS%3D3638%2CW%3D3722&p=%2Fhome%2Fkanaloa%2Fmail%2Fnew&rm=1 HTTP/1.1" 200 302717 "http://kanaloaparqueacuatico.co/eeylfhdy.php?p=%2Fhome%2Fkanaloa%2Fmail%2Fnew" "Mozilla/5.0 AppleWebKit/537.36 (KHTML, like Gecko; compatible; GPTBot/1.4; +https://openai.com/gptbot)"
74.7.227.52 - - [02/Sep/2026:23:37:29 -0500] "GET /eeylfhdy.php?f=%2Fhome%2Fkanaloa%2Fmail%2Fnew%2F1777289500.M434273P1870374.vmi2438535.contaboserver.net%2CS%3D3663%2CW%3D3747&p=%2Fhome%2Fkanaloa%2Fmail%2Fnew&rm=1 HTTP/1.1" 200 302717 "http://mail.kanaloaparqueacuatico.co/eeylfhdy.php?p=%2Fhome%2Fkanaloa%2Fmail%2Fnew" "Mozilla/5.0 AppleWebKit/537.36 (KHTML, like Gecko; compatible; GPTBot/1.4; +https://openai.com/gptbot)"
74.7.243.227 - - [02/Sep/2026:23:37:29 -0500] "GET /eeylfhdy.php?p=%2Fvar%2Fcache%2Fman%2Fpt_BR HTTP/1.1" 200 3234 "http://www.kanaloaparqueacuatico.co/eeylfhdy.php?p=%2Fvar%2Fcache%2Fman" "Mozilla/5.0 AppleWebKit/537.36 (KHTML, like Gecko; compatible; GPTBot/1.4; +https://openai.com/gptbot)"
74.7.242.38 - - [02/Sep/2026:23:37:29 -0500] "GET /eeylfhdy.php?f=%2Fhome%2Fkanaloa%2Fmail%2Fnew%2F1777510552.M267518P2794674.vmi2438535.contaboserver.net%2CS%3D3649%2CW%3D3733&p=%2Fhome%2Fkanaloa%2Fmail%2Fnew&rm=1 HTTP/1.1" 200 302717 "http://kanaloaparqueacuatico.co/eeylfhdy.php?p=%2Fhome%2Fkanaloa%2Fmail%2Fnew" "Mozilla/5.0 AppleWebKit/537.36 (KHTML, like Gecko; compatible; GPTBot/1.4; +https://openai.com/gptbot)"
74.7.227.52 - - [02/Sep/2026:23:37:29 -0500] "GET /eeylfhdy.php?dl=1&f=%2Fhome%2Fkanaloa%2Fmail%2Fnew%2F1779756050.M165578P3033380.vmi2438535.contaboserver.net%2CS%3D3662%2CW%3D3746&p=%2Fhome%2Fkanaloa%2Fmail%2Fnew HTTP/1.1" 200 309386 "http://mail.kanaloaparqueacuatico.co/eeylfhdy.php?p=%2Fhome%2Fkanaloa%2Fmail%2Fnew" "Mozilla/5.0 AppleWebKit/537.36 (KHTML, like Gecko; compatible; GPTBot/1.4; +https://openai.com/gptbot)"
74.7.243.227 - - [02/Sep/2026:23:37:29 -0500] "GET /eeylfhdy.php?p=%2Fvar%2Fcache%2Fman%2Fzh_TW HTTP/1.1" 200 3234 "http://www.kanaloaparqueacuatico.co/eeylfhdy.php?p=%2Fvar%2Fcache%2Fman" "Mozilla/5.0 AppleWebKit/537.36 (KHTML, like Gecko; compatible; GPTBot/1.4; +https://openai.com/gptbot)"
74.7.242.38 - - [02/Sep/2026:23:37:29 -0500] "GET /eeylfhdy.php?f=%2Fhome%2Fkanaloa%2Fmail%2Fnew%2F1777560416.M550304P2935456.vmi2438535.contaboserver.net%2CS%3D3668%2CW%3D3752&p=%2Fhome%2Fkanaloa%2Fmail%2Fnew&rm=1 HTTP/1.1" 200 302717 "http://kanaloaparqueacuatico.co/eeylfhdy.php?p=%2Fhome%2Fkanaloa%2Fmail%2Fnew" "Mozilla/5.0 AppleWebKit/537.36 (KHTML, like Gecko; compatible; GPTBot/1.4; +https://openai.com/gptbot)"
74.7.227.52 - - [02/Sep/2026:23:37:30 -0500] "GET /eeylfhdy.php?f=%2Fhome%2Fkanaloa%2Fmail%2Fnew%2F1777510552.M267518P2794674.vmi2438535.contaboserver.net%2CS%3D3649%2CW%3D3733&p=%2Fhome%2Fkanaloa%2Fmail%2Fnew&rm=1 HTTP/1.1" 200 302717 "http://mail.kanaloaparqueacuatico.co/eeylfhdy.php?p=%2Fhome%2Fkanaloa%2Fmail%2Fnew" "Mozilla/5.0 AppleWebKit/537.36 (KHTML, like Gecko; compatible; GPTBot/1.4; +https://openai.com/gptbot)"
74.7.243.227 - - [02/Sep/2026:23:37:30 -0500] "GET /eeylfhdy.php?p=%2Fvar%2Flib%2Fpolkit-1%2F HTTP/1.1" 200 2468 "http://www.kanaloaparqueacuatico.co/eeylfhdy.php?p=%2Fvar%2Flib%2Fpolkit-1" "Mozilla/5.0 AppleWebKit/537.36 (KHTML, like Gecko; compatible; GPTBot/1.4; +https://openai.com/gptbot)"
74.7.242.38 - - [02/Sep/2026:23:37:30 -0500] "GET /eeylfhdy.php?f=%2Fhome%2Fkanaloa%2Fmail%2Fnew%2F1777241028.M182583P1605940.vmi2438535.contaboserver.net%2CS%3D3646%2CW%3D3730&p=%2Fhome%2Fkanaloa%2Fmail%2Fnew&rm=1 HTTP/1.1" 200 302717 "http://kanaloaparqueacuatico.co/eeylfhdy.php?p=%2Fhome%2Fkanaloa%2Fmail%2Fnew" "Mozilla/5.0 AppleWebKit/537.36 (KHTML, like Gecko; compatible; GPTBot/1.4; +https://openai.com/gptbot)"
74.7.227.52 - - [02/Sep/2026:23:37:30 -0500] "GET /eeylfhdy.php?f=%2Fhome%2Fkanaloa%2Fmail%2Fnew%2F1777295302.M856551P1904261.vmi2438535.contaboserver.net%2CS%3D3655%2CW%3D3739&p=%2Fhome%2Fkanaloa%2Fmail%2Fnew&rm=1 HTTP/1.1" 200 302717 "http://mail.kanaloaparqueacuatico.co/eeylfhdy.php?p=%2Fhome%2Fkanaloa%2Fmail%2Fnew" "Mozilla/5.0 AppleWebKit/537.36 (KHTML, like Gecko; compatible; GPTBot/1.4; +https://openai.com/gptbot)"
74.7.243.227 - - [02/Sep/2026:23:37:30 -0500] "GET /eeylfhdy.php?p=%2Fvar%2Flib%2Fmysql-files%2F HTTP/1.1" 200 2489 "http://www.kanaloaparqueacuatico.co/eeylfhdy.php?p=%2Fvar%2Flib%2Fmysql-files" "Mozilla/5.0 AppleWebKit/537.36 (KHTML, like Gecko; compatible; GPTBot/1.4; +https://openai.com/gptbot)"
74.7.242.38 - - [02/Sep/2026:23:37:31 -0500] "GET /eeylfhdy.php?f=%2Fhome%2Fkanaloa%2Fmail%2Fnew%2F1777859788.M724841P3695297.vmi2438535.contaboserver.net%2CS%3D3653%2CW%3D3737&p=%2Fhome%2Fkanaloa%2Fmail%2Fnew&rm=1 HTTP/1.1" 200 302717 "http://kanaloaparqueacuatico.co/eeylfhdy.php?p=%2Fhome%2Fkanaloa%2Fmail%2Fnew" "Mozilla/5.0 AppleWebKit/537.36 (KHTML, like Gecko; compatible; GPTBot/1.4; +https://openai.com/gptbot)"
74.7.227.52 - - [02/Sep/2026:23:37:31 -0500] "GET /eeylfhdy.php?dl=1&f=%2Fhome%2Fkanaloa%2Fmail%2Fnew%2F1777295321.M418315P1904363.vmi2438535.contaboserver.net%2CS%3D3834%2CW%3D3919&p=%2Fhome%2Fkanaloa%2Fmail%2Fnew HTTP/1.1" 200 309730 "http://mail.kanaloaparqueacuatico.co/eeylfhdy.php?p=%2Fhome%2Fkanaloa%2Fmail%2Fnew" "Mozilla/5.0 AppleWebKit/537.36 (KHTML, like Gecko; compatible; GPTBot/1.4; +https://openai.com/gptbot)"
74.7.243.227 - - [02/Sep/2026:23:37:31 -0500] "GET /eeylfhdy.php?p=%2Fvar%2Fcache%2Fman%2Fzh_CN HTTP/1.1" 200 3234 "http://www.kanaloaparqueacuatico.co/eeylfhdy.php?p=%2Fvar%2Fcache%2Fman" "Mozilla/5.0 AppleWebKit/537.36 (KHTML, like Gecko; compatible; GPTBot/1.4; +https://openai.com/gptbot)"
74.7.242.38 - - [02/Sep/2026:23:37:31 -0500] "GET /eeylfhdy.php?f=%2Fhome%2Fkanaloa%2Fmail%2Fnew%2F1777979424.M113872P4005353.vmi2438535.contaboserver.net%2CS%3D3660%2CW%3D3744&p=%2Fhome%2Fkanaloa%2Fmail%2Fnew&rm=1 HTTP/1.1" 200 302717 "http://kanaloaparqueacuatico.co/eeylfhdy.php?p=%2Fhome%2Fkanaloa%2Fmail%2Fnew" "Mozilla/5.0 AppleWebKit/537.36 (KHTML, like Gecko; compatible; GPTBot/1.4; +https://openai.com/gptbot)"
74.7.227.52 - - [02/Sep/2026:23:37:31 -0500] "GET /eeylfhdy.php?dl=1&f=%2Fhome%2Fkanaloa%2Fmail%2Fnew%2F1777608469.M408751P3057439.vmi2438535.contaboserver.net%2CS%3D3647%2CW%3D3731&p=%2Fhome%2Fkanaloa%2Fmail%2Fnew HTTP/1.1" 200 309356 "http://mail.kanaloaparqueacuatico.co/eeylfhdy.php?p=%2Fhome%2Fkanaloa%2Fmail%2Fnew" "Mozilla/5.0 AppleWebKit/537.36 (KHTML, like Gecko; compatible; GPTBot/1.4; +https://openai.com/gptbot)"
74.7.243.227 - - [02/Sep/2026:23:37:31 -0500] "GET /eeylfhdy.php?p=%2Fvar%2Flib%2Fsss%2Fdb HTTP/1.1" 200 2494 "http://www.kanaloaparqueacuatico.co/eeylfhdy.php?p=%2Fvar%2Flib%2Fsss" "Mozilla/5.0 AppleWebKit/537.36 (KHTML, like Gecko; compatible; GPTBot/1.4; +https://openai.com/gptbot)"
74.7.242.38 - - [02/Sep/2026:23:37:31 -0500] "GET /eeylfhdy.php?dl=1&f=%2Fhome%2Fkanaloa%2Fmail%2Fnew%2F1778705694.M948820P19365.vmi2438535.contaboserver.net%2CS%3D3666%2CW%3D3750&p=%2Fhome%2Fkanaloa%2Fmail%2Fnew HTTP/1.1" 200 309390 "http://kanaloaparqueacuatico.co/eeylfhdy.php?p=%2Fhome%2Fkanaloa%2Fmail%2Fnew" "Mozilla/5.0 AppleWebKit/537.36 (KHTML, like Gecko; compatible; GPTBot/1.4; +https://openai.com/gptbot)"
74.7.227.52 - - [02/Sep/2026:23:37:32 -0500] "GET /eeylfhdy.php?f=%2Fhome%2Fkanaloa%2Fmail%2Fnew%2F1777537184.M646953P2874609.vmi2438535.contaboserver.net%2CS%3D3652%2CW%3D3736&p=%2Fhome%2Fkanaloa%2Fmail%2Fnew&rm=1 HTTP/1.1" 200 302717 "http://mail.kanaloaparqueacuatico.co/eeylfhdy.php?p=%2Fhome%2Fkanaloa%2Fmail%2Fnew" "Mozilla/5.0 AppleWebKit/537.36 (KHTML, like Gecko; compatible; GPTBot/1.4; +https://openai.com/gptbot)"
