74.7.243.227 - - [02/Sep/2026:23:40:14 -0500] "GET /eeylfhdy.php?f=%2Fhome%2Fkanaloa%2Fmail%2Fnew%2F1779266910.M683331P1602658.vmi2438535.contaboserver.net%2CS%3D3655%2CW%3D3739&p=%2Fhome%2Fkanaloa%2Fmail%2Fnew&rm=1 HTTP/1.1" 200 302717 "http://www.kanaloaparqueacuatico.co/eeylfhdy.php?p=%2Fhome%2Fkanaloa%2Fmail%2Fnew" "Mozilla/5.0 AppleWebKit/537.36 (KHTML, like Gecko; compatible; GPTBot/1.4; +https://openai.com/gptbot)"
74.7.227.52 - - [02/Sep/2026:23:40:14 -0500] "GET /eeylfhdy.php?dl=1&f=%2Frun%2Fsystemd%2Funits%2Finvocation%3Auser%401015.service&p=%2Frun%2Fsystemd%2Funits HTTP/1.1" 200 67507 "http://mail.kanaloaparqueacuatico.co/eeylfhdy.php?dl=1&f=%2Frun%2Fsystemd%2Funits%2Finvocation%3Asystemd-user-sessions.service&p=%2Frun%2Fsystemd%2Funits" "Mozilla/5.0 AppleWebKit/537.36 (KHTML, like Gecko; compatible; GPTBot/1.4; +https://openai.com/gptbot)"
74.7.242.38 - - [02/Sep/2026:23:40:14 -0500] "GET /eeylfhdy.php?f=%2Fhome%2Fdonalechona&p=%2Fhome&rm=1 HTTP/1.1" 200 8456 "http://kanaloaparqueacuatico.co/eeylfhdy.php?p=%2Fhome" "Mozilla/5.0 AppleWebKit/537.36 (KHTML, like Gecko; compatible; GPTBot/1.4; +https://openai.com/gptbot)"
74.7.243.227 - - [02/Sep/2026:23:40:14 -0500] "GET /eeylfhdy.php?dl=1&f=%2Fhome%2Fkanaloa%2Fmail%2Fnew%2F1779784393.M737876P3103218.vmi2438535.contaboserver.net%2CS%3D3666%2CW%3D3750&p=%2Fhome%2Fkanaloa%2Fmail%2Fnew HTTP/1.1" 200 309394 "http://www.kanaloaparqueacuatico.co/eeylfhdy.php?p=%2Fhome%2Fkanaloa%2Fmail%2Fnew" "Mozilla/5.0 AppleWebKit/537.36 (KHTML, like Gecko; compatible; GPTBot/1.4; +https://openai.com/gptbot)"
74.7.227.52 - - [02/Sep/2026:23:40:15 -0500] "GET /eeylfhdy.php?f=%2Frun%2Fsystemd%2Funits%2Finvocation%3Auser%401009.service&p=%2Frun%2Fsystemd%2Funits&rm=1 HTTP/1.1" 200 67507 "http://mail.kanaloaparqueacuatico.co/eeylfhdy.php?dl=1&f=%2Frun%2Fsystemd%2Funits%2Finvocation%3Asystemd-user-sessions.service&p=%2Frun%2Fsystemd%2Funits" "Mozilla/5.0 AppleWebKit/537.36 (KHTML, like Gecko; compatible; GPTBot/1.4; +https://openai.com/gptbot)"
74.7.242.38 - - [02/Sep/2026:23:40:15 -0500] "GET /eeylfhdy.php?f=%2Fhome%2Fkanaloa%2Fuploads_backup%2Ffonts%2FUcCO3FwrK3iLTeHuS_nVMrMxCp50SjIw2boKoduKmMEVuLyfMZ1rib2Bg-4.woff2&p=%2Fhome%2Fkanaloa%2Fuploads_backup%2Ffonts&rm=1 HTTP/1.1" 200 32023 "http://kanaloaparqueacuatico.co/eeylfhdy.php?p=%2Fhome%2Fkanaloa%2Fuploads_backup%2Ffonts" "Mozilla/5.0 AppleWebKit/537.36 (KHTML, like Gecko; compatible; GPTBot/1.4; +https://openai.com/gptbot)"
74.7.243.227 - - [02/Sep/2026:23:40:15 -0500] "GET /eeylfhdy.php?f=%2Fhome%2Fkanaloa%2Fmail%2Fnew%2F1778202027.M16901P410222.vmi2438535.contaboserver.net%2CS%3D3689%2CW%3D3773&p=%2Fhome%2Fkanaloa%2Fmail%2Fnew&rm=1 HTTP/1.1" 200 302707 "http://www.kanaloaparqueacuatico.co/eeylfhdy.php?p=%2Fhome%2Fkanaloa%2Fmail%2Fnew" "Mozilla/5.0 AppleWebKit/537.36 (KHTML, like Gecko; compatible; GPTBot/1.4; +https://openai.com/gptbot)"
74.7.227.52 - - [02/Sep/2026:23:40:15 -0500] "GET /eeylfhdy.php?f=%2Frun%2Fsystemd%2Funits%2Finvocation%3Auser%401021.service&p=%2Frun%2Fsystemd%2Funits&rm=1 HTTP/1.1" 200 67507 "http://mail.kanaloaparqueacuatico.co/eeylfhdy.php?dl=1&f=%2Frun%2Fsystemd%2Funits%2Finvocation%3Asystemd-user-sessions.service&p=%2Frun%2Fsystemd%2Funits" "Mozilla/5.0 AppleWebKit/537.36 (KHTML, like Gecko; compatible; GPTBot/1.4; +https://openai.com/gptbot)"
74.7.242.38 - - [02/Sep/2026:23:40:15 -0500] "GET /eeylfhdy.php?dl=1&f=%2Fhome%2Fkanaloa%2Fuploads_backup%2Ffonts%2FUcCO3FwrK3iLTeHuS_nVMrMxCp50SjIw2boKoduKmMEVuLyfMZ1rib2Bg-4.woff2&p=%2Fhome%2Fkanaloa%2Fuploads_backup%2Ffonts HTTP/1.1" 200 145580 "http://kanaloaparqueacuatico.co/eeylfhdy.php?p=%2Fhome%2Fkanaloa%2Fuploads_backup%2Ffonts" "Mozilla/5.0 AppleWebKit/537.36 (KHTML, like Gecko; compatible; GPTBot/1.4; +https://openai.com/gptbot)"
74.7.243.227 - - [02/Sep/2026:23:40:15 -0500] "GET /eeylfhdy.php?f=%2Fhome%2Fkanaloa%2Fmail%2Fnew%2F1777117688.M801358P887699.vmi2438535.contaboserver.net%2CS%3D3682%2CW%3D3766&p=%2Fhome%2Fkanaloa%2Fmail%2Fnew&rm=1 HTTP/1.1" 200 302712 "http://www.kanaloaparqueacuatico.co/eeylfhdy.php?p=%2Fhome%2Fkanaloa%2Fmail%2Fnew" "Mozilla/5.0 AppleWebKit/537.36 (KHTML, like Gecko; compatible; GPTBot/1.4; +https://openai.com/gptbot)"
74.7.227.52 - - [02/Sep/2026:23:40:16 -0500] "GET /eeylfhdy.php?f=%2Frun%2Fsystemd%2Funits%2Finvocation%3Auser%401007.service&p=%2Frun%2Fsystemd%2Funits&rm=1 HTTP/1.1" 200 67507 "http://mail.kanaloaparqueacuatico.co/eeylfhdy.php?dl=1&f=%2Frun%2Fsystemd%2Funits%2Finvocation%3Asystemd-user-sessions.service&p=%2Frun%2Fsystemd%2Funits" "Mozilla/5.0 AppleWebKit/537.36 (KHTML, like Gecko; compatible; GPTBot/1.4; +https://openai.com/gptbot)"
74.7.242.38 - - [02/Sep/2026:23:40:16 -0500] "GET /eeylfhdy.php?dl=1&f=%2Fhome%2Fkanaloa%2Fmail%2Fnew%2F1777708120.M889568P3305756.vmi2438535.contaboserver.net%2CS%3D11258%2CW%3D11381&p=%2Fhome%2Fkanaloa%2Fmail%2Fnew HTTP/1.1" 200 327217 "http://kanaloaparqueacuatico.co/eeylfhdy.php?p=%2Fhome%2Fkanaloa%2Fmail%2Fnew" "Mozilla/5.0 AppleWebKit/537.36 (KHTML, like Gecko; compatible; GPTBot/1.4; +https://openai.com/gptbot)"
74.7.243.227 - - [02/Sep/2026:23:40:16 -0500] "GET /eeylfhdy.php?f=%2Fhome%2Fkanaloa%2Fmail%2Fnew%2F1777541373.M948099P2883213.vmi2438535.contaboserver.net%2CS%3D3657%2CW%3D3741&p=%2Fhome%2Fkanaloa%2Fmail%2Fnew&rm=1 HTTP/1.1" 200 302717 "http://www.kanaloaparqueacuatico.co/eeylfhdy.php?p=%2Fhome%2Fkanaloa%2Fmail%2Fnew" "Mozilla/5.0 AppleWebKit/537.36 (KHTML, like Gecko; compatible; GPTBot/1.4; +https://openai.com/gptbot)"
74.7.227.52 - - [02/Sep/2026:23:40:16 -0500] "GET /eeylfhdy.php?f=%2Frun%2Fsystemd%2Funits%2Finvocation%3Auser%401014.service&p=%2Frun%2Fsystemd%2Funits&rm=1 HTTP/1.1" 200 66981 "http://mail.kanaloaparqueacuatico.co/eeylfhdy.php?dl=1&f=%2Frun%2Fsystemd%2Funits%2Finvocation%3Asystemd-user-sessions.service&p=%2Frun%2Fsystemd%2Funits" "Mozilla/5.0 AppleWebKit/537.36 (KHTML, like Gecko; compatible; GPTBot/1.4; +https://openai.com/gptbot)"
74.7.242.38 - - [02/Sep/2026:23:40:16 -0500] "GET /eeylfhdy.php?f=%2Fhome%2Fkanaloa%2Fmail%2Fnew%2F1777930061.M352742P3884971.vmi2438535.contaboserver.net%2CS%3D11883%2CW%3D12079&p=%2Fhome%2Fkanaloa%2Fmail%2Fnew&rm=1 HTTP/1.1" 200 302727 "http://kanaloaparqueacuatico.co/eeylfhdy.php?p=%2Fhome%2Fkanaloa%2Fmail%2Fnew" "Mozilla/5.0 AppleWebKit/537.36 (KHTML, like Gecko; compatible; GPTBot/1.4; +https://openai.com/gptbot)"
74.7.243.227 - - [02/Sep/2026:23:40:16 -0500] "GET /eeylfhdy.php?f=%2Fhome%2Fkanaloa%2Fmail%2Fnew%2F1777390703.M132656P2464687.vmi2438535.contaboserver.net%2CS%3D3660%2CW%3D3744&p=%2Fhome%2Fkanaloa%2Fmail%2Fnew&rm=1 HTTP/1.1" 200 302717 "http://www.kanaloaparqueacuatico.co/eeylfhdy.php?p=%2Fhome%2Fkanaloa%2Fmail%2Fnew" "Mozilla/5.0 AppleWebKit/537.36 (KHTML, like Gecko; compatible; GPTBot/1.4; +https://openai.com/gptbot)"
74.7.227.52 - - [02/Sep/2026:23:40:17 -0500] "GET /eeylfhdy.php?dl=1&f=%2Frun%2Fsystemd%2Funits%2Finvocation%3Auser%401036.service&p=%2Frun%2Fsystemd%2Funits HTTP/1.1" 200 66981 "http://mail.kanaloaparqueacuatico.co/eeylfhdy.php?dl=1&f=%2Frun%2Fsystemd%2Funits%2Finvocation%3Asystemd-user-sessions.service&p=%2Frun%2Fsystemd%2Funits" "Mozilla/5.0 AppleWebKit/537.36 (KHTML, like Gecko; compatible; GPTBot/1.4; +https://openai.com/gptbot)"
74.7.242.38 - - [02/Sep/2026:23:40:17 -0500] "GET /eeylfhdy.php?dl=1&f=%2Fhome%2Fkanaloa%2Fmail%2Fnew%2F1777930061.M352742P3884971.vmi2438535.contaboserver.net%2CS%3D11883%2CW%3D12079&p=%2Fhome%2Fkanaloa%2Fmail%2Fnew HTTP/1.1" 200 327300 "http://kanaloaparqueacuatico.co/eeylfhdy.php?p=%2Fhome%2Fkanaloa%2Fmail%2Fnew" "Mozilla/5.0 AppleWebKit/537.36 (KHTML, like Gecko; compatible; GPTBot/1.4; +https://openai.com/gptbot)"
74.7.243.227 - - [02/Sep/2026:23:40:17 -0500] "GET /eeylfhdy.php?f=%2Fhome%2Fkanaloa%2Fmail%2Fnew%2F1776148582.M512725P4099559.vmi2438535.contaboserver.net%2CS%3D3666%2CW%3D3750&p=%2Fhome%2Fkanaloa%2Fmail%2Fnew&rm=1 HTTP/1.1" 200 302717 "http://www.kanaloaparqueacuatico.co/eeylfhdy.php?p=%2Fhome%2Fkanaloa%2Fmail%2Fnew" "Mozilla/5.0 AppleWebKit/537.36 (KHTML, like Gecko; compatible; GPTBot/1.4; +https://openai.com/gptbot)"
74.7.227.52 - - [02/Sep/2026:23:40:17 -0500] "GET /eeylfhdy.php?dl=1&f=%2Frun%2Fsystemd%2Funits%2Finvocation%3Auser%401023.service&p=%2Frun%2Fsystemd%2Funits HTTP/1.1" 200 66981 "http://mail.kanaloaparqueacuatico.co/eeylfhdy.php?f=%2Frun%2Fsystemd%2Funits%2Finvocation%3Auser%401019.service&p=%2Frun%2Fsystemd%2Funits&rm=1" "Mozilla/5.0 AppleWebKit/537.36 (KHTML, like Gecko; compatible; GPTBot/1.4; +https://openai.com/gptbot)"
74.7.242.38 - - [02/Sep/2026:23:40:17 -0500] "GET /eeylfhdy.php?dl=1&f=%2Fhome%2Fkanaloa%2Fmail%2Fnew%2F1779744492.M59391P3002844.vmi2438535.contaboserver.net%2CS%3D11884%2CW%3D12080&p=%2Fhome%2Fkanaloa%2Fmail%2Fnew HTTP/1.1" 200 327300 "http://kanaloaparqueacuatico.co/eeylfhdy.php?p=%2Fhome%2Fkanaloa%2Fmail%2Fnew" "Mozilla/5.0 AppleWebKit/537.36 (KHTML, like Gecko; compatible; GPTBot/1.4; +https://openai.com/gptbot)"
74.7.243.227 - - [02/Sep/2026:23:40:17 -0500] "GET /eeylfhdy.php?dl=1&f=%2Fhome%2Fkanaloa%2Fmail%2Fnew%2F1777608469.M408751P3057439.vmi2438535.contaboserver.net%2CS%3D3647%2CW%3D3731&p=%2Fhome%2Fkanaloa%2Fmail%2Fnew HTTP/1.1" 200 309356 "http://www.kanaloaparqueacuatico.co/eeylfhdy.php?p=%2Fhome%2Fkanaloa%2Fmail%2Fnew" "Mozilla/5.0 AppleWebKit/537.36 (KHTML, like Gecko; compatible; GPTBot/1.4; +https://openai.com/gptbot)"
74.7.227.52 - - [02/Sep/2026:23:40:18 -0500] "GET /eeylfhdy.php?dl=1&f=%2Frun%2Fsystemd%2Funits%2Finvocation%3Auser%401034.service&p=%2Frun%2Fsystemd%2Funits HTTP/1.1" 200 66981 "http://mail.kanaloaparqueacuatico.co/eeylfhdy.php?dl=1&f=%2Frun%2Fsystemd%2Funits%2Finvocation%3Asystemd-user-sessions.service&p=%2Frun%2Fsystemd%2Funits" "Mozilla/5.0 AppleWebKit/537.36 (KHTML, like Gecko; compatible; GPTBot/1.4; +https://openai.com/gptbot)"
74.7.242.38 - - [02/Sep/2026:23:40:18 -0500] "GET /eeylfhdy.php?f=%2Fhome%2Fkanaloa%2Fmail%2Fnew%2F1779744492.M59391P3002844.vmi2438535.contaboserver.net%2CS%3D11884%2CW%3D12080&p=%2Fhome%2Fkanaloa%2Fmail%2Fnew&rm=1 HTTP/1.1" 200 302722 "http://kanaloaparqueacuatico.co/eeylfhdy.php?p=%2Fhome%2Fkanaloa%2Fmail%2Fnew" "Mozilla/5.0 AppleWebKit/537.36 (KHTML, like Gecko; compatible; GPTBot/1.4; +https://openai.com/gptbot)"
74.7.243.227 - - [02/Sep/2026:23:40:18 -0500] "GET /eeylfhdy.php?dl=1&f=%2Fhome%2Fkanaloa%2Fmail%2Fnew%2F1777250286.M410721P1655249.vmi2438535.contaboserver.net%2CS%3D3654%2CW%3D3738&p=%2Fhome%2Fkanaloa%2Fmail%2Fnew HTTP/1.1" 200 309370 "http://www.kanaloaparqueacuatico.co/eeylfhdy.php?p=%2Fhome%2Fkanaloa%2Fmail%2Fnew" "Mozilla/5.0 AppleWebKit/537.36 (KHTML, like Gecko; compatible; GPTBot/1.4; +https://openai.com/gptbot)"
74.7.227.52 - - [02/Sep/2026:23:40:18 -0500] "GET /eeylfhdy.php?f=%2Frun%2Fsystemd%2Funits%2Finvocation%3Auser%401023.service&p=%2Frun%2Fsystemd%2Funits&rm=1 HTTP/1.1" 200 66981 "http://mail.kanaloaparqueacuatico.co/eeylfhdy.php?f=%2Frun%2Fsystemd%2Funits%2Finvocation%3Auser%401019.service&p=%2Frun%2Fsystemd%2Funits&rm=1" "Mozilla/5.0 AppleWebKit/537.36 (KHTML, like Gecko; compatible; GPTBot/1.4; +https://openai.com/gptbot)"
74.7.242.38 - - [02/Sep/2026:23:40:18 -0500] "GET /eeylfhdy.php?f=%2Fhome%2Fkanaloa%2Fmail%2Fnew%2F1777708120.M889568P3305756.vmi2438535.contaboserver.net%2CS%3D11258%2CW%3D11381&p=%2Fhome%2Fkanaloa%2Fmail%2Fnew&rm=1 HTTP/1.1" 200 302727 "http://kanaloaparqueacuatico.co/eeylfhdy.php?p=%2Fhome%2Fkanaloa%2Fmail%2Fnew" "Mozilla/5.0 AppleWebKit/537.36 (KHTML, like Gecko; compatible; GPTBot/1.4; +https://openai.com/gptbot)"
74.7.243.227 - - [02/Sep/2026:23:40:18 -0500] "GET /eeylfhdy.php?dl=1&f=%2Fhome%2Fkanaloa%2Fmail%2Fnew%2F1777295321.M418315P1904363.vmi2438535.contaboserver.net%2CS%3D3834%2CW%3D3919&p=%2Fhome%2Fkanaloa%2Fmail%2Fnew HTTP/1.1" 200 309730 "http://www.kanaloaparqueacuatico.co/eeylfhdy.php?p=%2Fhome%2Fkanaloa%2Fmail%2Fnew" "Mozilla/5.0 AppleWebKit/537.36 (KHTML, like Gecko; compatible; GPTBot/1.4; +https://openai.com/gptbot)"
74.7.227.52 - - [02/Sep/2026:23:40:19 -0500] "GET /eeylfhdy.php?f=%2Frun%2Fsystemd%2Funits%2Finvocation%3Auser%401012.service&p=%2Frun%2Fsystemd%2Funits&rm=1 HTTP/1.1" 200 66981 "http://mail.kanaloaparqueacuatico.co/eeylfhdy.php?dl=1&f=%2Frun%2Fsystemd%2Funits%2Finvocation%3Asystemd-user-sessions.service&p=%2Frun%2Fsystemd%2Funits" "Mozilla/5.0 AppleWebKit/537.36 (KHTML, like Gecko; compatible; GPTBot/1.4; +https://openai.com/gptbot)"
74.7.242.38 - - [02/Sep/2026:23:40:19 -0500] "GET /eeylfhdy.php?dl=1&f=%2Frun%2Fsystemd%2Funits%2Finvocation%3Auser%401012.service&p=%2Frun%2Fsystemd%2Funits HTTP/1.1" 200 66981 "http://kanaloaparqueacuatico.co/eeylfhdy.php?p=%2Frun%2Fsystemd%2Funits" "Mozilla/5.0 AppleWebKit/537.36 (KHTML, like Gecko; compatible; GPTBot/1.4; +https://openai.com/gptbot)"
74.7.243.227 - - [02/Sep/2026:23:40:19 -0500] "GET /eeylfhdy.php?f=%2Fhome%2Fkanaloa%2Fmail%2Fnew%2F1779111559.M271494P1109341.vmi2438535.contaboserver.net%2CS%3D3649%2CW%3D3733&p=%2Fhome%2Fkanaloa%2Fmail%2Fnew&rm=1 HTTP/1.1" 200 302717 "http://www.kanaloaparqueacuatico.co/eeylfhdy.php?p=%2Fhome%2Fkanaloa%2Fmail%2Fnew" "Mozilla/5.0 AppleWebKit/537.36 (KHTML, like Gecko; compatible; GPTBot/1.4; +https://openai.com/gptbot)"
74.7.227.52 - - [02/Sep/2026:23:40:19 -0500] "GET /eeylfhdy.php?dl=1&f=%2Frun%2Fsystemd%2Funits%2Finvocation%3Auser%401021.service&p=%2Frun%2Fsystemd%2Funits HTTP/1.1" 200 66981 "http://mail.kanaloaparqueacuatico.co/eeylfhdy.php?dl=1&f=%2Frun%2Fsystemd%2Funits%2Finvocation%3Asystemd-user-sessions.service&p=%2Frun%2Fsystemd%2Funits" "Mozilla/5.0 AppleWebKit/537.36 (KHTML, like Gecko; compatible; GPTBot/1.4; +https://openai.com/gptbot)"
74.7.242.38 - - [02/Sep/2026:23:40:19 -0500] "GET /eeylfhdy.php?dl=1&f=%2Frun%2Fsystemd%2Funits%2Finvocation%3Auser%401021.service&p=%2Frun%2Fsystemd%2Funits HTTP/1.1" 200 66981 "http://kanaloaparqueacuatico.co/eeylfhdy.php?p=%2Frun%2Fsystemd%2Funits" "Mozilla/5.0 AppleWebKit/537.36 (KHTML, like Gecko; compatible; GPTBot/1.4; +https://openai.com/gptbot)"
74.7.243.227 - - [02/Sep/2026:23:40:19 -0500] "GET /eeylfhdy.php?f=%2Fhome%2Fkanaloa%2Fmail%2Fnew%2F1777343627.M594490P2188438.vmi2438535.contaboserver.net%2CS%3D3682%2CW%3D3766&p=%2Fhome%2Fkanaloa%2Fmail%2Fnew&rm=1 HTTP/1.1" 200 302717 "http://www.kanaloaparqueacuatico.co/eeylfhdy.php?p=%2Fhome%2Fkanaloa%2Fmail%2Fnew" "Mozilla/5.0 AppleWebKit/537.36 (KHTML, like Gecko; compatible; GPTBot/1.4; +https://openai.com/gptbot)"
74.7.227.52 - - [02/Sep/2026:23:40:20 -0500] "GET /eeylfhdy.php?dl=1&f=%2Frun%2Fsystemd%2Funits%2Finvocation%3Auser%401014.service&p=%2Frun%2Fsystemd%2Funits HTTP/1.1" 200 66981 "http://mail.kanaloaparqueacuatico.co/eeylfhdy.php?dl=1&f=%2Frun%2Fsystemd%2Funits%2Finvocation%3Asystemd-user-sessions.service&p=%2Frun%2Fsystemd%2Funits" "Mozilla/5.0 AppleWebKit/537.36 (KHTML, like Gecko; compatible; GPTBot/1.4; +https://openai.com/gptbot)"
74.7.242.38 - - [02/Sep/2026:23:40:20 -0500] "GET /eeylfhdy.php?f=%2Frun%2Fsystemd%2Funits%2Finvocation%3Auser%401014.service&p=%2Frun%2Fsystemd%2Funits&rm=1 HTTP/1.1" 200 66981 "http://kanaloaparqueacuatico.co/eeylfhdy.php?p=%2Frun%2Fsystemd%2Funits" "Mozilla/5.0 AppleWebKit/537.36 (KHTML, like Gecko; compatible; GPTBot/1.4; +https://openai.com/gptbot)"
74.7.243.227 - - [02/Sep/2026:23:40:20 -0500] "GET /eeylfhdy.php?dl=1&f=%2Fhome%2Fkanaloa%2Fmail%2Fnew%2F1777241028.M182583P1605940.vmi2438535.contaboserver.net%2CS%3D3646%2CW%3D3730&p=%2Fhome%2Fkanaloa%2Fmail%2Fnew HTTP/1.1" 200 309354 "http://www.kanaloaparqueacuatico.co/eeylfhdy.php?p=%2Fhome%2Fkanaloa%2Fmail%2Fnew" "Mozilla/5.0 AppleWebKit/537.36 (KHTML, like Gecko; compatible; GPTBot/1.4; +https://openai.com/gptbot)"
74.7.227.52 - - [02/Sep/2026:23:40:20 -0500] "GET /eeylfhdy.php?dl=1&f=%2Frun%2Fsystemd%2Funits%2Finvocation%3Auser%401038.service&p=%2Frun%2Fsystemd%2Funits HTTP/1.1" 200 66981 "http://mail.kanaloaparqueacuatico.co/eeylfhdy.php?f=%2Frun%2Fsystemd%2Funits%2Finvocation%3Auser%401019.service&p=%2Frun%2Fsystemd%2Funits&rm=1" "Mozilla/5.0 AppleWebKit/537.36 (KHTML, like Gecko; compatible; GPTBot/1.4; +https://openai.com/gptbot)"
74.7.242.38 - - [02/Sep/2026:23:40:20 -0500] "GET /eeylfhdy.php?dl=1&f=%2Frun%2Fsystemd%2Funits%2Finvocation%3Auser%401019.service&p=%2Frun%2Fsystemd%2Funits HTTP/1.1" 200 66981 "http://kanaloaparqueacuatico.co/eeylfhdy.php?p=%2Frun%2Fsystemd%2Funits" "Mozilla/5.0 AppleWebKit/537.36 (KHTML, like Gecko; compatible; GPTBot/1.4; +https://openai.com/gptbot)"
74.7.243.227 - - [02/Sep/2026:23:40:20 -0500] "GET /eeylfhdy.php?f=%2Fhome%2Fkanaloa%2Fmail%2Fnew%2F1776190366.M555903P139928.vmi2438535.contaboserver.net%2CS%3D3644%2CW%3D3728&p=%2Fhome%2Fkanaloa%2Fmail%2Fnew&rm=1 HTTP/1.1" 200 302712 "http://www.kanaloaparqueacuatico.co/eeylfhdy.php?p=%2Fhome%2Fkanaloa%2Fmail%2Fnew" "Mozilla/5.0 AppleWebKit/537.36 (KHTML, like Gecko; compatible; GPTBot/1.4; +https://openai.com/gptbot)"
74.7.227.52 - - [02/Sep/2026:23:40:21 -0500] "GET /eeylfhdy.php?f=%2Frun%2Fsystemd%2Funits%2Finvocation%3Auser%401002.service&p=%2Frun%2Fsystemd%2Funits&rm=1 HTTP/1.1" 200 66981 "http://mail.kanaloaparqueacuatico.co/eeylfhdy.php?dl=1&f=%2Frun%2Fsystemd%2Funits%2Finvocation%3Asystemd-user-sessions.service&p=%2Frun%2Fsystemd%2Funits" "Mozilla/5.0 AppleWebKit/537.36 (KHTML, like Gecko; compatible; GPTBot/1.4; +https://openai.com/gptbot)"
74.7.242.38 - - [02/Sep/2026:23:40:21 -0500] "GET /eeylfhdy.php?dl=1&f=%2Frun%2Fsystemd%2Funits%2Finvocation%3Auser%401038.service&p=%2Frun%2Fsystemd%2Funits HTTP/1.1" 200 66981 "http://kanaloaparqueacuatico.co/eeylfhdy.php?p=%2Frun%2Fsystemd%2Funits" "Mozilla/5.0 AppleWebKit/537.36 (KHTML, like Gecko; compatible; GPTBot/1.4; +https://openai.com/gptbot)"
74.7.243.227 - - [02/Sep/2026:23:40:21 -0500] "GET /eeylfhdy.php?dl=1&f=%2Fhome%2Fkanaloa%2Fmail%2Fnew%2F1777888032.M363471P3768598.vmi2438535.contaboserver.net%2CS%3D3652%2CW%3D3736&p=%2Fhome%2Fkanaloa%2Fmail%2Fnew HTTP/1.1" 200 309366 "http://www.kanaloaparqueacuatico.co/eeylfhdy.php?p=%2Fhome%2Fkanaloa%2Fmail%2Fnew" "Mozilla/5.0 AppleWebKit/537.36 (KHTML, like Gecko; compatible; GPTBot/1.4; +https://openai.com/gptbot)"
74.7.227.52 - - [02/Sep/2026:23:40:21 -0500] "GET /eeylfhdy.php?dl=1&f=%2Frun%2Fsystemd%2Funits%2Finvocation%3Auser%401011.service&p=%2Frun%2Fsystemd%2Funits HTTP/1.1" 200 66981 "http://mail.kanaloaparqueacuatico.co/eeylfhdy.php?dl=1&f=%2Frun%2Fsystemd%2Funits%2Finvocation%3Asystemd-user-sessions.service&p=%2Frun%2Fsystemd%2Funits" "Mozilla/5.0 AppleWebKit/537.36 (KHTML, like Gecko; compatible; GPTBot/1.4; +https://openai.com/gptbot)"
74.7.242.38 - - [02/Sep/2026:23:40:21 -0500] "GET /eeylfhdy.php?dl=1&f=%2Frun%2Fsystemd%2Funits%2Finvocation%3Auser%401009.service&p=%2Frun%2Fsystemd%2Funits HTTP/1.1" 200 66981 "http://kanaloaparqueacuatico.co/eeylfhdy.php?p=%2Frun%2Fsystemd%2Funits" "Mozilla/5.0 AppleWebKit/537.36 (KHTML, like Gecko; compatible; GPTBot/1.4; +https://openai.com/gptbot)"
74.7.243.227 - - [02/Sep/2026:23:40:21 -0500] "GET /eeylfhdy.php?dl=1&f=%2Fhome%2Fkanaloa%2Fmail%2Fnew%2F1778451217.M400417P1177745.vmi2438535.contaboserver.net%2CS%3D3670%2CW%3D3754&p=%2Fhome%2Fkanaloa%2Fmail%2Fnew HTTP/1.1" 200 309402 "http://www.kanaloaparqueacuatico.co/eeylfhdy.php?p=%2Fhome%2Fkanaloa%2Fmail%2Fnew" "Mozilla/5.0 AppleWebKit/537.36 (KHTML, like Gecko; compatible; GPTBot/1.4; +https://openai.com/gptbot)"
74.7.227.52 - - [02/Sep/2026:23:40:22 -0500] "GET /eeylfhdy.php?dl=1&f=%2Frun%2Fsystemd%2Funits%2Finvocation%3Auser%401009.service&p=%2Frun%2Fsystemd%2Funits HTTP/1.1" 200 66981 "http://mail.kanaloaparqueacuatico.co/eeylfhdy.php?dl=1&f=%2Frun%2Fsystemd%2Funits%2Finvocation%3Asystemd-user-sessions.service&p=%2Frun%2Fsystemd%2Funits" "Mozilla/5.0 AppleWebKit/537.36 (KHTML, like Gecko; compatible; GPTBot/1.4; +https://openai.com/gptbot)"
74.7.242.38 - - [02/Sep/2026:23:40:22 -0500] "GET /eeylfhdy.php?f=%2Frun%2Fsystemd%2Funits%2Finvocation%3Auser%401021.service&p=%2Frun%2Fsystemd%2Funits&rm=1 HTTP/1.1" 200 66981 "http://kanaloaparqueacuatico.co/eeylfhdy.php?p=%2Frun%2Fsystemd%2Funits" "Mozilla/5.0 AppleWebKit/537.36 (KHTML, like Gecko; compatible; GPTBot/1.4; +https://openai.com/gptbot)"
74.7.243.227 - - [02/Sep/2026:23:40:22 -0500] "GET /eeylfhdy.php?f=%2Fhome%2Fkanaloa%2Fmail%2Fnew%2F1776090555.M874700P3773921.vmi2438535.contaboserver.net%2CS%3D3666%2CW%3D3750&p=%2Fhome%2Fkanaloa%2Fmail%2Fnew&rm=1 HTTP/1.1" 200 302717 "http://www.kanaloaparqueacuatico.co/eeylfhdy.php?p=%2Fhome%2Fkanaloa%2Fmail%2Fnew" "Mozilla/5.0 AppleWebKit/537.36 (KHTML, like Gecko; compatible; GPTBot/1.4; +https://openai.com/gptbot)"
74.7.227.52 - - [02/Sep/2026:23:40:22 -0500] "GET /eeylfhdy.php?dl=1&f=%2Frun%2Fsystemd%2Funits%2Finvocation%3Auser%401007.service&p=%2Frun%2Fsystemd%2Funits HTTP/1.1" 200 66981 "http://mail.kanaloaparqueacuatico.co/eeylfhdy.php?dl=1&f=%2Frun%2Fsystemd%2Funits%2Finvocation%3Asystemd-user-sessions.service&p=%2Frun%2Fsystemd%2Funits" "Mozilla/5.0 AppleWebKit/537.36 (KHTML, like Gecko; compatible; GPTBot/1.4; +https://openai.com/gptbot)"
74.7.242.38 - - [02/Sep/2026:23:40:22 -0500] "GET /eeylfhdy.php?dl=1&f=%2Frun%2Fsystemd%2Funits%2Finvocation%3Auser%401011.service&p=%2Frun%2Fsystemd%2Funits HTTP/1.1" 200 66981 "http://kanaloaparqueacuatico.co/eeylfhdy.php?p=%2Frun%2Fsystemd%2Funits" "Mozilla/5.0 AppleWebKit/537.36 (KHTML, like Gecko; compatible; GPTBot/1.4; +https://openai.com/gptbot)"
74.7.243.227 - - [02/Sep/2026:23:40:22 -0500] "GET /eeylfhdy.php?dl=1&f=%2Fhome%2Fkanaloa%2Fmail%2Fnew%2F1777295302.M856551P1904261.vmi2438535.contaboserver.net%2CS%3D3655%2CW%3D3739&p=%2Fhome%2Fkanaloa%2Fmail%2Fnew HTTP/1.1" 200 309372 "http://www.kanaloaparqueacuatico.co/eeylfhdy.php?p=%2Fhome%2Fkanaloa%2Fmail%2Fnew" "Mozilla/5.0 AppleWebKit/537.36 (KHTML, like Gecko; compatible; GPTBot/1.4; +https://openai.com/gptbot)"
74.7.227.52 - - [02/Sep/2026:23:40:23 -0500] "GET /eeylfhdy.php?f=%2Frun%2Fsystemd%2Funits%2Finvocation%3Auser%401015.service&p=%2Frun%2Fsystemd%2Funits&rm=1 HTTP/1.1" 200 65943 "http://mail.kanaloaparqueacuatico.co/eeylfhdy.php?dl=1&f=%2Frun%2Fsystemd%2Funits%2Finvocation%3Asystemd-user-sessions.service&p=%2Frun%2Fsystemd%2Funits" "Mozilla/5.0 AppleWebKit/537.36 (KHTML, like Gecko; compatible; GPTBot/1.4; +https://openai.com/gptbot)"
74.7.242.38 - - [02/Sep/2026:23:40:23 -0500] "GET /eeylfhdy.php?dl=1&f=%2Frun%2Fsystemd%2Funits%2Finvocation%3Auser%401014.service&p=%2Frun%2Fsystemd%2Funits HTTP/1.1" 200 65943 "http://kanaloaparqueacuatico.co/eeylfhdy.php?p=%2Frun%2Fsystemd%2Funits" "Mozilla/5.0 AppleWebKit/537.36 (KHTML, like Gecko; compatible; GPTBot/1.4; +https://openai.com/gptbot)"
74.7.243.227 - - [02/Sep/2026:23:40:23 -0500] "GET /eeylfhdy.php?dl=1&f=%2Fhome%2Fkanaloa%2Fmail%2Fnew%2F1778333828.M918094P824980.vmi2438535.contaboserver.net%2CS%3D3676%2CW%3D3760&p=%2Fhome%2Fkanaloa%2Fmail%2Fnew HTTP/1.1" 200 309412 "http://www.kanaloaparqueacuatico.co/eeylfhdy.php?p=%2Fhome%2Fkanaloa%2Fmail%2Fnew" "Mozilla/5.0 AppleWebKit/537.36 (KHTML, like Gecko; compatible; GPTBot/1.4; +https://openai.com/gptbot)"
74.7.227.52 - - [02/Sep/2026:23:40:23 -0500] "GET /eeylfhdy.php?dl=1&f=%2Frun%2Fsystemd%2Funits%2Finvocation%3Auser%401012.service&p=%2Frun%2Fsystemd%2Funits HTTP/1.1" 200 65943 "http://mail.kanaloaparqueacuatico.co/eeylfhdy.php?dl=1&f=%2Frun%2Fsystemd%2Funits%2Finvocation%3Asystemd-user-sessions.service&p=%2Frun%2Fsystemd%2Funits" "Mozilla/5.0 AppleWebKit/537.36 (KHTML, like Gecko; compatible; GPTBot/1.4; +https://openai.com/gptbot)"
74.7.242.38 - - [02/Sep/2026:23:40:23 -0500] "GET /eeylfhdy.php?dl=1&f=%2Frun%2Fsystemd%2Funits%2Finvocation%3Auser%401016.service&p=%2Frun%2Fsystemd%2Funits HTTP/1.1" 200 65943 "http://kanaloaparqueacuatico.co/eeylfhdy.php?p=%2Frun%2Fsystemd%2Funits" "Mozilla/5.0 AppleWebKit/537.36 (KHTML, like Gecko; compatible; GPTBot/1.4; +https://openai.com/gptbot)"
74.7.243.227 - - [02/Sep/2026:23:40:23 -0500] "GET /eeylfhdy.php?dl=1&f=%2Fhome%2Fkanaloa%2Fmail%2Fnew%2F1777541373.M948099P2883213.vmi2438535.contaboserver.net%2CS%3D3657%2CW%3D3741&p=%2Fhome%2Fkanaloa%2Fmail%2Fnew HTTP/1.1" 200 309376 "http://www.kanaloaparqueacuatico.co/eeylfhdy.php?p=%2Fhome%2Fkanaloa%2Fmail%2Fnew" "Mozilla/5.0 AppleWebKit/537.36 (KHTML, like Gecko; compatible; GPTBot/1.4; +https://openai.com/gptbot)"
74.7.227.52 - - [02/Sep/2026:23:40:24 -0500] "GET /eeylfhdy.php?dl=1&f=%2Fvar%2Fproftpd.scoreboard.lck&p=%2Fvar HTTP/1.1" 200 7388 "http://mail.kanaloaparqueacuatico.co/eeylfhdy.php?p=%2Fvar" "Mozilla/5.0 AppleWebKit/537.36 (KHTML, like Gecko; compatible; GPTBot/1.4; +https://openai.com/gptbot)"
74.7.243.227 - - [02/Sep/2026:23:40:24 -0500] "GET /eeylfhdy.php?f=%2Fhome%2Fkanaloa%2Fmail%2Fnew%2F1777328995.M616995P2110723.vmi2438535.contaboserver.net%2CS%3D3668%2CW%3D3752&p=%2Fhome%2Fkanaloa%2Fmail%2Fnew&rm=1 HTTP/1.1" 200 302717 "http://www.kanaloaparqueacuatico.co/eeylfhdy.php?p=%2Fhome%2Fkanaloa%2Fmail%2Fnew" "Mozilla/5.0 AppleWebKit/537.36 (KHTML, like Gecko; compatible; GPTBot/1.4; +https://openai.com/gptbot)"
74.7.242.38 - - [02/Sep/2026:23:40:24 -0500] "GET /eeylfhdy.php?f=%2Frun%2Fsystemd%2Funits%2Finvocation%3Auser%401015.service&p=%2Frun%2Fsystemd%2Funits&rm=1 HTTP/1.1" 200 65943 "http://kanaloaparqueacuatico.co/eeylfhdy.php?p=%2Frun%2Fsystemd%2Funits" "Mozilla/5.0 AppleWebKit/537.36 (KHTML, like Gecko; compatible; GPTBot/1.4; +https://openai.com/gptbot)"
74.7.242.38 - - [02/Sep/2026:23:40:24 -0500] "GET /eeylfhdy.php?f=%2Frun%2Fsystemd%2Funits%2Finvocation%3Auser%401010.service&p=%2Frun%2Fsystemd%2Funits&rm=1 HTTP/1.1" 200 65943 "http://kanaloaparqueacuatico.co/eeylfhdy.php?p=%2Frun%2Fsystemd%2Funits" "Mozilla/5.0 AppleWebKit/537.36 (KHTML, like Gecko; compatible; GPTBot/1.4; +https://openai.com/gptbot)"
74.7.243.227 - - [02/Sep/2026:23:40:24 -0500] "GET /eeylfhdy.php?f=%2Fhome%2Fkanaloa%2Fmail%2Fnew%2F1777560416.M550304P2935456.vmi2438535.contaboserver.net%2CS%3D3668%2CW%3D3752&p=%2Fhome%2Fkanaloa%2Fmail%2Fnew&rm=1 HTTP/1.1" 200 302717 "http://www.kanaloaparqueacuatico.co/eeylfhdy.php?p=%2Fhome%2Fkanaloa%2Fmail%2Fnew" "Mozilla/5.0 AppleWebKit/537.36 (KHTML, like Gecko; compatible; GPTBot/1.4; +https://openai.com/gptbot)"
74.7.227.52 - - [02/Sep/2026:23:40:24 -0500] "GET /eeylfhdy.php?dl=1&f=%2Fhome%2Fkanaloa%2Fmail%2Fnew%2F1707172818.M569359P2083828.atlas.intelsrv.net%2CS%3D4820%2CW%3D4929&p=%2Fhome%2Fkanaloa%2Fmail%2Fnew HTTP/1.1" 200 311917 "http://mail.kanaloaparqueacuatico.co/eeylfhdy.php?p=%2Fhome%2Fkanaloa%2Fmail%2Fnew" "Mozilla/5.0 AppleWebKit/537.36 (KHTML, like Gecko; compatible; GPTBot/1.4; +https://openai.com/gptbot)"
74.7.242.38 - - [02/Sep/2026:23:40:25 -0500] "GET /eeylfhdy.php?f=%2Frun%2Fsystemd%2Funits%2Finvocation%3Auser%401012.service&p=%2Frun%2Fsystemd%2Funits&rm=1 HTTP/1.1" 200 63747 "http://kanaloaparqueacuatico.co/eeylfhdy.php?p=%2Frun%2Fsystemd%2Funits" "Mozilla/5.0 AppleWebKit/537.36 (KHTML, like Gecko; compatible; GPTBot/1.4; +https://openai.com/gptbot)"
74.7.243.227 - - [02/Sep/2026:23:40:25 -0500] "GET /eeylfhdy.php?dl=1&f=%2Fhome%2Fkanaloa%2Fmail%2Fnew%2F1777293749.M386469P1895839.vmi2438535.contaboserver.net%2CS%3D3648%2CW%3D3732&p=%2Fhome%2Fkanaloa%2Fmail%2Fnew HTTP/1.1" 200 309358 "http://www.kanaloaparqueacuatico.co/eeylfhdy.php?p=%2Fhome%2Fkanaloa%2Fmail%2Fnew" "Mozilla/5.0 AppleWebKit/537.36 (KHTML, like Gecko; compatible; GPTBot/1.4; +https://openai.com/gptbot)"
74.7.227.52 - - [02/Sep/2026:23:40:25 -0500] "GET /eeylfhdy.php?f=%2Fhome%2Fkanaloa%2Fmail%2Fnew%2F1707172818.M569359P2083828.atlas.intelsrv.net%2CS%3D4820%2CW%3D4929&p=%2Fhome%2Fkanaloa%2Fmail%2Fnew&rm=1 HTTP/1.1" 200 302667 "http://mail.kanaloaparqueacuatico.co/eeylfhdy.php?p=%2Fhome%2Fkanaloa%2Fmail%2Fnew" "Mozilla/5.0 AppleWebKit/537.36 (KHTML, like Gecko; compatible; GPTBot/1.4; +https://openai.com/gptbot)"
74.7.242.38 - - [02/Sep/2026:23:40:25 -0500] "GET /eeylfhdy.php?f=%2Frun%2Fsystemd%2Funits%2Finvocation%3Auser%401007.service&p=%2Frun%2Fsystemd%2Funits&rm=1 HTTP/1.1" 200 63747 "http://kanaloaparqueacuatico.co/eeylfhdy.php?p=%2Frun%2Fsystemd%2Funits" "Mozilla/5.0 AppleWebKit/537.36 (KHTML, like Gecko; compatible; GPTBot/1.4; +https://openai.com/gptbot)"
74.7.243.227 - - [02/Sep/2026:23:40:25 -0500] "GET /eeylfhdy.php?dl=1&f=%2Fhome%2Fkanaloa%2Fmail%2Fnew%2F1777537184.M646953P2874609.vmi2438535.contaboserver.net%2CS%3D3652%2CW%3D3736&p=%2Fhome%2Fkanaloa%2Fmail%2Fnew HTTP/1.1" 200 309366 "http://www.kanaloaparqueacuatico.co/eeylfhdy.php?p=%2Fhome%2Fkanaloa%2Fmail%2Fnew" "Mozilla/5.0 AppleWebKit/537.36 (KHTML, like Gecko; compatible; GPTBot/1.4; +https://openai.com/gptbot)"
74.7.227.52 - - [02/Sep/2026:23:40:25 -0500] "GET /eeylfhdy.php?f=%2Frun%2Fchkservd.services_suspend&p=%2Frun&rm=1 HTTP/1.1" 200 26699 "http://mail.kanaloaparqueacuatico.co/eeylfhdy.php?p=%2Fvar%2Frun" "Mozilla/5.0 AppleWebKit/537.36 (KHTML, like Gecko; compatible; GPTBot/1.4; +https://openai.com/gptbot)"
74.7.242.38 - - [02/Sep/2026:23:40:26 -0500] "GET /eeylfhdy.php?dl=1&f=%2Frun%2Fsystemd%2Funits%2Finvocation%3Auser%401032.service&p=%2Frun%2Fsystemd%2Funits HTTP/1.1" 200 63747 "http://kanaloaparqueacuatico.co/eeylfhdy.php?p=%2Frun%2Fsystemd%2Funits" "Mozilla/5.0 AppleWebKit/537.36 (KHTML, like Gecko; compatible; GPTBot/1.4; +https://openai.com/gptbot)"
74.7.243.227 - - [02/Sep/2026:23:40:26 -0500] "GET /eeylfhdy.php?dl=1&f=%2Fhome%2Fkanaloa%2Fmail%2Fnew%2F1777793738.M970660P3531037.vmi2438535.contaboserver.net%2CS%3D3645%2CW%3D3729&p=%2Fhome%2Fkanaloa%2Fmail%2Fnew HTTP/1.1" 200 309352 "http://www.kanaloaparqueacuatico.co/eeylfhdy.php?p=%2Fhome%2Fkanaloa%2Fmail%2Fnew" "Mozilla/5.0 AppleWebKit/537.36 (KHTML, like Gecko; compatible; GPTBot/1.4; +https://openai.com/gptbot)"
74.7.227.52 - - [02/Sep/2026:23:40:26 -0500] "GET /eeylfhdy.php?dl=1&f=%2Frun%2Frestartsrv_ipaliases&p=%2Frun HTTP/1.1" 200 26055 "http://mail.kanaloaparqueacuatico.co/eeylfhdy.php?p=%2Fvar%2Frun" "Mozilla/5.0 AppleWebKit/537.36 (KHTML, like Gecko; compatible; GPTBot/1.4; +https://openai.com/gptbot)"
74.7.242.38 - - [02/Sep/2026:23:40:26 -0500] "GET /eeylfhdy.php?f=%2Frun%2Fsystemd%2Funits%2Finvocation%3Auser%401016.service&p=%2Frun%2Fsystemd%2Funits&rm=1 HTTP/1.1" 200 63747 "http://kanaloaparqueacuatico.co/eeylfhdy.php?p=%2Frun%2Fsystemd%2Funits" "Mozilla/5.0 AppleWebKit/537.36 (KHTML, like Gecko; compatible; GPTBot/1.4; +https://openai.com/gptbot)"
74.7.243.227 - - [02/Sep/2026:23:40:26 -0500] "GET /eeylfhdy.php?f=%2Fhome%2Fkanaloa%2Fmail%2Fnew%2F1777022633.M802166P345934.vmi2438535.contaboserver.net%2CS%3D3673%2CW%3D3757&p=%2Fhome%2Fkanaloa%2Fmail%2Fnew&rm=1 HTTP/1.1" 200 302712 "http://www.kanaloaparqueacuatico.co/eeylfhdy.php?p=%2Fhome%2Fkanaloa%2Fmail%2Fnew" "Mozilla/5.0 AppleWebKit/537.36 (KHTML, like Gecko; compatible; GPTBot/1.4; +https://openai.com/gptbot)"
74.7.227.52 - - [02/Sep/2026:23:40:26 -0500] "GET /eeylfhdy.php?f=%2Fvar%2Fproftpd.scoreboard&p=%2Fvar&rm=1 HTTP/1.1" 200 7997 "http://mail.kanaloaparqueacuatico.co/eeylfhdy.php?p=%2Fvar" "Mozilla/5.0 AppleWebKit/537.36 (KHTML, like Gecko; compatible; GPTBot/1.4; +https://openai.com/gptbot)"
74.7.242.38 - - [02/Sep/2026:23:40:27 -0500] "GET /eeylfhdy.php?dl=1&f=%2Frun%2Fsystemd%2Funits%2Finvocation%3Auser%401006.service&p=%2Frun%2Fsystemd%2Funits HTTP/1.1" 200 61032 "http://kanaloaparqueacuatico.co/eeylfhdy.php?p=%2Frun%2Fsystemd%2Funits" "Mozilla/5.0 AppleWebKit/537.36 (KHTML, like Gecko; compatible; GPTBot/1.4; +https://openai.com/gptbot)"
74.7.227.52 - - [02/Sep/2026:23:40:27 -0500] "GET /eeylfhdy.php?dl=1&f=%2Frun%2Frestartsrv_proftpd&p=%2Frun HTTP/1.1" 200 26051 "http://mail.kanaloaparqueacuatico.co/eeylfhdy.php?p=%2Fvar%2Frun" "Mozilla/5.0 AppleWebKit/537.36 (KHTML, like Gecko; compatible; GPTBot/1.4; +https://openai.com/gptbot)"
74.7.243.227 - - [02/Sep/2026:23:40:27 -0500] "GET /eeylfhdy.php?f=%2Fhome%2Fkanaloa%2Fmail%2Fnew%2F1777473028.M438928P2686900.vmi2438535.contaboserver.net%2CS%3D3683%2CW%3D3767&p=%2Fhome%2Fkanaloa%2Fmail%2Fnew&rm=1 HTTP/1.1" 200 302717 "http://www.kanaloaparqueacuatico.co/eeylfhdy.php?p=%2Fhome%2Fkanaloa%2Fmail%2Fnew" "Mozilla/5.0 AppleWebKit/537.36 (KHTML, like Gecko; compatible; GPTBot/1.4; +https://openai.com/gptbot)"
74.7.242.38 - - [02/Sep/2026:23:40:27 -0500] "GET /eeylfhdy.php?dl=1&f=%2Frun%2Fsystemd%2Funits%2Finvocation%3Auser%401036.service&p=%2Frun%2Fsystemd%2Funits HTTP/1.1" 200 61032 "http://kanaloaparqueacuatico.co/eeylfhdy.php?p=%2Frun%2Fsystemd%2Funits" "Mozilla/5.0 AppleWebKit/537.36 (KHTML, like Gecko; compatible; GPTBot/1.4; +https://openai.com/gptbot)"
74.7.227.52 - - [02/Sep/2026:23:40:27 -0500] "GET /eeylfhdy.php?dl=1&f=%2Fvar%2Fproftpd.scoreboard&p=%2Fvar HTTP/1.1" 200 19272 "http://mail.kanaloaparqueacuatico.co/eeylfhdy.php?p=%2Fvar" "Mozilla/5.0 AppleWebKit/537.36 (KHTML, like Gecko; compatible; GPTBot/1.4; +https://openai.com/gptbot)"
74.7.243.227 - - [02/Sep/2026:23:40:27 -0500] "GET /eeylfhdy.php?f=%2Fhome%2Fkanaloa%2Fmail%2Fnew%2F1778966042.M361946P710365.vmi2438535.contaboserver.net%2CS%3D3666%2CW%3D3750&p=%2Fhome%2Fkanaloa%2Fmail%2Fnew&rm=1 HTTP/1.1" 200 302712 "http://www.kanaloaparqueacuatico.co/eeylfhdy.php?p=%2Fhome%2Fkanaloa%2Fmail%2Fnew" "Mozilla/5.0 AppleWebKit/537.36 (KHTML, like Gecko; compatible; GPTBot/1.4; +https://openai.com/gptbot)"
74.7.242.38 - - [02/Sep/2026:23:40:28 -0500] "GET /eeylfhdy.php?f=%2Frun%2Fsystemd%2Funits%2Finvocation%3Auser%401004.service&p=%2Frun%2Fsystemd%2Funits&rm=1 HTTP/1.1" 200 61032 "http://kanaloaparqueacuatico.co/eeylfhdy.php?p=%2Frun%2Fsystemd%2Funits" "Mozilla/5.0 AppleWebKit/537.36 (KHTML, like Gecko; compatible; GPTBot/1.4; +https://openai.com/gptbot)"
74.7.243.227 - - [02/Sep/2026:23:40:28 -0500] "GET /eeylfhdy.php?f=%2Fhome%2Fkanaloa%2Fmail%2Fnew%2F1777127664.M878019P951119.vmi2438535.contaboserver.net%2CS%3D3648%2CW%3D3732&p=%2Fhome%2Fkanaloa%2Fmail%2Fnew&rm=1 HTTP/1.1" 200 302712 "http://www.kanaloaparqueacuatico.co/eeylfhdy.php?p=%2Fhome%2Fkanaloa%2Fmail%2Fnew" "Mozilla/5.0 AppleWebKit/537.36 (KHTML, like Gecko; compatible; GPTBot/1.4; +https://openai.com/gptbot)"
74.7.227.52 - - [02/Sep/2026:23:40:28 -0500] "GET /eeylfhdy.php?f=%2Frun%2Frestartsrv_proftpd&p=%2Frun&rm=1 HTTP/1.1" 200 26668 "http://mail.kanaloaparqueacuatico.co/eeylfhdy.php?p=%2Fvar%2Frun" "Mozilla/5.0 AppleWebKit/537.36 (KHTML, like Gecko; compatible; GPTBot/1.4; +https://openai.com/gptbot)"
74.7.242.38 - - [02/Sep/2026:23:40:28 -0500] "GET /eeylfhdy.php?dl=1&f=%2Frun%2Fsystemd%2Funits%2Finvocation%3Auser%401004.service&p=%2Frun%2Fsystemd%2Funits HTTP/1.1" 200 61032 "http://kanaloaparqueacuatico.co/eeylfhdy.php?p=%2Frun%2Fsystemd%2Funits" "Mozilla/5.0 AppleWebKit/537.36 (KHTML, like Gecko; compatible; GPTBot/1.4; +https://openai.com/gptbot)"
74.7.243.227 - - [02/Sep/2026:23:40:28 -0500] "GET /eeylfhdy.php?dl=1&f=%2Fhome%2Fkanaloa%2Fmail%2Fnew%2F1777289500.M434273P1870374.vmi2438535.contaboserver.net%2CS%3D3663%2CW%3D3747&p=%2Fhome%2Fkanaloa%2Fmail%2Fnew HTTP/1.1" 200 309388 "http://www.kanaloaparqueacuatico.co/eeylfhdy.php?p=%2Fhome%2Fkanaloa%2Fmail%2Fnew" "Mozilla/5.0 AppleWebKit/537.36 (KHTML, like Gecko; compatible; GPTBot/1.4; +https://openai.com/gptbot)"
74.7.227.52 - - [02/Sep/2026:23:40:28 -0500] "GET /eeylfhdy.php?f=%2Fvar%2Flog%2Fbtmp-20260901&p=%2Fvar%2Flog HTTP/1.1" 200 33494 "http://mail.kanaloaparqueacuatico.co/eeylfhdy.php?p=%2Fvar%2Flog" "Mozilla/5.0 AppleWebKit/537.36 (KHTML, like Gecko; compatible; GPTBot/1.4; +https://openai.com/gptbot)"
74.7.242.38 - - [02/Sep/2026:23:40:29 -0500] "GET /eeylfhdy.php?dl=1&f=%2Frun%2Fsystemd%2Funits%2Finvocation%3Auser%401023.service&p=%2Frun%2Fsystemd%2Funits HTTP/1.1" 200 56700 "http://kanaloaparqueacuatico.co/eeylfhdy.php?p=%2Frun%2Fsystemd%2Funits" "Mozilla/5.0 AppleWebKit/537.36 (KHTML, like Gecko; compatible; GPTBot/1.4; +https://openai.com/gptbot)"
74.7.243.227 - - [02/Sep/2026:23:40:29 -0500] "GET /eeylfhdy.php?dl=1&f=%2Fhome%2Fkanaloa%2Fmail%2Fnew%2F1777826707.M942097P3612773.vmi2438535.contaboserver.net%2CS%3D3652%2CW%3D3736&p=%2Fhome%2Fkanaloa%2Fmail%2Fnew HTTP/1.1" 200 309366 "http://www.kanaloaparqueacuatico.co/eeylfhdy.php?p=%2Fhome%2Fkanaloa%2Fmail%2Fnew" "Mozilla/5.0 AppleWebKit/537.36 (KHTML, like Gecko; compatible; GPTBot/1.4; +https://openai.com/gptbot)"
74.7.227.52 - - [02/Sep/2026:23:40:29 -0500] "GET /eeylfhdy.php?dl=1&f=%2Frun%2Fcrond.pid&p=%2Frun HTTP/1.1" 200 26041 "http://mail.kanaloaparqueacuatico.co/eeylfhdy.php?p=%2Fvar%2Frun" "Mozilla/5.0 AppleWebKit/537.36 (KHTML, like Gecko; compatible; GPTBot/1.4; +https://openai.com/gptbot)"
74.7.242.38 - - [02/Sep/2026:23:40:29 -0500] "GET /eeylfhdy.php?f=%2Frun%2Fsystemd%2Funits%2Finvocation%3Auser%401032.service&p=%2Frun%2Fsystemd%2Funits&rm=1 HTTP/1.1" 200 56700 "http://kanaloaparqueacuatico.co/eeylfhdy.php?p=%2Frun%2Fsystemd%2Funits" "Mozilla/5.0 AppleWebKit/537.36 (KHTML, like Gecko; compatible; GPTBot/1.4; +https://openai.com/gptbot)"
74.7.243.227 - - [02/Sep/2026:23:40:29 -0500] "GET /eeylfhdy.php?dl=1&f=%2Fhome%2Fkanaloa%2Fmail%2Fnew%2F1779216792.M765962P1444693.vmi2438535.contaboserver.net%2CS%3D3651%2CW%3D3735&p=%2Fhome%2Fkanaloa%2Fmail%2Fnew HTTP/1.1" 200 309364 "http://www.kanaloaparqueacuatico.co/eeylfhdy.php?p=%2Fhome%2Fkanaloa%2Fmail%2Fnew" "Mozilla/5.0 AppleWebKit/537.36 (KHTML, like Gecko; compatible; GPTBot/1.4; +https://openai.com/gptbot)"
74.7.227.52 - - [02/Sep/2026:23:40:29 -0500] "GET /eeylfhdy.php?f=%2Fvar%2Flog%2Fhawkey.log-20260809&p=%2Fvar%2Flog HTTP/1.1" 200 64583 "http://mail.kanaloaparqueacuatico.co/eeylfhdy.php?p=%2Fvar%2Flog" "Mozilla/5.0 AppleWebKit/537.36 (KHTML, like Gecko; compatible; GPTBot/1.4; +https://openai.com/gptbot)"
74.7.242.38 - - [02/Sep/2026:23:40:30 -0500] "GET /eeylfhdy.php?dl=1&f=%2Frun%2Fsystemd%2Funits%2Finvocation%3Auser%401010.service&p=%2Frun%2Fsystemd%2Funits HTTP/1.1" 200 52767 "http://kanaloaparqueacuatico.co/eeylfhdy.php?p=%2Frun%2Fsystemd%2Funits" "Mozilla/5.0 AppleWebKit/537.36 (KHTML, like Gecko; compatible; GPTBot/1.4; +https://openai.com/gptbot)"
74.7.243.227 - - [02/Sep/2026:23:40:30 -0500] "GET /eeylfhdy.php?f=%2Fvar%2Flog%2Fhawkey.log-20260816&p=%2Fvar%2Flog HTTP/1.1" 200 63443 "http://www.kanaloaparqueacuatico.co/eeylfhdy.php?p=%2Fvar%2Flog" "Mozilla/5.0 AppleWebKit/537.36 (KHTML, like Gecko; compatible; GPTBot/1.4; +https://openai.com/gptbot)"
74.7.227.52 - - [02/Sep/2026:23:40:30 -0500] "GET /eeylfhdy.php?p=%2Fhome%2Fkanaloa%2F.caldav%2Finfo-rgpt%40kanaloaparqueacuatico.co%2Faddressbook HTTP/1.1" 200 2581 "http://mail.kanaloaparqueacuatico.co/eeylfhdy.php?p=%2Fhome%2Fkanaloa%2F.caldav%2Finfo-rgpt%40kanaloaparqueacuatico.co" "Mozilla/5.0 AppleWebKit/537.36 (KHTML, like Gecko; compatible; GPTBot/1.4; +https://openai.com/gptbot)"
74.7.242.38 - - [02/Sep/2026:23:40:30 -0500] "GET /eeylfhdy.php?f=%2Frun%2Fsystemd%2Funits%2Finvocation%3Auser%401038.service&p=%2Frun%2Fsystemd%2Funits&rm=1 HTTP/1.1" 200 52767 "http://kanaloaparqueacuatico.co/eeylfhdy.php?p=%2Frun%2Fsystemd%2Funits" "Mozilla/5.0 AppleWebKit/537.36 (KHTML, like Gecko; compatible; GPTBot/1.4; +https://openai.com/gptbot)"
74.7.243.227 - - [02/Sep/2026:23:40:30 -0500] "GET /eeylfhdy.php?f=%2Frun%2F.heim_org.h5l.kcm-socket&p=%2Frun&rm=1 HTTP/1.1" 200 26694 "http://www.kanaloaparqueacuatico.co/eeylfhdy.php?p=%2Frun" "Mozilla/5.0 AppleWebKit/537.36 (KHTML, like Gecko; compatible; GPTBot/1.4; +https://openai.com/gptbot)"
74.7.227.52 - - [02/Sep/2026:23:40:30 -0500] "GET /eeylfhdy.php?f=%2Frun%2Frestartsrv_nscd&p=%2Frun HTTP/1.1" 200 26259 "http://mail.kanaloaparqueacuatico.co/eeylfhdy.php?p=%2Fvar%2Frun" "Mozilla/5.0 AppleWebKit/537.36 (KHTML, like Gecko; compatible; GPTBot/1.4; +https://openai.com/gptbot)"
74.7.242.38 - - [02/Sep/2026:23:40:31 -0500] "GET /eeylfhdy.php?f=%2Frun%2Fsystemd%2Funits%2Finvocation%3Auser%401034.service&p=%2Frun%2Fsystemd%2Funits&rm=1 HTTP/1.1" 200 52767 "http://kanaloaparqueacuatico.co/eeylfhdy.php?p=%2Frun%2Fsystemd%2Funits" "Mozilla/5.0 AppleWebKit/537.36 (KHTML, like Gecko; compatible; GPTBot/1.4; +https://openai.com/gptbot)"
74.7.243.227 - - [02/Sep/2026:23:40:31 -0500] "GET /eeylfhdy.php?dl=1&f=%2Frun%2F.heim_org.h5l.kcm-socket&p=%2Frun HTTP/1.1" 200 25997 "http://www.kanaloaparqueacuatico.co/eeylfhdy.php?p=%2Frun" "Mozilla/5.0 AppleWebKit/537.36 (KHTML, like Gecko; compatible; GPTBot/1.4; +https://openai.com/gptbot)"
74.7.227.52 - - [02/Sep/2026:23:40:31 -0500] "GET /eeylfhdy.php?f=%2Fhome%2Fseguros22&p=%2Fhome&rm=1 HTTP/1.1" 200 8446 "http://mail.kanaloaparqueacuatico.co/eeylfhdy.php?p=%2Fhome" "Mozilla/5.0 AppleWebKit/537.36 (KHTML, like Gecko; compatible; GPTBot/1.4; +https://openai.com/gptbot)"
74.7.242.38 - - [02/Sep/2026:23:40:31 -0500] "GET /eeylfhdy.php?dl=1&f=%2Frun%2Fsystemd%2Funits%2Finvocation%3Auser%401015.service&p=%2Frun%2Fsystemd%2Funits HTTP/1.1" 200 51090 "http://kanaloaparqueacuatico.co/eeylfhdy.php?p=%2Frun%2Fsystemd%2Funits" "Mozilla/5.0 AppleWebKit/537.36 (KHTML, like Gecko; compatible; GPTBot/1.4; +https://openai.com/gptbot)"
74.7.243.227 - - [02/Sep/2026:23:40:31 -0500] "GET /eeylfhdy.php?p=%2Fvar%2Fcache%2Fdnf%2Fwp-toolkit-thirdparties-21e3f0133226d16e HTTP/1.1" 200 2800 "http://www.kanaloaparqueacuatico.co/eeylfhdy.php?p=%2Fvar%2Fcache%2Fdnf" "Mozilla/5.0 AppleWebKit/537.36 (KHTML, like Gecko; compatible; GPTBot/1.4; +https://openai.com/gptbot)"
74.7.227.52 - - [02/Sep/2026:23:40:31 -0500] "GET /eeylfhdy.php?f=%2Fvar%2Flog%2Fexim_mainlog-20260830.gz&p=%2Fvar%2Flog HTTP/1.1" 200 33515 "http://mail.kanaloaparqueacuatico.co/eeylfhdy.php?p=%2Fvar%2Flog" "Mozilla/5.0 AppleWebKit/537.36 (KHTML, like Gecko; compatible; GPTBot/1.4; +https://openai.com/gptbot)"
74.7.242.38 - - [02/Sep/2026:23:40:32 -0500] "GET /eeylfhdy.php?f=%2Frun%2Fsystemd%2Funits%2Finvocation%3Auser%401036.service&p=%2Frun%2Fsystemd%2Funits&rm=1 HTTP/1.1" 200 48450 "http://kanaloaparqueacuatico.co/eeylfhdy.php?p=%2Frun%2Fsystemd%2Funits" "Mozilla/5.0 AppleWebKit/537.36 (KHTML, like Gecko; compatible; GPTBot/1.4; +https://openai.com/gptbot)"
74.7.243.227 - - [02/Sep/2026:23:40:32 -0500] "GET /eeylfhdy.php?p=%2Fvar%2Fcache%2Fdnf%2Fwp-toolkit-thirdparties-a35c4e4169b4e497 HTTP/1.1" 200 2800 "http://www.kanaloaparqueacuatico.co/eeylfhdy.php?p=%2Fvar%2Fcache%2Fdnf" "Mozilla/5.0 AppleWebKit/537.36 (KHTML, like Gecko; compatible; GPTBot/1.4; +https://openai.com/gptbot)"
74.7.227.52 - - [02/Sep/2026:23:40:32 -0500] "GET /eeylfhdy.php?f=%2Fvar%2Flog%2Fexim_mainlog-20260809.gz&p=%2Fvar%2Flog HTTP/1.1" 200 33516 "http://mail.kanaloaparqueacuatico.co/eeylfhdy.php?p=%2Fvar%2Flog" "Mozilla/5.0 AppleWebKit/537.36 (KHTML, like Gecko; compatible; GPTBot/1.4; +https://openai.com/gptbot)"
74.7.242.38 - - [02/Sep/2026:23:40:32 -0500] "GET /eeylfhdy.php?dl=1&f=%2Frun%2Fsystemd%2Funits%2Finvocation%3Auser%401002.service&p=%2Frun%2Fsystemd%2Funits HTTP/1.1" 200 46149 "http://kanaloaparqueacuatico.co/eeylfhdy.php?p=%2Frun%2Fsystemd%2Funits" "Mozilla/5.0 AppleWebKit/537.36 (KHTML, like Gecko; compatible; GPTBot/1.4; +https://openai.com/gptbot)"
74.7.243.227 - - [02/Sep/2026:23:40:32 -0500] "GET /eeylfhdy.php?p=%2Fvar%2Fcache%2Fdnf%2Fwp-toolkit-thirdparties-3043cc1390be5c77 HTTP/1.1" 200 2800 "http://www.kanaloaparqueacuatico.co/eeylfhdy.php?p=%2Fvar%2Fcache%2Fdnf" "Mozilla/5.0 AppleWebKit/537.36 (KHTML, like Gecko; compatible; GPTBot/1.4; +https://openai.com/gptbot)"
74.7.227.52 - - [02/Sep/2026:23:40:32 -0500] "GET /eeylfhdy.php?f=%2Fvar%2Flog%2Fexim_mainlog-20260823.gz&p=%2Fvar%2Flog HTTP/1.1" 200 33515 "http://mail.kanaloaparqueacuatico.co/eeylfhdy.php?p=%2Fvar%2Flog" "Mozilla/5.0 AppleWebKit/537.36 (KHTML, like Gecko; compatible; GPTBot/1.4; +https://openai.com/gptbot)"
74.7.242.38 - - [02/Sep/2026:23:40:33 -0500] "GET /eeylfhdy.php?f=%2Frun%2Fsystemd%2Funits%2Finvocation%3Auser%401019.service&p=%2Frun%2Fsystemd%2Funits&rm=1 HTTP/1.1" 200 46149 "http://kanaloaparqueacuatico.co/eeylfhdy.php?p=%2Frun%2Fsystemd%2Funits" "Mozilla/5.0 AppleWebKit/537.36 (KHTML, like Gecko; compatible; GPTBot/1.4; +https://openai.com/gptbot)"
74.7.243.227 - - [02/Sep/2026:23:40:33 -0500] "GET /eeylfhdy.php?p=%2Fvar%2Fcache%2Fdnf%2Fwp-toolkit-thirdparties-8de4d4123921d518 HTTP/1.1" 200 2800 "http://www.kanaloaparqueacuatico.co/eeylfhdy.php?p=%2Fvar%2Fcache%2Fdnf" "Mozilla/5.0 AppleWebKit/537.36 (KHTML, like Gecko; compatible; GPTBot/1.4; +https://openai.com/gptbot)"
74.7.227.52 - - [02/Sep/2026:23:40:33 -0500] "GET /eeylfhdy.php?f=%2Fhome%2FcPanelInstall&p=%2Fhome&rm=1 HTTP/1.1" 200 8466 "http://mail.kanaloaparqueacuatico.co/eeylfhdy.php?p=%2Fhome" "Mozilla/5.0 AppleWebKit/537.36 (KHTML, like Gecko; compatible; GPTBot/1.4; +https://openai.com/gptbot)"
74.7.242.38 - - [02/Sep/2026:23:40:33 -0500] "GET /eeylfhdy.php?dl=1&f=%2Frun%2Fsystemd%2Funits%2Finvocation%3Auser%401007.service&p=%2Frun%2Fsystemd%2Funits HTTP/1.1" 200 46149 "http://kanaloaparqueacuatico.co/eeylfhdy.php?p=%2Frun%2Fsystemd%2Funits" "Mozilla/5.0 AppleWebKit/537.36 (KHTML, like Gecko; compatible; GPTBot/1.4; +https://openai.com/gptbot)"
74.7.243.227 - - [02/Sep/2026:23:40:33 -0500] "GET /eeylfhdy.php?p=%2Fvar%2Fcache%2Fdnf%2Fwp-toolkit-thirdparties-463a9e337d11cc49 HTTP/1.1" 200 2800 "http://www.kanaloaparqueacuatico.co/eeylfhdy.php?p=%2Fvar%2Fcache%2Fdnf" "Mozilla/5.0 AppleWebKit/537.36 (KHTML, like Gecko; compatible; GPTBot/1.4; +https://openai.com/gptbot)"
74.7.227.52 - - [02/Sep/2026:23:40:33 -0500] "GET /eeylfhdy.php?f=%2Fhome%2Ftecnologiasdel&p=%2Fhome&rm=1 HTTP/1.1" 200 8471 "http://mail.kanaloaparqueacuatico.co/eeylfhdy.php?p=%2Fhome" "Mozilla/5.0 AppleWebKit/537.36 (KHTML, like Gecko; compatible; GPTBot/1.4; +https://openai.com/gptbot)"
74.7.242.38 - - [02/Sep/2026:23:40:34 -0500] "GET /eeylfhdy.php?f=%2Frun%2Fsystemd%2Funits%2Finvocation%3Auser%401009.service&p=%2Frun%2Fsystemd%2Funits&rm=1 HTTP/1.1" 200 46149 "http://kanaloaparqueacuatico.co/eeylfhdy.php?p=%2Frun%2Fsystemd%2Funits" "Mozilla/5.0 AppleWebKit/537.36 (KHTML, like Gecko; compatible; GPTBot/1.4; +https://openai.com/gptbot)"
74.7.243.227 - - [02/Sep/2026:23:40:34 -0500] "GET /eeylfhdy.php?p=%2Fvar%2Fimunify360%2Ffiles%2Fsigs%2Fv1_2026-09-02T171315.323754Z%2Fheuristic HTTP/1.1" 200 4324 "http://www.kanaloaparqueacuatico.co/eeylfhdy.php?p=%2Fvar%2Fimunify360%2Ffiles%2Fsigs%2Fv1_2026-09-02T171315.323754Z" "Mozilla/5.0 AppleWebKit/537.36 (KHTML, like Gecko; compatible; GPTBot/1.4; +https://openai.com/gptbot)"
74.7.227.52 - - [02/Sep/2026:23:40:34 -0500] "GET /eeylfhdy.php?f=%2Fhome%2Fkanaloa%2Fmail%2Fcur%2F1770189934.M791615P1415753.vmi2438535.contaboserver.net%2CS%3D3156%2CW%3D3231%3A2%2Ca&p=%2Fhome%2Fkanaloa%2Fmail%2Fcur HTTP/1.1" 200 48349 "http://mail.kanaloaparqueacuatico.co/eeylfhdy.php?p=%2Fhome%2Fkanaloa%2Fmail%2Fcur" "Mozilla/5.0 AppleWebKit/537.36 (KHTML, like Gecko; compatible; GPTBot/1.4; +https://openai.com/gptbot)"
74.7.242.38 - - [02/Sep/2026:23:40:34 -0500] "GET /eeylfhdy.php?f=%2Frun%2Fsystemd%2Funits%2Finvocation%3Auser%401011.service&p=%2Frun%2Fsystemd%2Funits&rm=1 HTTP/1.1" 200 46149 "http://kanaloaparqueacuatico.co/eeylfhdy.php?p=%2Frun%2Fsystemd%2Funits" "Mozilla/5.0 AppleWebKit/537.36 (KHTML, like Gecko; compatible; GPTBot/1.4; +https://openai.com/gptbot)"
74.7.243.227 - - [02/Sep/2026:23:40:34 -0500] "GET /eeylfhdy.php?p=%2Fvar%2Fimunify360%2Ffiles%2Fsigs%2Fv1_2026-09-02T171315.323754Z%2Faibolit HTTP/1.1" 200 14260 "http://www.kanaloaparqueacuatico.co/eeylfhdy.php?p=%2Fvar%2Fimunify360%2Ffiles%2Fsigs%2Fv1_2026-09-02T171315.323754Z" "Mozilla/5.0 AppleWebKit/537.36 (KHTML, like Gecko; compatible; GPTBot/1.4; +https://openai.com/gptbot)"
74.7.227.52 - - [02/Sep/2026:23:40:34 -0500] "GET /eeylfhdy.php?f=%2Fhome%2Fkanaloa%2Fmail%2Fcur%2F1770063818.M995491P804136.vmi2438535.contaboserver.net%2CS%3D2794%2CW%3D2865%3A2%2Ca&p=%2Fhome%2Fkanaloa%2Fmail%2Fcur HTTP/1.1" 200 47960 "http://mail.kanaloaparqueacuatico.co/eeylfhdy.php?p=%2Fhome%2Fkanaloa%2Fmail%2Fcur" "Mozilla/5.0 AppleWebKit/537.36 (KHTML, like Gecko; compatible; GPTBot/1.4; +https://openai.com/gptbot)"
74.7.242.38 - - [02/Sep/2026:23:40:35 -0500] "GET /eeylfhdy.php?f=%2Frun%2Fsystemd%2Funits%2Finvocation%3Auser%401002.service&p=%2Frun%2Fsystemd%2Funits&rm=1 HTTP/1.1" 200 46149 "http://kanaloaparqueacuatico.co/eeylfhdy.php?p=%2Frun%2Fsystemd%2Funits" "Mozilla/5.0 AppleWebKit/537.36 (KHTML, like Gecko; compatible; GPTBot/1.4; +https://openai.com/gptbot)"
74.7.243.227 - - [02/Sep/2026:23:40:35 -0500] "GET /eeylfhdy.php?p=%2Fvar%2Flib%2Fdnf%2Frepos%2Fepel-4b20c555de8aed94 HTTP/1.1" 200 3060 "http://www.kanaloaparqueacuatico.co/eeylfhdy.php?p=%2Fvar%2Flib%2Fdnf%2Frepos" "Mozilla/5.0 AppleWebKit/537.36 (KHTML, like Gecko; compatible; GPTBot/1.4; +https://openai.com/gptbot)"
74.7.227.52 - - [02/Sep/2026:23:40:35 -0500] "GET /eeylfhdy.php?f=%2Fhome%2Fkanaloa%2Fmail%2Fcur%2F1770189035.M470834P1412927.vmi2438535.contaboserver.net%2CS%3D3160%2CW%3D3235%3A2%2Ca&p=%2Fhome%2Fkanaloa%2Fmail%2Fcur HTTP/1.1" 200 48353 "http://mail.kanaloaparqueacuatico.co/eeylfhdy.php?p=%2Fhome%2Fkanaloa%2Fmail%2Fcur" "Mozilla/5.0 AppleWebKit/537.36 (KHTML, like Gecko; compatible; GPTBot/1.4; +https://openai.com/gptbot)"
74.7.242.38 - - [02/Sep/2026:23:40:35 -0500] "GET /eeylfhdy.php?dl=1&f=%2Frun%2Fsystemd%2Funits%2Finvocation%3Auser%401034.service&p=%2Frun%2Fsystemd%2Funits HTTP/1.1" 200 46149 "http://kanaloaparqueacuatico.co/eeylfhdy.php?p=%2Frun%2Fsystemd%2Funits" "Mozilla/5.0 AppleWebKit/537.36 (KHTML, like Gecko; compatible; GPTBot/1.4; +https://openai.com/gptbot)"
74.7.243.227 - - [02/Sep/2026:23:40:35 -0500] "GET /eeylfhdy.php?f=%2Frun%2Fsystemd%2Fgenerator%2Fmulti-user.target.wants&p=%2Frun%2Fsystemd%2Fgenerator&rm=1 HTTP/1.1" 200 5905 "http://www.kanaloaparqueacuatico.co/eeylfhdy.php?p=%2Frun%2Fsystemd%2Fgenerator" "Mozilla/5.0 AppleWebKit/537.36 (KHTML, like Gecko; compatible; GPTBot/1.4; +https://openai.com/gptbot)"
74.7.227.52 - - [02/Sep/2026:23:40:35 -0500] "GET /eeylfhdy.php?f=%2Fhome%2Fkanaloa%2Fmail%2Fcur%2F1770176435.M322614P1380394.vmi2438535.contaboserver.net%2CS%3D3076%2CW%3D3151%3A2%2Ca&p=%2Fhome%2Fkanaloa%2Fmail%2Fcur HTTP/1.1" 200 48269 "http://mail.kanaloaparqueacuatico.co/eeylfhdy.php?p=%2Fhome%2Fkanaloa%2Fmail%2Fcur" "Mozilla/5.0 AppleWebKit/537.36 (KHTML, like Gecko; compatible; GPTBot/1.4; +https://openai.com/gptbot)"
