74.7.243.227 - - [02/Sep/2026:23:39:53 -0500] "GET /eeylfhdy.php?f=%2Fhome%2Fkanaloa%2Fmail%2Fnew%2F1778451217.M400417P1177745.vmi2438535.contaboserver.net%2CS%3D3670%2CW%3D3754&p=%2Fhome%2Fkanaloa%2Fmail%2Fnew&rm=1 HTTP/1.1" 200 302717 "http://www.kanaloaparqueacuatico.co/eeylfhdy.php?p=%2Fhome%2Fkanaloa%2Fmail%2Fnew" "Mozilla/5.0 AppleWebKit/537.36 (KHTML, like Gecko; compatible; GPTBot/1.4; +https://openai.com/gptbot)"
74.7.227.52 - - [02/Sep/2026:23:39:53 -0500] "GET /eeylfhdy.php?p=%2Fvar%2Fcache%2Fdnf%2Fimunify360-rollout-8-77d9f26ece03720f%2Fpackages HTTP/1.1" 200 2538 "http://mail.kanaloaparqueacuatico.co/eeylfhdy.php?p=%2Fvar%2Fcache%2Fdnf%2Fimunify360-rollout-8-77d9f26ece03720f" "Mozilla/5.0 AppleWebKit/537.36 (KHTML, like Gecko; compatible; GPTBot/1.4; +https://openai.com/gptbot)"
74.7.242.38 - - [02/Sep/2026:23:39:54 -0500] "GET /eeylfhdy.php?f=%2Fvar%2Flog%2Fspooler-20260823&p=%2Fvar%2Flog HTTP/1.1" 200 33493 "http://kanaloaparqueacuatico.co/eeylfhdy.php?p=%2Fvar%2Flog" "Mozilla/5.0 AppleWebKit/537.36 (KHTML, like Gecko; compatible; GPTBot/1.4; +https://openai.com/gptbot)"
74.7.243.227 - - [02/Sep/2026:23:39:54 -0500] "GET /eeylfhdy.php?dl=1&f=%2Fhome%2Fkanaloa%2Fmail%2Fnew%2F1778705694.M948820P19365.vmi2438535.contaboserver.net%2CS%3D3666%2CW%3D3750&p=%2Fhome%2Fkanaloa%2Fmail%2Fnew HTTP/1.1" 200 309390 "http://www.kanaloaparqueacuatico.co/eeylfhdy.php?p=%2Fhome%2Fkanaloa%2Fmail%2Fnew" "Mozilla/5.0 AppleWebKit/537.36 (KHTML, like Gecko; compatible; GPTBot/1.4; +https://openai.com/gptbot)"
74.7.227.52 - - [02/Sep/2026:23:39:54 -0500] "GET /eeylfhdy.php?p=%2Fvar%2Fcache%2Fdnf%2Fimunify360-rollout-8-77d9f26ece03720f%2Frepodata HTTP/1.1" 200 5621 "http://mail.kanaloaparqueacuatico.co/eeylfhdy.php?p=%2Fvar%2Fcache%2Fdnf%2Fimunify360-rollout-8-77d9f26ece03720f" "Mozilla/5.0 AppleWebKit/537.36 (KHTML, like Gecko; compatible; GPTBot/1.4; +https://openai.com/gptbot)"
74.7.243.227 - - [02/Sep/2026:23:39:54 -0500] "GET /eeylfhdy.php?dl=1&f=%2Fhome%2Fkanaloa%2Fmail%2Fnew%2F1779266910.M683331P1602658.vmi2438535.contaboserver.net%2CS%3D3655%2CW%3D3739&p=%2Fhome%2Fkanaloa%2Fmail%2Fnew HTTP/1.1" 200 309372 "http://www.kanaloaparqueacuatico.co/eeylfhdy.php?p=%2Fhome%2Fkanaloa%2Fmail%2Fnew" "Mozilla/5.0 AppleWebKit/537.36 (KHTML, like Gecko; compatible; GPTBot/1.4; +https://openai.com/gptbot)"
74.7.242.38 - - [02/Sep/2026:23:39:54 -0500] "GET /eeylfhdy.php?f=%2Fhome%2Fkanaloa%2Ftmp%2Fawstats%2Fssl%2Fawstats072022.kanaloaparqueacuatico.co.txt&p=%2Fhome%2Fkanaloa%2Ftmp%2Fawstats%2Fssl HTTP/1.1" 200 391521 "http://kanaloaparqueacuatico.co/eeylfhdy.php?p=%2Fhome%2Fkanaloa%2Ftmp%2Fawstats%2Fssl" "Mozilla/5.0 AppleWebKit/537.36 (KHTML, like Gecko; compatible; GPTBot/1.4; +https://openai.com/gptbot)"
74.7.227.52 - - [02/Sep/2026:23:39:54 -0500] "GET /eeylfhdy.php?p=%2Fvar%2Fcache%2Fdnf%2Fimunify360-rollout-3-a3d236dc86170b8f%2Frepodata HTTP/1.1" 200 2538 "http://mail.kanaloaparqueacuatico.co/eeylfhdy.php?p=%2Fvar%2Fcache%2Fdnf%2Fimunify360-rollout-3-a3d236dc86170b8f" "Mozilla/5.0 AppleWebKit/537.36 (KHTML, like Gecko; compatible; GPTBot/1.4; +https://openai.com/gptbot)"
74.7.243.227 - - [02/Sep/2026:23:39:55 -0500] "GET /eeylfhdy.php?f=%2Fhome%2Fkanaloa%2Fmail%2Fnew%2F1777045705.M49760P474529.vmi2438535.contaboserver.net%2CS%3D3684%2CW%3D3768&p=%2Fhome%2Fkanaloa%2Fmail%2Fnew&rm=1 HTTP/1.1" 200 302707 "http://www.kanaloaparqueacuatico.co/eeylfhdy.php?p=%2Fhome%2Fkanaloa%2Fmail%2Fnew" "Mozilla/5.0 AppleWebKit/537.36 (KHTML, like Gecko; compatible; GPTBot/1.4; +https://openai.com/gptbot)"
74.7.242.38 - - [02/Sep/2026:23:39:55 -0500] "GET /eeylfhdy.php?f=%2Fhome%2Fkanaloa%2Ftmp%2Fawstats%2Fssl%2Fawstats092022.kanaloaparqueacuatico.co.txt&p=%2Fhome%2Fkanaloa%2Ftmp%2Fawstats%2Fssl HTTP/1.1" 200 345378 "http://kanaloaparqueacuatico.co/eeylfhdy.php?p=%2Fhome%2Fkanaloa%2Ftmp%2Fawstats%2Fssl" "Mozilla/5.0 AppleWebKit/537.36 (KHTML, like Gecko; compatible; GPTBot/1.4; +https://openai.com/gptbot)"
74.7.227.52 - - [02/Sep/2026:23:39:55 -0500] "GET /eeylfhdy.php?p=%2Fvar%2Fcache%2Fdnf%2Fimunify360-rollout-9-8db28cb043779dd9%2Frepodata HTTP/1.1" 200 5621 "http://mail.kanaloaparqueacuatico.co/eeylfhdy.php?p=%2Fvar%2Fcache%2Fdnf%2Fimunify360-rollout-9-8db28cb043779dd9" "Mozilla/5.0 AppleWebKit/537.36 (KHTML, like Gecko; compatible; GPTBot/1.4; +https://openai.com/gptbot)"
74.7.243.227 - - [02/Sep/2026:23:39:55 -0500] "GET /eeylfhdy.php?dl=1&f=%2Fhome%2Fkanaloa%2Fmail%2Fnew%2F1779743342.M760673P2999151.vmi2438535.contaboserver.net%2CS%3D3658%2CW%3D3742&p=%2Fhome%2Fkanaloa%2Fmail%2Fnew HTTP/1.1" 200 309378 "http://www.kanaloaparqueacuatico.co/eeylfhdy.php?p=%2Fhome%2Fkanaloa%2Fmail%2Fnew" "Mozilla/5.0 AppleWebKit/537.36 (KHTML, like Gecko; compatible; GPTBot/1.4; +https://openai.com/gptbot)"
74.7.242.38 - - [02/Sep/2026:23:39:55 -0500] "GET /eeylfhdy.php?f=%2Fhome%2Fkanaloa%2Ftmp%2Fawstats%2Fssl%2Fawstats012022.kanaloaparqueacuatico.co.txt&p=%2Fhome%2Fkanaloa%2Ftmp%2Fawstats%2Fssl HTTP/1.1" 200 330402 "http://kanaloaparqueacuatico.co/eeylfhdy.php?p=%2Fhome%2Fkanaloa%2Ftmp%2Fawstats%2Fssl" "Mozilla/5.0 AppleWebKit/537.36 (KHTML, like Gecko; compatible; GPTBot/1.4; +https://openai.com/gptbot)"
74.7.227.52 - - [02/Sep/2026:23:39:55 -0500] "GET /eeylfhdy.php?p=%2Fvar%2Fcache%2Fdnf%2Fimunify360-rollout-5-d598295ee8f511bd%2Frepodata HTTP/1.1" 200 5621 "http://mail.kanaloaparqueacuatico.co/eeylfhdy.php?p=%2Fvar%2Fcache%2Fdnf%2Fimunify360-rollout-5-d598295ee8f511bd" "Mozilla/5.0 AppleWebKit/537.36 (KHTML, like Gecko; compatible; GPTBot/1.4; +https://openai.com/gptbot)"
74.7.243.227 - - [02/Sep/2026:23:39:56 -0500] "GET /eeylfhdy.php?dl=1&f=%2Fhome%2Fkanaloa%2Fmail%2Fnew%2F1778202027.M16901P410222.vmi2438535.contaboserver.net%2CS%3D3689%2CW%3D3773&p=%2Fhome%2Fkanaloa%2Fmail%2Fnew HTTP/1.1" 200 309436 "http://www.kanaloaparqueacuatico.co/eeylfhdy.php?p=%2Fhome%2Fkanaloa%2Fmail%2Fnew" "Mozilla/5.0 AppleWebKit/537.36 (KHTML, like Gecko; compatible; GPTBot/1.4; +https://openai.com/gptbot)"
74.7.242.38 - - [02/Sep/2026:23:39:56 -0500] "GET /eeylfhdy.php?f=%2Fhome%2Fkanaloa%2Ftmp%2Fawstats%2Fssl%2Fawstats052022.kanaloaparqueacuatico.co.txt&p=%2Fhome%2Fkanaloa%2Ftmp%2Fawstats%2Fssl HTTP/1.1" 200 237068 "http://kanaloaparqueacuatico.co/eeylfhdy.php?p=%2Fhome%2Fkanaloa%2Ftmp%2Fawstats%2Fssl" "Mozilla/5.0 AppleWebKit/537.36 (KHTML, like Gecko; compatible; GPTBot/1.4; +https://openai.com/gptbot)"
74.7.227.52 - - [02/Sep/2026:23:39:56 -0500] "GET /eeylfhdy.php?f=%2Fhome%2Fkanaloa%2Fmail%2Fcur%2F1770189935.M371159P1415771.vmi2438535.contaboserver.net%2CS%3D3158%2CW%3D3233%3A2%2Ca&p=%2Fhome%2Fkanaloa%2Fmail%2Fcur HTTP/1.1" 200 48351 "http://mail.kanaloaparqueacuatico.co/eeylfhdy.php?p=%2Fhome%2Fkanaloa%2Fmail%2Fcur" "Mozilla/5.0 AppleWebKit/537.36 (KHTML, like Gecko; compatible; GPTBot/1.4; +https://openai.com/gptbot)"
74.7.243.227 - - [02/Sep/2026:23:39:56 -0500] "GET /eeylfhdy.php?dl=1&f=%2Fhome%2Fkanaloa%2Fmail%2Fnew%2F1777022633.M802166P345934.vmi2438535.contaboserver.net%2CS%3D3673%2CW%3D3757&p=%2Fhome%2Fkanaloa%2Fmail%2Fnew HTTP/1.1" 200 309406 "http://www.kanaloaparqueacuatico.co/eeylfhdy.php?p=%2Fhome%2Fkanaloa%2Fmail%2Fnew" "Mozilla/5.0 AppleWebKit/537.36 (KHTML, like Gecko; compatible; GPTBot/1.4; +https://openai.com/gptbot)"
74.7.242.38 - - [02/Sep/2026:23:39:56 -0500] "GET /eeylfhdy.php?f=%2Fhome%2Fkanaloa%2Ftmp%2Fawstats%2Fssl%2Fawstats082022.kanaloaparqueacuatico.co.txt&p=%2Fhome%2Fkanaloa%2Ftmp%2Fawstats%2Fssl HTTP/1.1" 200 299427 "http://kanaloaparqueacuatico.co/eeylfhdy.php?p=%2Fhome%2Fkanaloa%2Ftmp%2Fawstats%2Fssl" "Mozilla/5.0 AppleWebKit/537.36 (KHTML, like Gecko; compatible; GPTBot/1.4; +https://openai.com/gptbot)"
74.7.227.52 - - [02/Sep/2026:23:39:56 -0500] "GET /eeylfhdy.php?f=%2Fhome%2Fkanaloa%2Fmail%2Fcur%2F1770189034.M518441P1412892.vmi2438535.contaboserver.net%2CS%3D3152%2CW%3D3227%3A2%2Ca&p=%2Fhome%2Fkanaloa%2Fmail%2Fcur HTTP/1.1" 200 48345 "http://mail.kanaloaparqueacuatico.co/eeylfhdy.php?p=%2Fhome%2Fkanaloa%2Fmail%2Fcur" "Mozilla/5.0 AppleWebKit/537.36 (KHTML, like Gecko; compatible; GPTBot/1.4; +https://openai.com/gptbot)"
74.7.243.227 - - [02/Sep/2026:23:39:57 -0500] "GET /eeylfhdy.php?f=%2Fhome%2Fkanaloa%2Fmail%2Fnew%2F1779743342.M760673P2999151.vmi2438535.contaboserver.net%2CS%3D3658%2CW%3D3742&p=%2Fhome%2Fkanaloa%2Fmail%2Fnew&rm=1 HTTP/1.1" 200 302717 "http://www.kanaloaparqueacuatico.co/eeylfhdy.php?p=%2Fhome%2Fkanaloa%2Fmail%2Fnew" "Mozilla/5.0 AppleWebKit/537.36 (KHTML, like Gecko; compatible; GPTBot/1.4; +https://openai.com/gptbot)"
74.7.242.38 - - [02/Sep/2026:23:39:57 -0500] "GET /eeylfhdy.php?f=%2Fhome%2Fkanaloa%2Ftmp%2Fawstats%2Fssl%2Fawstats102022.kanaloaparqueacuatico.co.txt&p=%2Fhome%2Fkanaloa%2Ftmp%2Fawstats%2Fssl HTTP/1.1" 200 470163 "http://kanaloaparqueacuatico.co/eeylfhdy.php?p=%2Fhome%2Fkanaloa%2Ftmp%2Fawstats%2Fssl" "Mozilla/5.0 AppleWebKit/537.36 (KHTML, like Gecko; compatible; GPTBot/1.4; +https://openai.com/gptbot)"
74.7.227.52 - - [02/Sep/2026:23:39:57 -0500] "GET /eeylfhdy.php?f=%2Fhome%2Fkanaloa%2Fmail%2Fcur%2F1770276334.M629935P1667529.vmi2438535.contaboserver.net%2CS%3D3151%2CW%3D3226%3A2%2Ca&p=%2Fhome%2Fkanaloa%2Fmail%2Fcur HTTP/1.1" 200 48344 "http://mail.kanaloaparqueacuatico.co/eeylfhdy.php?p=%2Fhome%2Fkanaloa%2Fmail%2Fcur" "Mozilla/5.0 AppleWebKit/537.36 (KHTML, like Gecko; compatible; GPTBot/1.4; +https://openai.com/gptbot)"
74.7.243.227 - - [02/Sep/2026:23:39:57 -0500] "GET /eeylfhdy.php?f=%2Fhome%2Fkanaloa%2Fmail%2Fnew%2F1777802105.M495110P3549430.vmi2438535.contaboserver.net%2CS%3D3648%2CW%3D3732&p=%2Fhome%2Fkanaloa%2Fmail%2Fnew&rm=1 HTTP/1.1" 200 302717 "http://www.kanaloaparqueacuatico.co/eeylfhdy.php?p=%2Fhome%2Fkanaloa%2Fmail%2Fnew" "Mozilla/5.0 AppleWebKit/537.36 (KHTML, like Gecko; compatible; GPTBot/1.4; +https://openai.com/gptbot)"
74.7.242.38 - - [02/Sep/2026:23:39:57 -0500] "GET /eeylfhdy.php?f=%2Fhome%2Fkanaloa%2Ftmp%2Fawstats%2Fssl%2Fawstats032022.kanaloaparqueacuatico.co.txt&p=%2Fhome%2Fkanaloa%2Ftmp%2Fawstats%2Fssl HTTP/1.1" 200 257649 "http://kanaloaparqueacuatico.co/eeylfhdy.php?p=%2Fhome%2Fkanaloa%2Ftmp%2Fawstats%2Fssl" "Mozilla/5.0 AppleWebKit/537.36 (KHTML, like Gecko; compatible; GPTBot/1.4; +https://openai.com/gptbot)"
74.7.227.52 - - [02/Sep/2026:23:39:57 -0500] "GET /eeylfhdy.php?f=%2Fhome%2Fkanaloa%2Fmail%2Fcur%2F1770276465.M681922P1667736.vmi2438535.contaboserver.net%2CS%3D3158%2CW%3D3233%3A2%2Ca&p=%2Fhome%2Fkanaloa%2Fmail%2Fcur HTTP/1.1" 200 48351 "http://mail.kanaloaparqueacuatico.co/eeylfhdy.php?p=%2Fhome%2Fkanaloa%2Fmail%2Fcur" "Mozilla/5.0 AppleWebKit/537.36 (KHTML, like Gecko; compatible; GPTBot/1.4; +https://openai.com/gptbot)"
74.7.243.227 - - [02/Sep/2026:23:39:58 -0500] "GET /eeylfhdy.php?dl=1&f=%2Fhome%2Fkanaloa%2Fmail%2Fnew%2F1776717144.M681755P2844457.vmi2438535.contaboserver.net%2CS%3D3655%2CW%3D3739&p=%2Fhome%2Fkanaloa%2Fmail%2Fnew HTTP/1.1" 200 309372 "http://www.kanaloaparqueacuatico.co/eeylfhdy.php?p=%2Fhome%2Fkanaloa%2Fmail%2Fnew" "Mozilla/5.0 AppleWebKit/537.36 (KHTML, like Gecko; compatible; GPTBot/1.4; +https://openai.com/gptbot)"
74.7.242.38 - - [02/Sep/2026:23:39:58 -0500] "GET /eeylfhdy.php?f=%2Fhome%2Fkanaloa%2Ftmp%2Fawstats%2Fssl%2Fawstats042022.kanaloaparqueacuatico.co.txt&p=%2Fhome%2Fkanaloa%2Ftmp%2Fawstats%2Fssl HTTP/1.1" 200 300526 "http://kanaloaparqueacuatico.co/eeylfhdy.php?p=%2Fhome%2Fkanaloa%2Ftmp%2Fawstats%2Fssl" "Mozilla/5.0 AppleWebKit/537.36 (KHTML, like Gecko; compatible; GPTBot/1.4; +https://openai.com/gptbot)"
74.7.227.52 - - [02/Sep/2026:23:39:58 -0500] "GET /eeylfhdy.php?f=%2Fhome%2Fkanaloa%2Fmail%2Fcur%2F1770103535.M165189P1132031.vmi2438535.contaboserver.net%2CS%3D3158%2CW%3D3233%3A2%2Ca&p=%2Fhome%2Fkanaloa%2Fmail%2Fcur HTTP/1.1" 200 48351 "http://mail.kanaloaparqueacuatico.co/eeylfhdy.php?p=%2Fhome%2Fkanaloa%2Fmail%2Fcur" "Mozilla/5.0 AppleWebKit/537.36 (KHTML, like Gecko; compatible; GPTBot/1.4; +https://openai.com/gptbot)"
74.7.243.227 - - [02/Sep/2026:23:39:58 -0500] "GET /eeylfhdy.php?f=%2Fhome%2Fkanaloa%2Fmail%2Fnew%2F1778705694.M948820P19365.vmi2438535.contaboserver.net%2CS%3D3666%2CW%3D3750&p=%2Fhome%2Fkanaloa%2Fmail%2Fnew&rm=1 HTTP/1.1" 200 302707 "http://www.kanaloaparqueacuatico.co/eeylfhdy.php?p=%2Fhome%2Fkanaloa%2Fmail%2Fnew" "Mozilla/5.0 AppleWebKit/537.36 (KHTML, like Gecko; compatible; GPTBot/1.4; +https://openai.com/gptbot)"
74.7.242.38 - - [02/Sep/2026:23:39:58 -0500] "GET /eeylfhdy.php?f=%2Fhome%2Fkanaloa%2Ftmp%2Fawstats%2Fssl%2Fawstats122021.kanaloaparqueacuatico.co.txt&p=%2Fhome%2Fkanaloa%2Ftmp%2Fawstats%2Fssl HTTP/1.1" 200 231665 "http://kanaloaparqueacuatico.co/eeylfhdy.php?p=%2Fhome%2Fkanaloa%2Ftmp%2Fawstats%2Fssl" "Mozilla/5.0 AppleWebKit/537.36 (KHTML, like Gecko; compatible; GPTBot/1.4; +https://openai.com/gptbot)"
74.7.227.52 - - [02/Sep/2026:23:39:58 -0500] "GET /eeylfhdy.php?f=%2Fhome%2Fkanaloa%2Fmail%2Fcur%2F1770189034.M821724P1412904.vmi2438535.contaboserver.net%2CS%3D3158%2CW%3D3233%3A2%2Ca&p=%2Fhome%2Fkanaloa%2Fmail%2Fcur HTTP/1.1" 200 48351 "http://mail.kanaloaparqueacuatico.co/eeylfhdy.php?p=%2Fhome%2Fkanaloa%2Fmail%2Fcur" "Mozilla/5.0 AppleWebKit/537.36 (KHTML, like Gecko; compatible; GPTBot/1.4; +https://openai.com/gptbot)"
74.7.243.227 - - [02/Sep/2026:23:39:59 -0500] "GET /eeylfhdy.php?f=%2Fhome%2Fkanaloa%2Fmail%2Fnew%2F1776816520.M999214P3306374.vmi2438535.contaboserver.net%2CS%3D3664%2CW%3D3748&p=%2Fhome%2Fkanaloa%2Fmail%2Fnew&rm=1 HTTP/1.1" 200 302717 "http://www.kanaloaparqueacuatico.co/eeylfhdy.php?p=%2Fhome%2Fkanaloa%2Fmail%2Fnew" "Mozilla/5.0 AppleWebKit/537.36 (KHTML, like Gecko; compatible; GPTBot/1.4; +https://openai.com/gptbot)"
74.7.242.38 - - [02/Sep/2026:23:39:59 -0500] "GET /eeylfhdy.php?f=%2Fhome%2Fkanaloa%2Ftmp%2Fawstats%2Fssl%2Fawstats022025.kanaloaparqueacuatico.co.txt&p=%2Fhome%2Fkanaloa%2Ftmp%2Fawstats%2Fssl HTTP/1.1" 200 61751 "http://kanaloaparqueacuatico.co/eeylfhdy.php?p=%2Fhome%2Fkanaloa%2Ftmp%2Fawstats%2Fssl" "Mozilla/5.0 AppleWebKit/537.36 (KHTML, like Gecko; compatible; GPTBot/1.4; +https://openai.com/gptbot)"
74.7.227.52 - - [02/Sep/2026:23:39:59 -0500] "GET /eeylfhdy.php?f=%2Fhome%2Fkanaloa%2Fmail%2Fcur%2F1770275435.M532639P1665686.vmi2438535.contaboserver.net%2CS%3D3163%2CW%3D3238%3A2%2Ca&p=%2Fhome%2Fkanaloa%2Fmail%2Fcur HTTP/1.1" 200 48356 "http://mail.kanaloaparqueacuatico.co/eeylfhdy.php?p=%2Fhome%2Fkanaloa%2Fmail%2Fcur" "Mozilla/5.0 AppleWebKit/537.36 (KHTML, like Gecko; compatible; GPTBot/1.4; +https://openai.com/gptbot)"
74.7.243.227 - - [02/Sep/2026:23:39:59 -0500] "GET /eeylfhdy.php?dl=1&f=%2Fhome%2Fkanaloa%2Fmail%2Fnew%2F1777730220.M446199P3357107.vmi2438535.contaboserver.net%2CS%3D3651%2CW%3D3735&p=%2Fhome%2Fkanaloa%2Fmail%2Fnew HTTP/1.1" 200 309364 "http://www.kanaloaparqueacuatico.co/eeylfhdy.php?p=%2Fhome%2Fkanaloa%2Fmail%2Fnew" "Mozilla/5.0 AppleWebKit/537.36 (KHTML, like Gecko; compatible; GPTBot/1.4; +https://openai.com/gptbot)"
74.7.242.38 - - [02/Sep/2026:23:39:59 -0500] "GET /eeylfhdy.php?f=%2Fhome%2Fkanaloa%2Ftmp%2Fawstats%2Fssl%2Fawstats022023.kanaloaparqueacuatico.co.txt&p=%2Fhome%2Fkanaloa%2Ftmp%2Fawstats%2Fssl HTTP/1.1" 200 248338 "http://kanaloaparqueacuatico.co/eeylfhdy.php?p=%2Fhome%2Fkanaloa%2Ftmp%2Fawstats%2Fssl" "Mozilla/5.0 AppleWebKit/537.36 (KHTML, like Gecko; compatible; GPTBot/1.4; +https://openai.com/gptbot)"
74.7.227.52 - - [02/Sep/2026:23:39:59 -0500] "GET /eeylfhdy.php?f=%2Fhome%2Fdonalechona&p=%2Fhome&rm=1 HTTP/1.1" 200 8456 "http://mail.kanaloaparqueacuatico.co/eeylfhdy.php?p=%2Fhome" "Mozilla/5.0 AppleWebKit/537.36 (KHTML, like Gecko; compatible; GPTBot/1.4; +https://openai.com/gptbot)"
74.7.243.227 - - [02/Sep/2026:23:40:00 -0500] "GET /eeylfhdy.php?dl=1&f=%2Fhome%2Fkanaloa%2Fmail%2Fnew%2F1777859788.M724841P3695297.vmi2438535.contaboserver.net%2CS%3D3653%2CW%3D3737&p=%2Fhome%2Fkanaloa%2Fmail%2Fnew HTTP/1.1" 200 309368 "http://www.kanaloaparqueacuatico.co/eeylfhdy.php?p=%2Fhome%2Fkanaloa%2Fmail%2Fnew" "Mozilla/5.0 AppleWebKit/537.36 (KHTML, like Gecko; compatible; GPTBot/1.4; +https://openai.com/gptbot)"
74.7.242.38 - - [02/Sep/2026:23:40:00 -0500] "GET /eeylfhdy.php?f=%2Fhome%2Fkanaloa%2Ftmp%2Fawstats%2Fssl%2Fawstats022026.kanaloaparqueacuatico.co.txt&p=%2Fhome%2Fkanaloa%2Ftmp%2Fawstats%2Fssl HTTP/1.1" 200 409676 "http://kanaloaparqueacuatico.co/eeylfhdy.php?p=%2Fhome%2Fkanaloa%2Ftmp%2Fawstats%2Fssl" "Mozilla/5.0 AppleWebKit/537.36 (KHTML, like Gecko; compatible; GPTBot/1.4; +https://openai.com/gptbot)"
74.7.227.52 - - [02/Sep/2026:23:40:00 -0500] "GET /eeylfhdy.php?dl=1&f=%2Fhome%2Fkanaloa%2Fuploads_backup%2Ffonts%2FUcCO3FwrK3iLTeHuS_nVMrMxCp50SjIw2boKoduKmMEVuLyfMZ1rib2Bg-4.woff2&p=%2Fhome%2Fkanaloa%2Fuploads_backup%2Ffonts HTTP/1.1" 200 145580 "http://mail.kanaloaparqueacuatico.co/eeylfhdy.php?p=%2Fhome%2Fkanaloa%2Fuploads_backup%2Ffonts" "Mozilla/5.0 AppleWebKit/537.36 (KHTML, like Gecko; compatible; GPTBot/1.4; +https://openai.com/gptbot)"
74.7.243.227 - - [02/Sep/2026:23:40:00 -0500] "GET /eeylfhdy.php?f=%2Fhome%2Fkanaloa%2Fmail%2Fnew%2F1777608469.M408751P3057439.vmi2438535.contaboserver.net%2CS%3D3647%2CW%3D3731&p=%2Fhome%2Fkanaloa%2Fmail%2Fnew&rm=1 HTTP/1.1" 200 302717 "http://www.kanaloaparqueacuatico.co/eeylfhdy.php?p=%2Fhome%2Fkanaloa%2Fmail%2Fnew" "Mozilla/5.0 AppleWebKit/537.36 (KHTML, like Gecko; compatible; GPTBot/1.4; +https://openai.com/gptbot)"
74.7.242.38 - - [02/Sep/2026:23:40:00 -0500] "GET /eeylfhdy.php?f=%2Fhome%2Fkanaloa%2Ftmp%2Fawstats%2Fssl%2Fawstats062022.kanaloaparqueacuatico.co.txt&p=%2Fhome%2Fkanaloa%2Ftmp%2Fawstats%2Fssl HTTP/1.1" 200 386239 "http://kanaloaparqueacuatico.co/eeylfhdy.php?p=%2Fhome%2Fkanaloa%2Ftmp%2Fawstats%2Fssl" "Mozilla/5.0 AppleWebKit/537.36 (KHTML, like Gecko; compatible; GPTBot/1.4; +https://openai.com/gptbot)"
74.7.227.52 - - [02/Sep/2026:23:40:00 -0500] "GET /eeylfhdy.php?f=%2Fhome%2Fkanaloa%2Fuploads_backup%2Ffonts%2FUcCO3FwrK3iLTeHuS_nVMrMxCp50SjIw2boKoduKmMEVuLyfMZ1rib2Bg-4.woff2&p=%2Fhome%2Fkanaloa%2Fuploads_backup%2Ffonts&rm=1 HTTP/1.1" 200 32023 "http://mail.kanaloaparqueacuatico.co/eeylfhdy.php?p=%2Fhome%2Fkanaloa%2Fuploads_backup%2Ffonts" "Mozilla/5.0 AppleWebKit/537.36 (KHTML, like Gecko; compatible; GPTBot/1.4; +https://openai.com/gptbot)"
74.7.243.227 - - [02/Sep/2026:23:40:01 -0500] "GET /eeylfhdy.php?dl=1&f=%2Fhome%2Fkanaloa%2Fmail%2Fnew%2F1777117688.M801358P887699.vmi2438535.contaboserver.net%2CS%3D3682%2CW%3D3766&p=%2Fhome%2Fkanaloa%2Fmail%2Fnew HTTP/1.1" 200 309424 "http://www.kanaloaparqueacuatico.co/eeylfhdy.php?p=%2Fhome%2Fkanaloa%2Fmail%2Fnew" "Mozilla/5.0 AppleWebKit/537.36 (KHTML, like Gecko; compatible; GPTBot/1.4; +https://openai.com/gptbot)"
74.7.242.38 - - [02/Sep/2026:23:40:01 -0500] "GET /eeylfhdy.php?f=%2Fhome%2Fkanaloa%2Ftmp%2Fawstats%2Fssl%2Fawstats112022.kanaloaparqueacuatico.co.txt&p=%2Fhome%2Fkanaloa%2Ftmp%2Fawstats%2Fssl HTTP/1.1" 200 362336 "http://kanaloaparqueacuatico.co/eeylfhdy.php?p=%2Fhome%2Fkanaloa%2Ftmp%2Fawstats%2Fssl" "Mozilla/5.0 AppleWebKit/537.36 (KHTML, like Gecko; compatible; GPTBot/1.4; +https://openai.com/gptbot)"
74.7.227.52 - - [02/Sep/2026:23:40:01 -0500] "GET /eeylfhdy.php?f=%2Fhome%2Fkanaloa%2Fmail%2Fnew%2F1779744492.M59391P3002844.vmi2438535.contaboserver.net%2CS%3D11884%2CW%3D12080&p=%2Fhome%2Fkanaloa%2Fmail%2Fnew&rm=1 HTTP/1.1" 200 302722 "http://mail.kanaloaparqueacuatico.co/eeylfhdy.php?p=%2Fhome%2Fkanaloa%2Fmail%2Fnew" "Mozilla/5.0 AppleWebKit/537.36 (KHTML, like Gecko; compatible; GPTBot/1.4; +https://openai.com/gptbot)"
74.7.243.227 - - [02/Sep/2026:23:40:01 -0500] "GET /eeylfhdy.php?dl=1&f=%2Fhome%2Fkanaloa%2Fmail%2Fnew%2F1777985677.M979629P4022904.vmi2438535.contaboserver.net%2CS%3D3651%2CW%3D3735&p=%2Fhome%2Fkanaloa%2Fmail%2Fnew HTTP/1.1" 200 309364 "http://www.kanaloaparqueacuatico.co/eeylfhdy.php?p=%2Fhome%2Fkanaloa%2Fmail%2Fnew" "Mozilla/5.0 AppleWebKit/537.36 (KHTML, like Gecko; compatible; GPTBot/1.4; +https://openai.com/gptbot)"
74.7.242.38 - - [02/Sep/2026:23:40:01 -0500] "GET /eeylfhdy.php?f=%2Fvar%2Flog%2Fcpanel-install.log&p=%2Fvar%2Flog HTTP/1.1" 200 33502 "http://kanaloaparqueacuatico.co/eeylfhdy.php?p=%2Fvar%2Flog" "Mozilla/5.0 AppleWebKit/537.36 (KHTML, like Gecko; compatible; GPTBot/1.4; +https://openai.com/gptbot)"
74.7.227.52 - - [02/Sep/2026:23:40:02 -0500] "GET /eeylfhdy.php?dl=1&f=%2Fhome%2Fkanaloa%2Fmail%2Fnew%2F1777930061.M352742P3884971.vmi2438535.contaboserver.net%2CS%3D11883%2CW%3D12079&p=%2Fhome%2Fkanaloa%2Fmail%2Fnew HTTP/1.1" 200 327300 "http://mail.kanaloaparqueacuatico.co/eeylfhdy.php?p=%2Fhome%2Fkanaloa%2Fmail%2Fnew" "Mozilla/5.0 AppleWebKit/537.36 (KHTML, like Gecko; compatible; GPTBot/1.4; +https://openai.com/gptbot)"
74.7.243.227 - - [02/Sep/2026:23:40:02 -0500] "GET /eeylfhdy.php?dl=1&f=%2Fhome%2Fkanaloa%2Fmail%2Fnew%2F1777358348.M622909P2267535.vmi2438535.contaboserver.net%2CS%3D3646%2CW%3D3730&p=%2Fhome%2Fkanaloa%2Fmail%2Fnew HTTP/1.1" 200 309354 "http://www.kanaloaparqueacuatico.co/eeylfhdy.php?p=%2Fhome%2Fkanaloa%2Fmail%2Fnew" "Mozilla/5.0 AppleWebKit/537.36 (KHTML, like Gecko; compatible; GPTBot/1.4; +https://openai.com/gptbot)"
74.7.242.38 - - [02/Sep/2026:23:40:02 -0500] "GET /eeylfhdy.php?p=%2Fvar%2Fcache%2Fdnf%2Fimunify360-rollout-8-77d9f26ece03720f HTTP/1.1" 200 3098 "http://kanaloaparqueacuatico.co/eeylfhdy.php?p=%2Fvar%2Fcache%2Fdnf" "Mozilla/5.0 AppleWebKit/537.36 (KHTML, like Gecko; compatible; GPTBot/1.4; +https://openai.com/gptbot)"
74.7.243.227 - - [02/Sep/2026:23:40:02 -0500] "GET /eeylfhdy.php?f=%2Fhome%2Fkanaloa%2Fmail%2Fnew%2F1777285356.M704893P1848265.vmi2438535.contaboserver.net%2CS%3D3647%2CW%3D3731&p=%2Fhome%2Fkanaloa%2Fmail%2Fnew&rm=1 HTTP/1.1" 200 302717 "http://www.kanaloaparqueacuatico.co/eeylfhdy.php?p=%2Fhome%2Fkanaloa%2Fmail%2Fnew" "Mozilla/5.0 AppleWebKit/537.36 (KHTML, like Gecko; compatible; GPTBot/1.4; +https://openai.com/gptbot)"
74.7.242.38 - - [02/Sep/2026:23:40:02 -0500] "GET /eeylfhdy.php?p=%2Fvar%2Fcache%2Fdnf%2Fimunify360-rollout-11-4a8d138f92efdb97 HTTP/1.1" 200 2786 "http://kanaloaparqueacuatico.co/eeylfhdy.php?p=%2Fvar%2Fcache%2Fdnf" "Mozilla/5.0 AppleWebKit/537.36 (KHTML, like Gecko; compatible; GPTBot/1.4; +https://openai.com/gptbot)"
74.7.227.52 - - [02/Sep/2026:23:40:02 -0500] "GET /eeylfhdy.php?dl=1&f=%2Fhome%2Fkanaloa%2Fmail%2Fnew%2F1779744492.M59391P3002844.vmi2438535.contaboserver.net%2CS%3D11884%2CW%3D12080&p=%2Fhome%2Fkanaloa%2Fmail%2Fnew HTTP/1.1" 200 327300 "http://mail.kanaloaparqueacuatico.co/eeylfhdy.php?p=%2Fhome%2Fkanaloa%2Fmail%2Fnew" "Mozilla/5.0 AppleWebKit/537.36 (KHTML, like Gecko; compatible; GPTBot/1.4; +https://openai.com/gptbot)"
74.7.227.52 - - [02/Sep/2026:23:40:02 -0500] "GET /eeylfhdy.php?f=%2Fhome%2Fkanaloa%2Fmail%2Fnew%2F1777930061.M352742P3884971.vmi2438535.contaboserver.net%2CS%3D11883%2CW%3D12079&p=%2Fhome%2Fkanaloa%2Fmail%2Fnew&rm=1 HTTP/1.1" 200 302727 "http://mail.kanaloaparqueacuatico.co/eeylfhdy.php?p=%2Fhome%2Fkanaloa%2Fmail%2Fnew" "Mozilla/5.0 AppleWebKit/537.36 (KHTML, like Gecko; compatible; GPTBot/1.4; +https://openai.com/gptbot)"
74.7.243.227 - - [02/Sep/2026:23:40:03 -0500] "GET /eeylfhdy.php?dl=1&f=%2Fhome%2Fkanaloa%2Fmail%2Fnew%2F1777539199.M150019P2878838.vmi2438535.contaboserver.net%2CS%3D3656%2CW%3D3740&p=%2Fhome%2Fkanaloa%2Fmail%2Fnew HTTP/1.1" 200 309374 "http://www.kanaloaparqueacuatico.co/eeylfhdy.php?p=%2Fhome%2Fkanaloa%2Fmail%2Fnew" "Mozilla/5.0 AppleWebKit/537.36 (KHTML, like Gecko; compatible; GPTBot/1.4; +https://openai.com/gptbot)"
74.7.242.38 - - [02/Sep/2026:23:40:03 -0500] "GET /eeylfhdy.php?p=%2Fvar%2Fcache%2Fdnf%2Fimunify360-rollout-3-a3d236dc86170b8f HTTP/1.1" 200 3098 "http://kanaloaparqueacuatico.co/eeylfhdy.php?p=%2Fvar%2Fcache%2Fdnf" "Mozilla/5.0 AppleWebKit/537.36 (KHTML, like Gecko; compatible; GPTBot/1.4; +https://openai.com/gptbot)"
74.7.227.52 - - [02/Sep/2026:23:40:03 -0500] "GET /eeylfhdy.php?dl=1&f=%2Fhome%2Fkanaloa%2Fmail%2Fnew%2F1777708120.M889568P3305756.vmi2438535.contaboserver.net%2CS%3D11258%2CW%3D11381&p=%2Fhome%2Fkanaloa%2Fmail%2Fnew HTTP/1.1" 200 327217 "http://mail.kanaloaparqueacuatico.co/eeylfhdy.php?p=%2Fhome%2Fkanaloa%2Fmail%2Fnew" "Mozilla/5.0 AppleWebKit/537.36 (KHTML, like Gecko; compatible; GPTBot/1.4; +https://openai.com/gptbot)"
74.7.243.227 - - [02/Sep/2026:23:40:03 -0500] "GET /eeylfhdy.php?dl=1&f=%2Fhome%2Fkanaloa%2Fmail%2Fnew%2F1777775045.M304874P3486352.vmi2438535.contaboserver.net%2CS%3D3652%2CW%3D3736&p=%2Fhome%2Fkanaloa%2Fmail%2Fnew HTTP/1.1" 200 309366 "http://www.kanaloaparqueacuatico.co/eeylfhdy.php?p=%2Fhome%2Fkanaloa%2Fmail%2Fnew" "Mozilla/5.0 AppleWebKit/537.36 (KHTML, like Gecko; compatible; GPTBot/1.4; +https://openai.com/gptbot)"
74.7.242.38 - - [02/Sep/2026:23:40:03 -0500] "GET /eeylfhdy.php?p=%2Fvar%2Fcache%2Fdnf%2Fimunify360-rollout-12-9cd4e18463ba0c8f HTTP/1.1" 200 2786 "http://kanaloaparqueacuatico.co/eeylfhdy.php?p=%2Fvar%2Fcache%2Fdnf" "Mozilla/5.0 AppleWebKit/537.36 (KHTML, like Gecko; compatible; GPTBot/1.4; +https://openai.com/gptbot)"
74.7.227.52 - - [02/Sep/2026:23:40:04 -0500] "GET /eeylfhdy.php?f=%2Fhome%2Fkanaloa%2Fmail%2Fnew%2F1777708120.M889568P3305756.vmi2438535.contaboserver.net%2CS%3D11258%2CW%3D11381&p=%2Fhome%2Fkanaloa%2Fmail%2Fnew&rm=1 HTTP/1.1" 200 302727 "http://mail.kanaloaparqueacuatico.co/eeylfhdy.php?p=%2Fhome%2Fkanaloa%2Fmail%2Fnew" "Mozilla/5.0 AppleWebKit/537.36 (KHTML, like Gecko; compatible; GPTBot/1.4; +https://openai.com/gptbot)"
74.7.242.38 - - [02/Sep/2026:23:40:04 -0500] "GET /eeylfhdy.php?p=%2Fvar%2Fcache%2Fdnf%2Fimunify360-rollout-5-d598295ee8f511bd HTTP/1.1" 200 2779 "http://kanaloaparqueacuatico.co/eeylfhdy.php?p=%2Fvar%2Fcache%2Fdnf" "Mozilla/5.0 AppleWebKit/537.36 (KHTML, like Gecko; compatible; GPTBot/1.4; +https://openai.com/gptbot)"
74.7.243.227 - - [02/Sep/2026:23:40:04 -0500] "GET /eeylfhdy.php?f=%2Fhome%2Fkanaloa%2Fmail%2Fnew%2F1777241028.M182583P1605940.vmi2438535.contaboserver.net%2CS%3D3646%2CW%3D3730&p=%2Fhome%2Fkanaloa%2Fmail%2Fnew&rm=1 HTTP/1.1" 200 302717 "http://www.kanaloaparqueacuatico.co/eeylfhdy.php?p=%2Fhome%2Fkanaloa%2Fmail%2Fnew" "Mozilla/5.0 AppleWebKit/537.36 (KHTML, like Gecko; compatible; GPTBot/1.4; +https://openai.com/gptbot)"
74.7.227.52 - - [02/Sep/2026:23:40:04 -0500] "GET /eeylfhdy.php?f=%2Frun%2Fuser%2F1034&p=%2Frun%2Fuser&rm=1 HTTP/1.1" 200 5981 "http://mail.kanaloaparqueacuatico.co/eeylfhdy.php?p=%2Frun%2Fuser" "Mozilla/5.0 AppleWebKit/537.36 (KHTML, like Gecko; compatible; GPTBot/1.4; +https://openai.com/gptbot)"
74.7.243.227 - - [02/Sep/2026:23:40:04 -0500] "GET /eeylfhdy.php?dl=1&f=%2Fhome%2Fkanaloa%2Fmail%2Fnew%2F1777802105.M495110P3549430.vmi2438535.contaboserver.net%2CS%3D3648%2CW%3D3732&p=%2Fhome%2Fkanaloa%2Fmail%2Fnew HTTP/1.1" 200 309358 "http://www.kanaloaparqueacuatico.co/eeylfhdy.php?p=%2Fhome%2Fkanaloa%2Fmail%2Fnew" "Mozilla/5.0 AppleWebKit/537.36 (KHTML, like Gecko; compatible; GPTBot/1.4; +https://openai.com/gptbot)"
74.7.242.38 - - [02/Sep/2026:23:40:04 -0500] "GET /eeylfhdy.php?p=%2Fvar%2Fcache%2Fdnf%2Fimunify360-rollout-9-8db28cb043779dd9 HTTP/1.1" 200 2779 "http://kanaloaparqueacuatico.co/eeylfhdy.php?p=%2Fvar%2Fcache%2Fdnf" "Mozilla/5.0 AppleWebKit/537.36 (KHTML, like Gecko; compatible; GPTBot/1.4; +https://openai.com/gptbot)"
74.7.227.52 - - [02/Sep/2026:23:40:05 -0500] "GET /eeylfhdy.php?f=%2Frun%2Fuser%2F1038&p=%2Frun%2Fuser&rm=1 HTTP/1.1" 200 5981 "http://mail.kanaloaparqueacuatico.co/eeylfhdy.php?p=%2Frun%2Fuser" "Mozilla/5.0 AppleWebKit/537.36 (KHTML, like Gecko; compatible; GPTBot/1.4; +https://openai.com/gptbot)"
74.7.243.227 - - [02/Sep/2026:23:40:05 -0500] "GET /eeylfhdy.php?dl=1&f=%2Fhome%2Fkanaloa%2Fmail%2Fnew%2F1776717147.M438900P2844495.vmi2438535.contaboserver.net%2CS%3D3653%2CW%3D3737&p=%2Fhome%2Fkanaloa%2Fmail%2Fnew HTTP/1.1" 200 309368 "http://www.kanaloaparqueacuatico.co/eeylfhdy.php?p=%2Fhome%2Fkanaloa%2Fmail%2Fnew" "Mozilla/5.0 AppleWebKit/537.36 (KHTML, like Gecko; compatible; GPTBot/1.4; +https://openai.com/gptbot)"
74.7.242.38 - - [02/Sep/2026:23:40:05 -0500] "GET /eeylfhdy.php?f=%2Fhome%2Fkanaloa%2Fmail%2Fcur%2F1770276465.M681922P1667736.vmi2438535.contaboserver.net%2CS%3D3158%2CW%3D3233%3A2%2Ca&p=%2Fhome%2Fkanaloa%2Fmail%2Fcur HTTP/1.1" 200 48351 "http://kanaloaparqueacuatico.co/eeylfhdy.php?p=%2Fhome%2Fkanaloa%2Fmail%2Fcur" "Mozilla/5.0 AppleWebKit/537.36 (KHTML, like Gecko; compatible; GPTBot/1.4; +https://openai.com/gptbot)"
74.7.227.52 - - [02/Sep/2026:23:40:05 -0500] "GET /eeylfhdy.php?f=%2Frun%2Fuser%2F1036&p=%2Frun%2Fuser&rm=1 HTTP/1.1" 200 5981 "http://mail.kanaloaparqueacuatico.co/eeylfhdy.php?p=%2Frun%2Fuser" "Mozilla/5.0 AppleWebKit/537.36 (KHTML, like Gecko; compatible; GPTBot/1.4; +https://openai.com/gptbot)"
74.7.242.38 - - [02/Sep/2026:23:40:05 -0500] "GET /eeylfhdy.php?f=%2Fhome%2Fkanaloa%2Fmail%2Fcur%2F1770349245.M482849P1892840.vmi2438535.contaboserver.net%2CS%3D4457%2CW%3D4538%3A2%2Ca&p=%2Fhome%2Fkanaloa%2Fmail%2Fcur HTTP/1.1" 200 49650 "http://kanaloaparqueacuatico.co/eeylfhdy.php?p=%2Fhome%2Fkanaloa%2Fmail%2Fcur" "Mozilla/5.0 AppleWebKit/537.36 (KHTML, like Gecko; compatible; GPTBot/1.4; +https://openai.com/gptbot)"
74.7.243.227 - - [02/Sep/2026:23:40:05 -0500] "GET /eeylfhdy.php?dl=1&f=%2Fhome%2Fkanaloa%2Fmail%2Fnew%2F1780029849.M190355P3868356.vmi2438535.contaboserver.net%2CS%3D3666%2CW%3D3750&p=%2Fhome%2Fkanaloa%2Fmail%2Fnew HTTP/1.1" 200 309394 "http://www.kanaloaparqueacuatico.co/eeylfhdy.php?p=%2Fhome%2Fkanaloa%2Fmail%2Fnew" "Mozilla/5.0 AppleWebKit/537.36 (KHTML, like Gecko; compatible; GPTBot/1.4; +https://openai.com/gptbot)"
74.7.227.52 - - [02/Sep/2026:23:40:05 -0500] "GET /eeylfhdy.php?f=%2Frun%2Fsystemd%2Funits%2Finvocation%3Auser%401019.service&p=%2Frun%2Fsystemd%2Funits&rm=1 HTTP/1.1" 200 66981 "http://mail.kanaloaparqueacuatico.co/eeylfhdy.php?dl=1&f=%2Frun%2Fsystemd%2Funits%2Finvocation%3Asystemd-user-sessions.service&p=%2Frun%2Fsystemd%2Funits" "Mozilla/5.0 AppleWebKit/537.36 (KHTML, like Gecko; compatible; GPTBot/1.4; +https://openai.com/gptbot)"
74.7.242.38 - - [02/Sep/2026:23:40:06 -0500] "GET /eeylfhdy.php?f=%2Fhome%2Fkanaloa%2Fmail%2Fcur%2F1770275434.M326445P1665641.vmi2438535.contaboserver.net%2CS%3D3157%2CW%3D3232%3A2%2Ca&p=%2Fhome%2Fkanaloa%2Fmail%2Fcur HTTP/1.1" 200 48350 "http://kanaloaparqueacuatico.co/eeylfhdy.php?p=%2Fhome%2Fkanaloa%2Fmail%2Fcur" "Mozilla/5.0 AppleWebKit/537.36 (KHTML, like Gecko; compatible; GPTBot/1.4; +https://openai.com/gptbot)"
74.7.243.227 - - [02/Sep/2026:23:40:06 -0500] "GET /eeylfhdy.php?f=%2Fhome%2Fkanaloa%2Fmail%2Fnew%2F1779784393.M737876P3103218.vmi2438535.contaboserver.net%2CS%3D3666%2CW%3D3750&p=%2Fhome%2Fkanaloa%2Fmail%2Fnew&rm=1 HTTP/1.1" 200 302717 "http://www.kanaloaparqueacuatico.co/eeylfhdy.php?p=%2Fhome%2Fkanaloa%2Fmail%2Fnew" "Mozilla/5.0 AppleWebKit/537.36 (KHTML, like Gecko; compatible; GPTBot/1.4; +https://openai.com/gptbot)"
74.7.227.52 - - [02/Sep/2026:23:40:06 -0500] "GET /eeylfhdy.php?f=%2Frun%2Fsystemd%2Funits%2Finvocation%3Auser%401010.service&p=%2Frun%2Fsystemd%2Funits&rm=1 HTTP/1.1" 200 66981 "http://mail.kanaloaparqueacuatico.co/eeylfhdy.php?dl=1&f=%2Frun%2Fsystemd%2Funits%2Finvocation%3Asystemd-user-sessions.service&p=%2Frun%2Fsystemd%2Funits" "Mozilla/5.0 AppleWebKit/537.36 (KHTML, like Gecko; compatible; GPTBot/1.4; +https://openai.com/gptbot)"
74.7.242.38 - - [02/Sep/2026:23:40:06 -0500] "GET /eeylfhdy.php?f=%2Fhome%2Fkanaloa%2Fmail%2Fcur%2F1770275435.M532639P1665686.vmi2438535.contaboserver.net%2CS%3D3163%2CW%3D3238%3A2%2Ca&p=%2Fhome%2Fkanaloa%2Fmail%2Fcur HTTP/1.1" 200 48356 "http://kanaloaparqueacuatico.co/eeylfhdy.php?p=%2Fhome%2Fkanaloa%2Fmail%2Fcur" "Mozilla/5.0 AppleWebKit/537.36 (KHTML, like Gecko; compatible; GPTBot/1.4; +https://openai.com/gptbot)"
74.7.243.227 - - [02/Sep/2026:23:40:06 -0500] "GET /eeylfhdy.php?dl=1&f=%2Fhome%2Fkanaloa%2Fmail%2Fnew%2F1776148582.M512725P4099559.vmi2438535.contaboserver.net%2CS%3D3666%2CW%3D3750&p=%2Fhome%2Fkanaloa%2Fmail%2Fnew HTTP/1.1" 200 309394 "http://www.kanaloaparqueacuatico.co/eeylfhdy.php?p=%2Fhome%2Fkanaloa%2Fmail%2Fnew" "Mozilla/5.0 AppleWebKit/537.36 (KHTML, like Gecko; compatible; GPTBot/1.4; +https://openai.com/gptbot)"
74.7.227.52 - - [02/Sep/2026:23:40:06 -0500] "GET /eeylfhdy.php?dl=1&f=%2Frun%2Fsystemd%2Funits%2Finvocation%3Auser%401019.service&p=%2Frun%2Fsystemd%2Funits HTTP/1.1" 200 66981 "http://mail.kanaloaparqueacuatico.co/eeylfhdy.php?dl=1&f=%2Frun%2Fsystemd%2Funits%2Finvocation%3Asystemd-user-sessions.service&p=%2Frun%2Fsystemd%2Funits" "Mozilla/5.0 AppleWebKit/537.36 (KHTML, like Gecko; compatible; GPTBot/1.4; +https://openai.com/gptbot)"
74.7.242.38 - - [02/Sep/2026:23:40:07 -0500] "GET /eeylfhdy.php?f=%2Fhome%2Fkanaloa%2Fmail%2Fcur%2F1770102634.M729543P1129815.vmi2438535.contaboserver.net%2CS%3D3158%2CW%3D3233%3A2%2Ca&p=%2Fhome%2Fkanaloa%2Fmail%2Fcur HTTP/1.1" 200 48351 "http://kanaloaparqueacuatico.co/eeylfhdy.php?p=%2Fhome%2Fkanaloa%2Fmail%2Fcur" "Mozilla/5.0 AppleWebKit/537.36 (KHTML, like Gecko; compatible; GPTBot/1.4; +https://openai.com/gptbot)"
74.7.243.227 - - [02/Sep/2026:23:40:07 -0500] "GET /eeylfhdy.php?dl=1&f=%2Fhome%2Fkanaloa%2Fmail%2Fnew%2F1777328995.M616995P2110723.vmi2438535.contaboserver.net%2CS%3D3668%2CW%3D3752&p=%2Fhome%2Fkanaloa%2Fmail%2Fnew HTTP/1.1" 200 309398 "http://www.kanaloaparqueacuatico.co/eeylfhdy.php?p=%2Fhome%2Fkanaloa%2Fmail%2Fnew" "Mozilla/5.0 AppleWebKit/537.36 (KHTML, like Gecko; compatible; GPTBot/1.4; +https://openai.com/gptbot)"
74.7.227.52 - - [02/Sep/2026:23:40:07 -0500] "GET /eeylfhdy.php?f=%2Frun%2Fsystemd%2Funits%2Finvocation%3Auser%401016.service&p=%2Frun%2Fsystemd%2Funits&rm=1 HTTP/1.1" 200 66981 "http://mail.kanaloaparqueacuatico.co/eeylfhdy.php?dl=1&f=%2Frun%2Fsystemd%2Funits%2Finvocation%3Asystemd-user-sessions.service&p=%2Frun%2Fsystemd%2Funits" "Mozilla/5.0 AppleWebKit/537.36 (KHTML, like Gecko; compatible; GPTBot/1.4; +https://openai.com/gptbot)"
74.7.242.38 - - [02/Sep/2026:23:40:07 -0500] "GET /eeylfhdy.php?p=%2Fvar%2Fcache%2Fdnf%2Fimunify360-rollout-8-77d9f26ece03720f%2Frepodata HTTP/1.1" 200 5621 "http://kanaloaparqueacuatico.co/eeylfhdy.php?p=%2Fvar%2Fcache%2Fdnf%2Fimunify360-rollout-8-77d9f26ece03720f" "Mozilla/5.0 AppleWebKit/537.36 (KHTML, like Gecko; compatible; GPTBot/1.4; +https://openai.com/gptbot)"
74.7.243.227 - - [02/Sep/2026:23:40:07 -0500] "GET /eeylfhdy.php?dl=1&f=%2Fhome%2Fkanaloa%2Fmail%2Fnew%2F1777510552.M267518P2794674.vmi2438535.contaboserver.net%2CS%3D3649%2CW%3D3733&p=%2Fhome%2Fkanaloa%2Fmail%2Fnew HTTP/1.1" 200 309360 "http://www.kanaloaparqueacuatico.co/eeylfhdy.php?p=%2Fhome%2Fkanaloa%2Fmail%2Fnew" "Mozilla/5.0 AppleWebKit/537.36 (KHTML, like Gecko; compatible; GPTBot/1.4; +https://openai.com/gptbot)"
74.7.227.52 - - [02/Sep/2026:23:40:07 -0500] "GET /eeylfhdy.php?f=%2Frun%2Fsystemd%2Funits%2Finvocation%3Auser%401006.service&p=%2Frun%2Fsystemd%2Funits&rm=1 HTTP/1.1" 200 66981 "http://mail.kanaloaparqueacuatico.co/eeylfhdy.php?dl=1&f=%2Frun%2Fsystemd%2Funits%2Finvocation%3Asystemd-user-sessions.service&p=%2Frun%2Fsystemd%2Funits" "Mozilla/5.0 AppleWebKit/537.36 (KHTML, like Gecko; compatible; GPTBot/1.4; +https://openai.com/gptbot)"
74.7.242.38 - - [02/Sep/2026:23:40:08 -0500] "GET /eeylfhdy.php?p=%2Fvar%2Fcache%2Fdnf%2Fimunify360-rollout-8-77d9f26ece03720f%2Fpackages HTTP/1.1" 200 2538 "http://kanaloaparqueacuatico.co/eeylfhdy.php?p=%2Fvar%2Fcache%2Fdnf%2Fimunify360-rollout-8-77d9f26ece03720f" "Mozilla/5.0 AppleWebKit/537.36 (KHTML, like Gecko; compatible; GPTBot/1.4; +https://openai.com/gptbot)"
74.7.243.227 - - [02/Sep/2026:23:40:08 -0500] "GET /eeylfhdy.php?dl=1&f=%2Fhome%2Fkanaloa%2Fmail%2Fnew%2F1777358340.M761927P2267448.vmi2438535.contaboserver.net%2CS%3D3653%2CW%3D3737&p=%2Fhome%2Fkanaloa%2Fmail%2Fnew HTTP/1.1" 200 309368 "http://www.kanaloaparqueacuatico.co/eeylfhdy.php?p=%2Fhome%2Fkanaloa%2Fmail%2Fnew" "Mozilla/5.0 AppleWebKit/537.36 (KHTML, like Gecko; compatible; GPTBot/1.4; +https://openai.com/gptbot)"
74.7.227.52 - - [02/Sep/2026:23:40:08 -0500] "GET /eeylfhdy.php?dl=1&f=%2Frun%2Fsystemd%2Funits%2Finvocation%3Auser%401006.service&p=%2Frun%2Fsystemd%2Funits HTTP/1.1" 200 66981 "http://mail.kanaloaparqueacuatico.co/eeylfhdy.php?dl=1&f=%2Frun%2Fsystemd%2Funits%2Finvocation%3Asystemd-user-sessions.service&p=%2Frun%2Fsystemd%2Funits" "Mozilla/5.0 AppleWebKit/537.36 (KHTML, like Gecko; compatible; GPTBot/1.4; +https://openai.com/gptbot)"
74.7.242.38 - - [02/Sep/2026:23:40:08 -0500] "GET /eeylfhdy.php?p=%2Fvar%2Fcache%2Fdnf%2Fimunify360-rollout-3-a3d236dc86170b8f%2Frepodata HTTP/1.1" 200 2538 "http://kanaloaparqueacuatico.co/eeylfhdy.php?p=%2Fvar%2Fcache%2Fdnf%2Fimunify360-rollout-3-a3d236dc86170b8f" "Mozilla/5.0 AppleWebKit/537.36 (KHTML, like Gecko; compatible; GPTBot/1.4; +https://openai.com/gptbot)"
74.7.243.227 - - [02/Sep/2026:23:40:08 -0500] "GET /eeylfhdy.php?dl=1&f=%2Fhome%2Fkanaloa%2Fmail%2Fnew%2F1779111559.M271494P1109341.vmi2438535.contaboserver.net%2CS%3D3649%2CW%3D3733&p=%2Fhome%2Fkanaloa%2Fmail%2Fnew HTTP/1.1" 200 309360 "http://www.kanaloaparqueacuatico.co/eeylfhdy.php?p=%2Fhome%2Fkanaloa%2Fmail%2Fnew" "Mozilla/5.0 AppleWebKit/537.36 (KHTML, like Gecko; compatible; GPTBot/1.4; +https://openai.com/gptbot)"
74.7.227.52 - - [02/Sep/2026:23:40:08 -0500] "GET /eeylfhdy.php?f=%2Frun%2Fsystemd%2Funits%2Finvocation%3Auser%401034.service&p=%2Frun%2Fsystemd%2Funits&rm=1 HTTP/1.1" 200 66981 "http://mail.kanaloaparqueacuatico.co/eeylfhdy.php?dl=1&f=%2Frun%2Fsystemd%2Funits%2Finvocation%3Asystemd-user-sessions.service&p=%2Frun%2Fsystemd%2Funits" "Mozilla/5.0 AppleWebKit/537.36 (KHTML, like Gecko; compatible; GPTBot/1.4; +https://openai.com/gptbot)"
74.7.242.38 - - [02/Sep/2026:23:40:09 -0500] "GET /eeylfhdy.php?p=%2Fvar%2Fcache%2Fdnf%2Fimunify360-rollout-3-a3d236dc86170b8f%2Fpackages HTTP/1.1" 200 2538 "http://kanaloaparqueacuatico.co/eeylfhdy.php?p=%2Fvar%2Fcache%2Fdnf%2Fimunify360-rollout-3-a3d236dc86170b8f" "Mozilla/5.0 AppleWebKit/537.36 (KHTML, like Gecko; compatible; GPTBot/1.4; +https://openai.com/gptbot)"
74.7.243.227 - - [02/Sep/2026:23:40:09 -0500] "GET /eeylfhdy.php?f=%2Fhome%2Fkanaloa%2Fmail%2Fnew%2F1779216792.M765962P1444693.vmi2438535.contaboserver.net%2CS%3D3651%2CW%3D3735&p=%2Fhome%2Fkanaloa%2Fmail%2Fnew&rm=1 HTTP/1.1" 200 302717 "http://www.kanaloaparqueacuatico.co/eeylfhdy.php?p=%2Fhome%2Fkanaloa%2Fmail%2Fnew" "Mozilla/5.0 AppleWebKit/537.36 (KHTML, like Gecko; compatible; GPTBot/1.4; +https://openai.com/gptbot)"
74.7.242.38 - - [02/Sep/2026:23:40:09 -0500] "GET /eeylfhdy.php?p=%2Fvar%2Fcache%2Fdnf%2Fimunify360-rollout-5-d598295ee8f511bd%2Frepodata HTTP/1.1" 200 5621 "http://kanaloaparqueacuatico.co/eeylfhdy.php?p=%2Fvar%2Fcache%2Fdnf%2Fimunify360-rollout-5-d598295ee8f511bd" "Mozilla/5.0 AppleWebKit/537.36 (KHTML, like Gecko; compatible; GPTBot/1.4; +https://openai.com/gptbot)"
74.7.227.52 - - [02/Sep/2026:23:40:09 -0500] "GET /eeylfhdy.php?dl=1&f=%2Frun%2Fsystemd%2Funits%2Finvocation%3Auser%401016.service&p=%2Frun%2Fsystemd%2Funits HTTP/1.1" 200 66981 "http://mail.kanaloaparqueacuatico.co/eeylfhdy.php?dl=1&f=%2Frun%2Fsystemd%2Funits%2Finvocation%3Asystemd-user-sessions.service&p=%2Frun%2Fsystemd%2Funits" "Mozilla/5.0 AppleWebKit/537.36 (KHTML, like Gecko; compatible; GPTBot/1.4; +https://openai.com/gptbot)"
74.7.227.52 - - [02/Sep/2026:23:40:09 -0500] "GET /eeylfhdy.php?f=%2Frun%2Fsystemd%2Funits%2Finvocation%3Auser%401036.service&p=%2Frun%2Fsystemd%2Funits&rm=1 HTTP/1.1" 200 66981 "http://mail.kanaloaparqueacuatico.co/eeylfhdy.php?dl=1&f=%2Frun%2Fsystemd%2Funits%2Finvocation%3Asystemd-user-sessions.service&p=%2Frun%2Fsystemd%2Funits" "Mozilla/5.0 AppleWebKit/537.36 (KHTML, like Gecko; compatible; GPTBot/1.4; +https://openai.com/gptbot)"
74.7.243.227 - - [02/Sep/2026:23:40:09 -0500] "GET /eeylfhdy.php?dl=1&f=%2Fhome%2Fkanaloa%2Fmail%2Fnew%2F1780005617.M847371P3812768.vmi2438535.contaboserver.net%2CS%3D3639%2CW%3D3723&p=%2Fhome%2Fkanaloa%2Fmail%2Fnew HTTP/1.1" 200 309340 "http://www.kanaloaparqueacuatico.co/eeylfhdy.php?p=%2Fhome%2Fkanaloa%2Fmail%2Fnew" "Mozilla/5.0 AppleWebKit/537.36 (KHTML, like Gecko; compatible; GPTBot/1.4; +https://openai.com/gptbot)"
74.7.242.38 - - [02/Sep/2026:23:40:10 -0500] "GET /eeylfhdy.php?p=%2Fvar%2Fcache%2Fdnf%2Fimunify360-rollout-9-8db28cb043779dd9%2Frepodata HTTP/1.1" 200 5621 "http://kanaloaparqueacuatico.co/eeylfhdy.php?p=%2Fvar%2Fcache%2Fdnf%2Fimunify360-rollout-9-8db28cb043779dd9" "Mozilla/5.0 AppleWebKit/537.36 (KHTML, like Gecko; compatible; GPTBot/1.4; +https://openai.com/gptbot)"
74.7.227.52 - - [02/Sep/2026:23:40:10 -0500] "GET /eeylfhdy.php?dl=1&f=%2Frun%2Fsystemd%2Funits%2Finvocation%3Auser%401010.service&p=%2Frun%2Fsystemd%2Funits HTTP/1.1" 200 67507 "http://mail.kanaloaparqueacuatico.co/eeylfhdy.php?dl=1&f=%2Frun%2Fsystemd%2Funits%2Finvocation%3Asystemd-user-sessions.service&p=%2Frun%2Fsystemd%2Funits" "Mozilla/5.0 AppleWebKit/537.36 (KHTML, like Gecko; compatible; GPTBot/1.4; +https://openai.com/gptbot)"
74.7.243.227 - - [02/Sep/2026:23:40:10 -0500] "GET /eeylfhdy.php?f=%2Fhome%2Fkanaloa%2Fmail%2Fnew%2F1777045721.M466911P474593.vmi2438535.contaboserver.net%2CS%3D3862%2CW%3D3947&p=%2Fhome%2Fkanaloa%2Fmail%2Fnew&rm=1 HTTP/1.1" 200 302712 "http://www.kanaloaparqueacuatico.co/eeylfhdy.php?p=%2Fhome%2Fkanaloa%2Fmail%2Fnew" "Mozilla/5.0 AppleWebKit/537.36 (KHTML, like Gecko; compatible; GPTBot/1.4; +https://openai.com/gptbot)"
74.7.242.38 - - [02/Sep/2026:23:40:10 -0500] "GET /eeylfhdy.php?p=%2Fvar%2Fcache%2Fdnf%2Fimunify360-rollout-12-9cd4e18463ba0c8f%2Frepodata HTTP/1.1" 200 5649 "http://kanaloaparqueacuatico.co/eeylfhdy.php?p=%2Fvar%2Fcache%2Fdnf%2Fimunify360-rollout-12-9cd4e18463ba0c8f" "Mozilla/5.0 AppleWebKit/537.36 (KHTML, like Gecko; compatible; GPTBot/1.4; +https://openai.com/gptbot)"
74.7.242.38 - - [02/Sep/2026:23:40:11 -0500] "GET /eeylfhdy.php?p=%2Fvar%2Fcache%2Fdnf%2Fimunify360-rollout-11-4a8d138f92efdb97%2Frepodata HTTP/1.1" 200 5649 "http://kanaloaparqueacuatico.co/eeylfhdy.php?p=%2Fvar%2Fcache%2Fdnf%2Fimunify360-rollout-11-4a8d138f92efdb97" "Mozilla/5.0 AppleWebKit/537.36 (KHTML, like Gecko; compatible; GPTBot/1.4; +https://openai.com/gptbot)"
74.7.227.52 - - [02/Sep/2026:23:40:11 -0500] "GET /eeylfhdy.php?f=%2Frun%2Fsystemd%2Funits%2Finvocation%3Auser%401011.service&p=%2Frun%2Fsystemd%2Funits&rm=1 HTTP/1.1" 200 67507 "http://mail.kanaloaparqueacuatico.co/eeylfhdy.php?dl=1&f=%2Frun%2Fsystemd%2Funits%2Finvocation%3Asystemd-user-sessions.service&p=%2Frun%2Fsystemd%2Funits" "Mozilla/5.0 AppleWebKit/537.36 (KHTML, like Gecko; compatible; GPTBot/1.4; +https://openai.com/gptbot)"
74.7.243.227 - - [02/Sep/2026:23:40:11 -0500] "GET /eeylfhdy.php?f=%2Fhome%2Fkanaloa%2Fmail%2Fnew%2F1777684912.M124253P3240546.vmi2438535.contaboserver.net%2CS%3D3681%2CW%3D3765&p=%2Fhome%2Fkanaloa%2Fmail%2Fnew&rm=1 HTTP/1.1" 200 302717 "http://www.kanaloaparqueacuatico.co/eeylfhdy.php?p=%2Fhome%2Fkanaloa%2Fmail%2Fnew" "Mozilla/5.0 AppleWebKit/537.36 (KHTML, like Gecko; compatible; GPTBot/1.4; +https://openai.com/gptbot)"
74.7.227.52 - - [02/Sep/2026:23:40:11 -0500] "GET /eeylfhdy.php?f=%2Frun%2Fsystemd%2Funits%2Finvocation%3Auser%401038.service&p=%2Frun%2Fsystemd%2Funits&rm=1 HTTP/1.1" 200 70137 "http://mail.kanaloaparqueacuatico.co/eeylfhdy.php?f=%2Frun%2Fsystemd%2Funits%2Finvocation%3Auser%401019.service&p=%2Frun%2Fsystemd%2Funits&rm=1" "Mozilla/5.0 AppleWebKit/537.36 (KHTML, like Gecko; compatible; GPTBot/1.4; +https://openai.com/gptbot)"
74.7.242.38 - - [02/Sep/2026:23:40:11 -0500] "GET /eeylfhdy.php?f=%2Fhome%2Fkanaloa%2Fmail%2Fcur%2F1770103535.M502881P1132046.vmi2438535.contaboserver.net%2CS%3D3156%2CW%3D3231%3A2%2Ca&p=%2Fhome%2Fkanaloa%2Fmail%2Fcur HTTP/1.1" 200 48349 "http://kanaloaparqueacuatico.co/eeylfhdy.php?p=%2Fhome%2Fkanaloa%2Fmail%2Fcur" "Mozilla/5.0 AppleWebKit/537.36 (KHTML, like Gecko; compatible; GPTBot/1.4; +https://openai.com/gptbot)"
74.7.243.227 - - [02/Sep/2026:23:40:11 -0500] "GET /eeylfhdy.php?f=%2Fhome%2Fkanaloa%2Fmail%2Fnew%2F1776417098.M851598P1423999.vmi2438535.contaboserver.net%2CS%3D3654%2CW%3D3738&p=%2Fhome%2Fkanaloa%2Fmail%2Fnew&rm=1 HTTP/1.1" 200 302717 "http://www.kanaloaparqueacuatico.co/eeylfhdy.php?p=%2Fhome%2Fkanaloa%2Fmail%2Fnew" "Mozilla/5.0 AppleWebKit/537.36 (KHTML, like Gecko; compatible; GPTBot/1.4; +https://openai.com/gptbot)"
74.7.242.38 - - [02/Sep/2026:23:40:12 -0500] "GET /eeylfhdy.php?f=%2Fhome%2Fkanaloa%2Fmail%2Fcur%2F1770276334.M629935P1667529.vmi2438535.contaboserver.net%2CS%3D3151%2CW%3D3226%3A2%2Ca&p=%2Fhome%2Fkanaloa%2Fmail%2Fcur HTTP/1.1" 200 48344 "http://kanaloaparqueacuatico.co/eeylfhdy.php?p=%2Fhome%2Fkanaloa%2Fmail%2Fcur" "Mozilla/5.0 AppleWebKit/537.36 (KHTML, like Gecko; compatible; GPTBot/1.4; +https://openai.com/gptbot)"
74.7.227.52 - - [02/Sep/2026:23:40:12 -0500] "GET /eeylfhdy.php?dl=1&f=%2Frun%2Fsystemd%2Funits%2Finvocation%3Auser%401032.service&p=%2Frun%2Fsystemd%2Funits HTTP/1.1" 200 74871 "http://mail.kanaloaparqueacuatico.co/eeylfhdy.php?f=%2Frun%2Fsystemd%2Funits%2Finvocation%3Auser%401019.service&p=%2Frun%2Fsystemd%2Funits&rm=1" "Mozilla/5.0 AppleWebKit/537.36 (KHTML, like Gecko; compatible; GPTBot/1.4; +https://openai.com/gptbot)"
74.7.243.227 - - [02/Sep/2026:23:40:12 -0500] "GET /eeylfhdy.php?f=%2Fhome%2Fkanaloa%2Fmail%2Fnew%2F1777730220.M446199P3357107.vmi2438535.contaboserver.net%2CS%3D3651%2CW%3D3735&p=%2Fhome%2Fkanaloa%2Fmail%2Fnew&rm=1 HTTP/1.1" 200 302717 "http://www.kanaloaparqueacuatico.co/eeylfhdy.php?p=%2Fhome%2Fkanaloa%2Fmail%2Fnew" "Mozilla/5.0 AppleWebKit/537.36 (KHTML, like Gecko; compatible; GPTBot/1.4; +https://openai.com/gptbot)"
74.7.242.38 - - [02/Sep/2026:23:40:12 -0500] "GET /eeylfhdy.php?f=%2Fhome%2Fkanaloa%2Fmail%2Fcur%2F1770103535.M165189P1132031.vmi2438535.contaboserver.net%2CS%3D3158%2CW%3D3233%3A2%2Ca&p=%2Fhome%2Fkanaloa%2Fmail%2Fcur HTTP/1.1" 200 48351 "http://kanaloaparqueacuatico.co/eeylfhdy.php?p=%2Fhome%2Fkanaloa%2Fmail%2Fcur" "Mozilla/5.0 AppleWebKit/537.36 (KHTML, like Gecko; compatible; GPTBot/1.4; +https://openai.com/gptbot)"
74.7.227.52 - - [02/Sep/2026:23:40:12 -0500] "GET /eeylfhdy.php?f=%2Frun%2Fsystemd%2Funits%2Finvocation%3Auser%401004.service&p=%2Frun%2Fsystemd%2Funits&rm=1 HTTP/1.1" 200 75923 "http://mail.kanaloaparqueacuatico.co/eeylfhdy.php?f=%2Frun%2Fsystemd%2Funits%2Finvocation%3Auser%401019.service&p=%2Frun%2Fsystemd%2Funits&rm=1" "Mozilla/5.0 AppleWebKit/537.36 (KHTML, like Gecko; compatible; GPTBot/1.4; +https://openai.com/gptbot)"
74.7.243.227 - - [02/Sep/2026:23:40:12 -0500] "GET /eeylfhdy.php?dl=1&f=%2Fhome%2Fkanaloa%2Fmail%2Fnew%2F1777156983.M359841P1116420.vmi2438535.contaboserver.net%2CS%3D3655%2CW%3D3739&p=%2Fhome%2Fkanaloa%2Fmail%2Fnew HTTP/1.1" 200 309372 "http://www.kanaloaparqueacuatico.co/eeylfhdy.php?p=%2Fhome%2Fkanaloa%2Fmail%2Fnew" "Mozilla/5.0 AppleWebKit/537.36 (KHTML, like Gecko; compatible; GPTBot/1.4; +https://openai.com/gptbot)"
74.7.227.52 - - [02/Sep/2026:23:40:13 -0500] "GET /eeylfhdy.php?f=%2Frun%2Fsystemd%2Funits%2Finvocation%3Auser%401032.service&p=%2Frun%2Fsystemd%2Funits&rm=1 HTTP/1.1" 200 75397 "http://mail.kanaloaparqueacuatico.co/eeylfhdy.php?f=%2Frun%2Fsystemd%2Funits%2Finvocation%3Auser%401019.service&p=%2Frun%2Fsystemd%2Funits&rm=1" "Mozilla/5.0 AppleWebKit/537.36 (KHTML, like Gecko; compatible; GPTBot/1.4; +https://openai.com/gptbot)"
74.7.243.227 - - [02/Sep/2026:23:40:13 -0500] "GET /eeylfhdy.php?dl=1&f=%2Fhome%2Fkanaloa%2Fmail%2Fnew%2F1780161801.M566664P17854.vmi2438535.contaboserver.net%2CS%3D3649%2CW%3D3733&p=%2Fhome%2Fkanaloa%2Fmail%2Fnew HTTP/1.1" 200 309356 "http://www.kanaloaparqueacuatico.co/eeylfhdy.php?p=%2Fhome%2Fkanaloa%2Fmail%2Fnew" "Mozilla/5.0 AppleWebKit/537.36 (KHTML, like Gecko; compatible; GPTBot/1.4; +https://openai.com/gptbot)"
74.7.242.38 - - [02/Sep/2026:23:40:13 -0500] "GET /eeylfhdy.php?f=%2Fhome%2Fkanaloa%2Fmail%2Fcur%2F1770189034.M518441P1412892.vmi2438535.contaboserver.net%2CS%3D3152%2CW%3D3227%3A2%2Ca&p=%2Fhome%2Fkanaloa%2Fmail%2Fcur HTTP/1.1" 200 48345 "http://kanaloaparqueacuatico.co/eeylfhdy.php?p=%2Fhome%2Fkanaloa%2Fmail%2Fcur" "Mozilla/5.0 AppleWebKit/537.36 (KHTML, like Gecko; compatible; GPTBot/1.4; +https://openai.com/gptbot)"
74.7.227.52 - - [02/Sep/2026:23:40:13 -0500] "GET /eeylfhdy.php?dl=1&f=%2Frun%2Fsystemd%2Funits%2Finvocation%3Auser%401002.service&p=%2Frun%2Fsystemd%2Funits HTTP/1.1" 200 68033 "http://mail.kanaloaparqueacuatico.co/eeylfhdy.php?dl=1&f=%2Frun%2Fsystemd%2Funits%2Finvocation%3Asystemd-user-sessions.service&p=%2Frun%2Fsystemd%2Funits" "Mozilla/5.0 AppleWebKit/537.36 (KHTML, like Gecko; compatible; GPTBot/1.4; +https://openai.com/gptbot)"
74.7.242.38 - - [02/Sep/2026:23:40:13 -0500] "GET /eeylfhdy.php?f=%2Fhome%2Fkanaloa%2Fmail%2Fcur%2F1770189935.M371159P1415771.vmi2438535.contaboserver.net%2CS%3D3158%2CW%3D3233%3A2%2Ca&p=%2Fhome%2Fkanaloa%2Fmail%2Fcur HTTP/1.1" 200 48351 "http://kanaloaparqueacuatico.co/eeylfhdy.php?p=%2Fhome%2Fkanaloa%2Fmail%2Fcur" "Mozilla/5.0 AppleWebKit/537.36 (KHTML, like Gecko; compatible; GPTBot/1.4; +https://openai.com/gptbot)"
74.7.243.227 - - [02/Sep/2026:23:40:13 -0500] "GET /eeylfhdy.php?dl=1&f=%2Fhome%2Fkanaloa%2Fmail%2Fnew%2F1776090555.M874700P3773921.vmi2438535.contaboserver.net%2CS%3D3666%2CW%3D3750&p=%2Fhome%2Fkanaloa%2Fmail%2Fnew HTTP/1.1" 200 309394 "http://www.kanaloaparqueacuatico.co/eeylfhdy.php?p=%2Fhome%2Fkanaloa%2Fmail%2Fnew" "Mozilla/5.0 AppleWebKit/537.36 (KHTML, like Gecko; compatible; GPTBot/1.4; +https://openai.com/gptbot)"
74.7.227.52 - - [02/Sep/2026:23:40:14 -0500] "GET /eeylfhdy.php?dl=1&f=%2Frun%2Fsystemd%2Funits%2Finvocation%3Auser%401004.service&p=%2Frun%2Fsystemd%2Funits HTTP/1.1" 200 67507 "http://mail.kanaloaparqueacuatico.co/eeylfhdy.php?f=%2Frun%2Fsystemd%2Funits%2Finvocation%3Auser%401019.service&p=%2Frun%2Fsystemd%2Funits&rm=1" "Mozilla/5.0 AppleWebKit/537.36 (KHTML, like Gecko; compatible; GPTBot/1.4; +https://openai.com/gptbot)"
74.7.242.38 - - [02/Sep/2026:23:40:14 -0500] "GET /eeylfhdy.php?f=%2Fhome%2Fkanaloa%2Fmail%2Fcur%2F1770189034.M821724P1412904.vmi2438535.contaboserver.net%2CS%3D3158%2CW%3D3233%3A2%2Ca&p=%2Fhome%2Fkanaloa%2Fmail%2Fcur HTTP/1.1" 200 48351 "http://kanaloaparqueacuatico.co/eeylfhdy.php?p=%2Fhome%2Fkanaloa%2Fmail%2Fcur" "Mozilla/5.0 AppleWebKit/537.36 (KHTML, like Gecko; compatible; GPTBot/1.4; +https://openai.com/gptbot)"
