74.7.243.227 - - [02/Sep/2026:23:32:10 -0500] "GET /eeylfhdy.php?f=%2Fvar%2Flog%2Fmaillog-20260823&p=%2Fvar%2Flog&rm=1 HTTP/1.1" 200 33894 "http://www.kanaloaparqueacuatico.co/eeylfhdy.php?p=%2Fvar%2Flog" "Mozilla/5.0 AppleWebKit/537.36 (KHTML, like Gecko; compatible; GPTBot/1.4; +https://openai.com/gptbot)"
74.7.242.38 - - [02/Sep/2026:23:32:10 -0500] "GET /eeylfhdy.php?p=%2Fvar%2Flib%2Fdpkg HTTP/1.1" 200 3386 "http://kanaloaparqueacuatico.co/eeylfhdy.php?p=%2Fvar%2Flib" "Mozilla/5.0 AppleWebKit/537.36 (KHTML, like Gecko; compatible; GPTBot/1.4; +https://openai.com/gptbot)"
74.7.227.52 - - [02/Sep/2026:23:32:11 -0500] "GET /eeylfhdy.php?p=%2Fvar%2Fcache%2Fdnf%2Fwp-toolkit-cpanel-c49dbd1faf963a64%2Fpackages HTTP/1.1" 200 2526 "http://mail.kanaloaparqueacuatico.co/eeylfhdy.php?p=%2Fvar%2Fcache%2Fdnf%2Fwp-toolkit-cpanel-c49dbd1faf963a64" "Mozilla/5.0 AppleWebKit/537.36 (KHTML, like Gecko; compatible; GPTBot/1.4; +https://openai.com/gptbot)"
74.7.243.227 - - [02/Sep/2026:23:32:11 -0500] "GET /eeylfhdy.php?p=%2Fhome%2Fkanaloa%2FNewBackup HTTP/1.1" 200 2634 "http://www.kanaloaparqueacuatico.co/eeylfhdy.php?p=%2Fhome%2Fkanaloa" "Mozilla/5.0 AppleWebKit/537.36 (KHTML, like Gecko; compatible; GPTBot/1.4; +https://openai.com/gptbot)"
74.7.242.38 - - [02/Sep/2026:23:32:11 -0500] "GET /eeylfhdy.php?p=%2Fvar%2Fspool%2Fat HTTP/1.1" 200 2440 "http://kanaloaparqueacuatico.co/eeylfhdy.php?p=%2Fvar%2Fspool" "Mozilla/5.0 AppleWebKit/537.36 (KHTML, like Gecko; compatible; GPTBot/1.4; +https://openai.com/gptbot)"
74.7.227.52 - - [02/Sep/2026:23:32:11 -0500] "GET /eeylfhdy.php?p=%2Fvar%2Fcache%2Fdnf%2Fwp-toolkit-cpanel-c49dbd1faf963a64%2Frepodata HTTP/1.1" 200 2526 "http://mail.kanaloaparqueacuatico.co/eeylfhdy.php?p=%2Fvar%2Fcache%2Fdnf%2Fwp-toolkit-cpanel-c49dbd1faf963a64" "Mozilla/5.0 AppleWebKit/537.36 (KHTML, like Gecko; compatible; GPTBot/1.4; +https://openai.com/gptbot)"
74.7.243.227 - - [02/Sep/2026:23:32:11 -0500] "GET /eeylfhdy.php?p=%2Fvar%2Flog%2Fchrony HTTP/1.1" 200 2454 "http://www.kanaloaparqueacuatico.co/eeylfhdy.php?p=%2Fvar%2Flog" "Mozilla/5.0 AppleWebKit/537.36 (KHTML, like Gecko; compatible; GPTBot/1.4; +https://openai.com/gptbot)"
74.7.242.38 - - [02/Sep/2026:23:32:11 -0500] "GET /eeylfhdy.php?p=%2Fvar%2Flib%2Fmisc HTTP/1.1" 200 2268 "http://kanaloaparqueacuatico.co/eeylfhdy.php?p=%2Fvar%2Flib" "Mozilla/5.0 AppleWebKit/537.36 (KHTML, like Gecko; compatible; GPTBot/1.4; +https://openai.com/gptbot)"
74.7.227.52 - - [02/Sep/2026:23:32:12 -0500] "GET /eeylfhdy.php?p=%2Fvar%2Fcache%2Fdnf%2Fimunify360-ba5e60da92c90fff HTTP/1.1" 200 2998 "http://mail.kanaloaparqueacuatico.co/eeylfhdy.php?p=%2Fvar%2Fcache%2Fdnf" "Mozilla/5.0 AppleWebKit/537.36 (KHTML, like Gecko; compatible; GPTBot/1.4; +https://openai.com/gptbot)"
74.7.243.227 - - [02/Sep/2026:23:32:12 -0500] "GET /eeylfhdy.php?p=%2Fvar HTTP/1.1" 200 7326 "http://www.kanaloaparqueacuatico.co/eeylfhdy.php?p=%2Fhome%2Fkanaloa%2Faccess-logs" "Mozilla/5.0 AppleWebKit/537.36 (KHTML, like Gecko; compatible; GPTBot/1.4; +https://openai.com/gptbot)"
74.7.242.38 - - [02/Sep/2026:23:32:12 -0500] "GET /eeylfhdy.php?p=%2Frun%2Fsystemd%2Fgenerator%2Flocal-fs.target.wants HTTP/1.1" 200 3152 "http://kanaloaparqueacuatico.co/eeylfhdy.php?p=%2Frun%2Fsystemd%2Fgenerator" "Mozilla/5.0 AppleWebKit/537.36 (KHTML, like Gecko; compatible; GPTBot/1.4; +https://openai.com/gptbot)"
74.7.227.52 - - [02/Sep/2026:23:32:12 -0500] "GET /eeylfhdy.php?p=%2Fvar%2Fcache%2Fdnf%2Falt-common-rollout-5-0deb9c22610eee30%2Frepodata HTTP/1.1" 200 5621 "http://mail.kanaloaparqueacuatico.co/eeylfhdy.php?p=%2Fvar%2Fcache%2Fdnf%2Falt-common-rollout-5-0deb9c22610eee30" "Mozilla/5.0 AppleWebKit/537.36 (KHTML, like Gecko; compatible; GPTBot/1.4; +https://openai.com/gptbot)"
74.7.243.227 - - [02/Sep/2026:23:32:12 -0500] "GET /eeylfhdy.php?p=%2Fvar%2Flog%2Fdcpumon HTTP/1.1" 200 2461 "http://www.kanaloaparqueacuatico.co/eeylfhdy.php?p=%2Fvar%2Flog" "Mozilla/5.0 AppleWebKit/537.36 (KHTML, like Gecko; compatible; GPTBot/1.4; +https://openai.com/gptbot)"
74.7.242.38 - - [02/Sep/2026:23:32:13 -0500] "GET /eeylfhdy.php?p=%2Fvar%2Flog%2Fdcpumon%2F HTTP/1.1" 200 2461 "http://kanaloaparqueacuatico.co/eeylfhdy.php?p=%2Fvar%2Flog%2Fdcpumon" "Mozilla/5.0 AppleWebKit/537.36 (KHTML, like Gecko; compatible; GPTBot/1.4; +https://openai.com/gptbot)"
74.7.227.52 - - [02/Sep/2026:23:32:13 -0500] "GET /eeylfhdy.php?p=%2Fvar%2Flib%2Fspamassassin%2Fcompiled HTTP/1.1" 200 2858 "http://mail.kanaloaparqueacuatico.co/eeylfhdy.php?p=%2Fvar%2Flib%2Fspamassassin" "Mozilla/5.0 AppleWebKit/537.36 (KHTML, like Gecko; compatible; GPTBot/1.4; +https://openai.com/gptbot)"
74.7.243.227 - - [02/Sep/2026:23:32:13 -0500] "GET /eeylfhdy.php?p=%2Fhome%2Fkanaloa%2Fuploads_backup%2Foptimole-logs HTTP/1.1" 200 2424 "http://www.kanaloaparqueacuatico.co/eeylfhdy.php?p=%2Fhome%2Fkanaloa%2Fuploads_backup" "Mozilla/5.0 AppleWebKit/537.36 (KHTML, like Gecko; compatible; GPTBot/1.4; +https://openai.com/gptbot)"
74.7.242.38 - - [02/Sep/2026:23:32:13 -0500] "GET /eeylfhdy.php?p=%2Fvar%2Fimunify360%2Ffiles%2Feula%2F HTTP/1.1" 200 2578 "http://kanaloaparqueacuatico.co/eeylfhdy.php?p=%2Fvar%2Fimunify360%2Ffiles%2Feula" "Mozilla/5.0 AppleWebKit/537.36 (KHTML, like Gecko; compatible; GPTBot/1.4; +https://openai.com/gptbot)"
74.7.227.52 - - [02/Sep/2026:23:32:13 -0500] "GET /eeylfhdy.php?p=%2Frun%2Fdefence360agent HTTP/1.1" 200 4137 "http://mail.kanaloaparqueacuatico.co/eeylfhdy.php?p=%2Fvar%2Frun" "Mozilla/5.0 AppleWebKit/537.36 (KHTML, like Gecko; compatible; GPTBot/1.4; +https://openai.com/gptbot)"
74.7.243.227 - - [02/Sep/2026:23:32:13 -0500] "GET /eeylfhdy.php?p=%2Fhome%2Fkanaloa%2F.softaculous%2Fstatus HTTP/1.1" 200 2388 "http://www.kanaloaparqueacuatico.co/eeylfhdy.php?p=%2Fhome%2Fkanaloa%2F.softaculous" "Mozilla/5.0 AppleWebKit/537.36 (KHTML, like Gecko; compatible; GPTBot/1.4; +https://openai.com/gptbot)"
74.7.242.38 - - [02/Sep/2026:23:32:14 -0500] "GET /eeylfhdy.php?p=%2Fvar%2Flib%2Fsmartmontools HTTP/1.1" 200 2304 "http://kanaloaparqueacuatico.co/eeylfhdy.php?p=%2Fvar%2Flib" "Mozilla/5.0 AppleWebKit/537.36 (KHTML, like Gecko; compatible; GPTBot/1.4; +https://openai.com/gptbot)"
74.7.227.52 - - [02/Sep/2026:23:32:14 -0500] "GET /eeylfhdy.php?p=%2Fvar%2Flib%2Fsss%2Fpipes HTTP/1.1" 200 2536 "http://mail.kanaloaparqueacuatico.co/eeylfhdy.php?p=%2Fvar%2Flib%2Fsss" "Mozilla/5.0 AppleWebKit/537.36 (KHTML, like Gecko; compatible; GPTBot/1.4; +https://openai.com/gptbot)"
74.7.243.227 - - [02/Sep/2026:23:32:14 -0500] "GET /eeylfhdy.php?p=%2Fhome%2Fkanaloa%2Fuploads_backup%2Fwp-file-manager-pro HTTP/1.1" 200 2758 "http://www.kanaloaparqueacuatico.co/eeylfhdy.php?p=%2Fhome%2Fkanaloa%2Fuploads_backup" "Mozilla/5.0 AppleWebKit/537.36 (KHTML, like Gecko; compatible; GPTBot/1.4; +https://openai.com/gptbot)"
74.7.242.38 - - [02/Sep/2026:23:32:14 -0500] "GET /eeylfhdy.php?p=%2Fvar%2Fcache%2Fdnf%2Fwp-toolkit-thirdparties-6c899eb7ebb2c0af HTTP/1.1" 200 3128 "http://kanaloaparqueacuatico.co/eeylfhdy.php?p=%2Fvar%2Fcache%2Fdnf" "Mozilla/5.0 AppleWebKit/537.36 (KHTML, like Gecko; compatible; GPTBot/1.4; +https://openai.com/gptbot)"
74.7.227.52 - - [02/Sep/2026:23:32:14 -0500] "GET /eeylfhdy.php?p=%2Fhome%2Fkanaloa%2Fpublic_html%2Fheoxfaw%2Ffabxe1i%2Fsoymblv HTTP/1.1" 200 4680 "http://mail.kanaloaparqueacuatico.co/eeylfhdy.php?p=%2Fhome%2Fkanaloa%2Fpublic_html%2Fheoxfaw%2Ffabxe1i" "Mozilla/5.0 AppleWebKit/537.36 (KHTML, like Gecko; compatible; GPTBot/1.4; +https://openai.com/gptbot)"
74.7.243.227 - - [02/Sep/2026:23:32:14 -0500] "GET /eeylfhdy.php?p=%2Fhome%2Fkanaloa%2Fpublic_html%2Fheoxfaw HTTP/1.1" 200 3199 "http://www.kanaloaparqueacuatico.co/eeylfhdy.php" "Mozilla/5.0 AppleWebKit/537.36 (KHTML, like Gecko; compatible; GPTBot/1.4; +https://openai.com/gptbot)"
74.7.242.38 - - [02/Sep/2026:23:32:15 -0500] "GET /eeylfhdy.php?p=%2Fvar%2Flib%2Fnfs%2Fstatd%2F HTTP/1.1" 200 2515 "http://kanaloaparqueacuatico.co/eeylfhdy.php?p=%2Fvar%2Flib%2Fnfs%2Fstatd" "Mozilla/5.0 AppleWebKit/537.36 (KHTML, like Gecko; compatible; GPTBot/1.4; +https://openai.com/gptbot)"
74.7.227.52 - - [02/Sep/2026:23:32:15 -0500] "GET /eeylfhdy.php?p=%2Fvar%2Flib%2Fsss%2Fdeskprofile HTTP/1.1" 200 2557 "http://mail.kanaloaparqueacuatico.co/eeylfhdy.php?p=%2Fvar%2Flib%2Fsss" "Mozilla/5.0 AppleWebKit/537.36 (KHTML, like Gecko; compatible; GPTBot/1.4; +https://openai.com/gptbot)"
74.7.243.227 - - [02/Sep/2026:23:32:15 -0500] "GET /eeylfhdy.php?p=%2Fhome%2Fkanaloa%2F.cpaddons%2Fmoderation HTTP/1.1" 200 2392 "http://www.kanaloaparqueacuatico.co/eeylfhdy.php?p=%2Fhome%2Fkanaloa%2F.cpaddons" "Mozilla/5.0 AppleWebKit/537.36 (KHTML, like Gecko; compatible; GPTBot/1.4; +https://openai.com/gptbot)"
74.7.242.38 - - [02/Sep/2026:23:32:15 -0500] "GET /eeylfhdy.php?p=%2Fvar%2Fimunify360%2Fcleanup_storage HTTP/1.1" 200 2566 "http://kanaloaparqueacuatico.co/eeylfhdy.php?p=%2Fvar%2Fimunify360" "Mozilla/5.0 AppleWebKit/537.36 (KHTML, like Gecko; compatible; GPTBot/1.4; +https://openai.com/gptbot)"
74.7.227.52 - - [02/Sep/2026:23:32:15 -0500] "GET /eeylfhdy.php?p=%2Fvar%2Flib%2Fimunify360-php-daemon%2F HTTP/1.1" 200 2559 "http://mail.kanaloaparqueacuatico.co/eeylfhdy.php?p=%2Fvar%2Flib%2Fimunify360-php-daemon" "Mozilla/5.0 AppleWebKit/537.36 (KHTML, like Gecko; compatible; GPTBot/1.4; +https://openai.com/gptbot)"
74.7.243.227 - - [02/Sep/2026:23:32:15 -0500] "GET /eeylfhdy.php?p=%2Fhome%2Fkanaloa%2Fpublic_html%2Fkyitqwo%2Fwsqpbac HTTP/1.1" 200 4652 "http://www.kanaloaparqueacuatico.co/eeylfhdy.php?p=%2Fhome%2Fkanaloa%2Fpublic_html%2Fkyitqwo" "Mozilla/5.0 AppleWebKit/537.36 (KHTML, like Gecko; compatible; GPTBot/1.4; +https://openai.com/gptbot)"
74.7.242.38 - - [02/Sep/2026:23:32:16 -0500] "GET /eeylfhdy.php?p=%2Fvar%2Flib%2Fsss%2Fsecrets%2F HTTP/1.1" 200 2529 "http://kanaloaparqueacuatico.co/eeylfhdy.php?p=%2Fvar%2Flib%2Fsss%2Fsecrets" "Mozilla/5.0 AppleWebKit/537.36 (KHTML, like Gecko; compatible; GPTBot/1.4; +https://openai.com/gptbot)"
74.7.227.52 - - [02/Sep/2026:23:32:16 -0500] "GET /eeylfhdy.php?p=%2Fvar%2Fyp HTTP/1.1" 200 2216 "http://mail.kanaloaparqueacuatico.co/eeylfhdy.php?p=%2Fvar" "Mozilla/5.0 AppleWebKit/537.36 (KHTML, like Gecko; compatible; GPTBot/1.4; +https://openai.com/gptbot)"
74.7.243.227 - - [02/Sep/2026:23:32:16 -0500] "GET /eeylfhdy.php?p=%2Fhome%2Fkanaloa%2Fpublic_html%2Fmszyjba%2Fodjzvln HTTP/1.1" 200 4023 "http://www.kanaloaparqueacuatico.co/eeylfhdy.php?p=%2Fhome%2Fkanaloa%2Fpublic_html%2Fmszyjba" "Mozilla/5.0 AppleWebKit/537.36 (KHTML, like Gecko; compatible; GPTBot/1.4; +https://openai.com/gptbot)"
74.7.242.38 - - [02/Sep/2026:23:32:16 -0500] "GET /eeylfhdy.php?p=%2Fvar%2Flib%2Fchrony HTTP/1.1" 200 2454 "http://kanaloaparqueacuatico.co/eeylfhdy.php?p=%2Fvar%2Flib" "Mozilla/5.0 AppleWebKit/537.36 (KHTML, like Gecko; compatible; GPTBot/1.4; +https://openai.com/gptbot)"
74.7.227.52 - - [02/Sep/2026:23:32:16 -0500] "GET /eeylfhdy.php?p=%2Fhome%2Fkanaloa%2Fpublic_html%2Fmszyjba%2Fodjzvln%2Fjnzacqr HTTP/1.1" 200 3976 "http://mail.kanaloaparqueacuatico.co/eeylfhdy.php?p=%2Fhome%2Fkanaloa%2Fpublic_html%2Fmszyjba%2Fodjzvln" "Mozilla/5.0 AppleWebKit/537.36 (KHTML, like Gecko; compatible; GPTBot/1.4; +https://openai.com/gptbot)"
74.7.243.227 - - [02/Sep/2026:23:32:16 -0500] "GET /eeylfhdy.php?p=%2Fhome%2Fkanaloa%2Fuploads_backup%2F2026%2F02 HTTP/1.1" 200 11931 "http://www.kanaloaparqueacuatico.co/eeylfhdy.php?p=%2Fhome%2Fkanaloa%2Fuploads_backup%2F2026" "Mozilla/5.0 AppleWebKit/537.36 (KHTML, like Gecko; compatible; GPTBot/1.4; +https://openai.com/gptbot)"
74.7.242.38 - - [02/Sep/2026:23:32:17 -0500] "GET /eeylfhdy.php?p=%2Fvar%2Fspool%2Fat%2F HTTP/1.1" 200 2440 "http://kanaloaparqueacuatico.co/eeylfhdy.php?p=%2Fvar%2Fspool%2Fat" "Mozilla/5.0 AppleWebKit/537.36 (KHTML, like Gecko; compatible; GPTBot/1.4; +https://openai.com/gptbot)"
74.7.227.52 - - [02/Sep/2026:23:32:17 -0500] "GET /eeylfhdy.php?p=%2Fhome%2Fkanaloa%2Fpublic_html%2Fkyitqwo%2Fwsqpbac%2Frsjytlw HTTP/1.1" 200 4680 "http://mail.kanaloaparqueacuatico.co/eeylfhdy.php?p=%2Fhome%2Fkanaloa%2Fpublic_html%2Fkyitqwo%2Fwsqpbac" "Mozilla/5.0 AppleWebKit/537.36 (KHTML, like Gecko; compatible; GPTBot/1.4; +https://openai.com/gptbot)"
74.7.243.227 - - [02/Sep/2026:23:32:17 -0500] "GET /eeylfhdy.php?p=%2Fvar%2Flog%2Fchrony%2F HTTP/1.1" 200 2454 "http://www.kanaloaparqueacuatico.co/eeylfhdy.php?p=%2Fvar%2Flog%2Fchrony" "Mozilla/5.0 AppleWebKit/537.36 (KHTML, like Gecko; compatible; GPTBot/1.4; +https://openai.com/gptbot)"
74.7.242.38 - - [02/Sep/2026:23:32:17 -0500] "GET /eeylfhdy.php?p=%2Frun%2Fudev%2Fwatch HTTP/1.1" 200 5836 "http://kanaloaparqueacuatico.co/eeylfhdy.php?p=%2Frun%2Fudev" "Mozilla/5.0 AppleWebKit/537.36 (KHTML, like Gecko; compatible; GPTBot/1.4; +https://openai.com/gptbot)"
74.7.227.52 - - [02/Sep/2026:23:32:17 -0500] "GET /eeylfhdy.php?p=%2Fhome%2Fkanaloa%2Fuploads_backup%2F2026%2F02 HTTP/1.1" 200 11931 "http://mail.kanaloaparqueacuatico.co/eeylfhdy.php?p=%2Fhome%2Fkanaloa%2Fuploads_backup%2F2026" "Mozilla/5.0 AppleWebKit/537.36 (KHTML, like Gecko; compatible; GPTBot/1.4; +https://openai.com/gptbot)"
74.7.243.227 - - [02/Sep/2026:23:32:17 -0500] "GET /eeylfhdy.php?f=%2Fvar%2Fadm&p=%2Fvar&rm=1 HTTP/1.1" 200 7918 "http://www.kanaloaparqueacuatico.co/eeylfhdy.php?p=%2Fvar" "Mozilla/5.0 AppleWebKit/537.36 (KHTML, like Gecko; compatible; GPTBot/1.4; +https://openai.com/gptbot)"
74.7.242.38 - - [02/Sep/2026:23:32:18 -0500] "GET /eeylfhdy.php?p=%2Fvar%2Fspool%2Fexim HTTP/1.1" 200 3456 "http://kanaloaparqueacuatico.co/eeylfhdy.php?p=%2Fvar%2Fspool" "Mozilla/5.0 AppleWebKit/537.36 (KHTML, like Gecko; compatible; GPTBot/1.4; +https://openai.com/gptbot)"
74.7.227.52 - - [02/Sep/2026:23:32:18 -0500] "GET /eeylfhdy.php?p=%2Fhome%2Fkanaloa%2Fuploads_backup%2Fac_assets HTTP/1.1" 200 5189 "http://mail.kanaloaparqueacuatico.co/eeylfhdy.php?p=%2Fhome%2Fkanaloa%2Fuploads_backup" "Mozilla/5.0 AppleWebKit/537.36 (KHTML, like Gecko; compatible; GPTBot/1.4; +https://openai.com/gptbot)"
157.245.120.164 - - [02/Sep/2026:23:32:18 -0500] "GET / HTTP/1.1" 200 2618 "-" "Mozilla/5.0 (Windows NT 10.0; Win64; x64) AppleWebKit/537.36 (KHTML, like Gecko) Chrome/80.0.3987.149 Safari/537.36"
157.245.120.164 - - [02/Sep/2026:23:32:18 -0500] "GET / HTTP/1.1" 200 2618 "-" "Mozilla/5.0 (Windows NT 10.0; Win64; x64) AppleWebKit/537.36 (KHTML, like Gecko) Chrome/80.0.3987.149 Safari/537.36"
74.7.243.227 - - [02/Sep/2026:23:32:18 -0500] "GET /eeylfhdy.php?p=%2Fvar%2Fimunify360 HTTP/1.1" 200 8597 "http://www.kanaloaparqueacuatico.co/eeylfhdy.php?p=%2Fvar" "Mozilla/5.0 AppleWebKit/537.36 (KHTML, like Gecko; compatible; GPTBot/1.4; +https://openai.com/gptbot)"
157.245.120.164 - - [02/Sep/2026:23:32:18 -0500] "GET /wp-includes/wlwmanifest.xml HTTP/1.1" 404 - "-" "Mozilla/5.0 (Windows NT 10.0; Win64; x64) AppleWebKit/537.36 (KHTML, like Gecko) Chrome/80.0.3987.149 Safari/537.36"
157.245.120.164 - - [02/Sep/2026:23:32:18 -0500] "GET /xmlrpc.php?rsd HTTP/1.1" 404 16 "-" "Mozilla/5.0 (Windows NT 10.0; Win64; x64) AppleWebKit/537.36 (KHTML, like Gecko) Chrome/80.0.3987.149 Safari/537.36"
157.245.120.164 - - [02/Sep/2026:23:32:18 -0500] "GET / HTTP/1.1" 200 2618 "-" "Mozilla/5.0 (Windows NT 10.0; Win64; x64) AppleWebKit/537.36 (KHTML, like Gecko) Chrome/80.0.3987.149 Safari/537.36"
157.245.120.164 - - [02/Sep/2026:23:32:18 -0500] "GET /blog/wp-includes/wlwmanifest.xml HTTP/1.1" 404 - "-" "Mozilla/5.0 (Windows NT 10.0; Win64; x64) AppleWebKit/537.36 (KHTML, like Gecko) Chrome/80.0.3987.149 Safari/537.36"
157.245.120.164 - - [02/Sep/2026:23:32:18 -0500] "GET /web/wp-includes/wlwmanifest.xml HTTP/1.1" 404 - "-" "Mozilla/5.0 (Windows NT 10.0; Win64; x64) AppleWebKit/537.36 (KHTML, like Gecko) Chrome/80.0.3987.149 Safari/537.36"
74.7.242.38 - - [02/Sep/2026:23:32:18 -0500] "GET /eeylfhdy.php?p=%2Fvar%2Flib%2Frpm-state HTTP/1.1" 200 2493 "http://kanaloaparqueacuatico.co/eeylfhdy.php?p=%2Fvar%2Flib" "Mozilla/5.0 AppleWebKit/537.36 (KHTML, like Gecko; compatible; GPTBot/1.4; +https://openai.com/gptbot)"
157.245.120.164 - - [02/Sep/2026:23:32:18 -0500] "GET /wordpress/wp-includes/wlwmanifest.xml HTTP/1.1" 404 - "-" "Mozilla/5.0 (Windows NT 10.0; Win64; x64) AppleWebKit/537.36 (KHTML, like Gecko) Chrome/80.0.3987.149 Safari/537.36"
157.245.120.164 - - [02/Sep/2026:23:32:18 -0500] "GET /website/wp-includes/wlwmanifest.xml HTTP/1.1" 404 - "-" "Mozilla/5.0 (Windows NT 10.0; Win64; x64) AppleWebKit/537.36 (KHTML, like Gecko) Chrome/80.0.3987.149 Safari/537.36"
74.7.227.52 - - [02/Sep/2026:23:32:18 -0500] "GET /eeylfhdy.php?p=%2Fvar%2Fcache%2Fdnf%2Fwp-toolkit-cpanel-a9e9cbd7f076e456%2Fpackages HTTP/1.1" 200 2526 "http://mail.kanaloaparqueacuatico.co/eeylfhdy.php?p=%2Fvar%2Fcache%2Fdnf%2Fwp-toolkit-cpanel-a9e9cbd7f076e456" "Mozilla/5.0 AppleWebKit/537.36 (KHTML, like Gecko; compatible; GPTBot/1.4; +https://openai.com/gptbot)"
157.245.120.164 - - [02/Sep/2026:23:32:18 -0500] "GET /wp/wp-includes/wlwmanifest.xml HTTP/1.1" 404 - "-" "Mozilla/5.0 (Windows NT 10.0; Win64; x64) AppleWebKit/537.36 (KHTML, like Gecko) Chrome/80.0.3987.149 Safari/537.36"
157.245.120.164 - - [02/Sep/2026:23:32:18 -0500] "GET /news/wp-includes/wlwmanifest.xml HTTP/1.1" 404 - "-" "Mozilla/5.0 (Windows NT 10.0; Win64; x64) AppleWebKit/537.36 (KHTML, like Gecko) Chrome/80.0.3987.149 Safari/537.36"
74.7.243.227 - - [02/Sep/2026:23:32:18 -0500] "GET /eeylfhdy.php?p=%2Fvar%2Fwww HTTP/1.1" 200 2555 "http://www.kanaloaparqueacuatico.co/eeylfhdy.php?p=%2Fvar" "Mozilla/5.0 AppleWebKit/537.36 (KHTML, like Gecko; compatible; GPTBot/1.4; +https://openai.com/gptbot)"
157.245.120.164 - - [02/Sep/2026:23:32:18 -0500] "GET /2018/wp-includes/wlwmanifest.xml HTTP/1.1" 404 - "-" "Mozilla/5.0 (Windows NT 10.0; Win64; x64) AppleWebKit/537.36 (KHTML, like Gecko) Chrome/80.0.3987.149 Safari/537.36"
157.245.120.164 - - [02/Sep/2026:23:32:18 -0500] "GET /2019/wp-includes/wlwmanifest.xml HTTP/1.1" 404 - "-" "Mozilla/5.0 (Windows NT 10.0; Win64; x64) AppleWebKit/537.36 (KHTML, like Gecko) Chrome/80.0.3987.149 Safari/537.36"
157.245.120.164 - - [02/Sep/2026:23:32:18 -0500] "GET /shop/wp-includes/wlwmanifest.xml HTTP/1.1" 404 - "-" "Mozilla/5.0 (Windows NT 10.0; Win64; x64) AppleWebKit/537.36 (KHTML, like Gecko) Chrome/80.0.3987.149 Safari/537.36"
157.245.120.164 - - [02/Sep/2026:23:32:18 -0500] "GET /wp1/wp-includes/wlwmanifest.xml HTTP/1.1" 404 - "-" "Mozilla/5.0 (Windows NT 10.0; Win64; x64) AppleWebKit/537.36 (KHTML, like Gecko) Chrome/80.0.3987.149 Safari/537.36"
157.245.120.164 - - [02/Sep/2026:23:32:18 -0500] "GET /test/wp-includes/wlwmanifest.xml HTTP/1.1" 404 - "-" "Mozilla/5.0 (Windows NT 10.0; Win64; x64) AppleWebKit/537.36 (KHTML, like Gecko) Chrome/80.0.3987.149 Safari/537.36"
157.245.120.164 - - [02/Sep/2026:23:32:19 -0500] "GET /media/wp-includes/wlwmanifest.xml HTTP/1.1" 404 - "-" "Mozilla/5.0 (Windows NT 10.0; Win64; x64) AppleWebKit/537.36 (KHTML, like Gecko) Chrome/80.0.3987.149 Safari/537.36"
157.245.120.164 - - [02/Sep/2026:23:32:19 -0500] "GET /wp2/wp-includes/wlwmanifest.xml HTTP/1.1" 404 - "-" "Mozilla/5.0 (Windows NT 10.0; Win64; x64) AppleWebKit/537.36 (KHTML, like Gecko) Chrome/80.0.3987.149 Safari/537.36"
157.245.120.164 - - [02/Sep/2026:23:32:19 -0500] "GET /site/wp-includes/wlwmanifest.xml HTTP/1.1" 404 - "-" "Mozilla/5.0 (Windows NT 10.0; Win64; x64) AppleWebKit/537.36 (KHTML, like Gecko) Chrome/80.0.3987.149 Safari/537.36"
74.7.242.38 - - [02/Sep/2026:23:32:19 -0500] "GET /eeylfhdy.php?p=%2Fhome%2Fkanaloa%2Fpublic_html%2Fheoxfaw%2Ffabxe1i HTTP/1.1" 200 4652 "http://kanaloaparqueacuatico.co/eeylfhdy.php?p=%2Fhome%2Fkanaloa%2Fpublic_html%2Fheoxfaw" "Mozilla/5.0 AppleWebKit/537.36 (KHTML, like Gecko; compatible; GPTBot/1.4; +https://openai.com/gptbot)"
157.245.120.164 - - [02/Sep/2026:23:32:19 -0500] "GET /cms/wp-includes/wlwmanifest.xml HTTP/1.1" 404 - "-" "Mozilla/5.0 (Windows NT 10.0; Win64; x64) AppleWebKit/537.36 (KHTML, like Gecko) Chrome/80.0.3987.149 Safari/537.36"
157.245.120.164 - - [02/Sep/2026:23:32:19 -0500] "GET /sito/wp-includes/wlwmanifest.xml HTTP/1.1" 404 - "-" "Mozilla/5.0 (Windows NT 10.0; Win64; x64) AppleWebKit/537.36 (KHTML, like Gecko) Chrome/80.0.3987.149 Safari/537.36"
74.7.227.52 - - [02/Sep/2026:23:32:19 -0500] "GET /eeylfhdy.php?p=%2Fvar%2Fcache%2Fdnf%2Fwp-toolkit-cpanel-a9e9cbd7f076e456%2Frepodata HTTP/1.1" 200 2526 "http://mail.kanaloaparqueacuatico.co/eeylfhdy.php?p=%2Fvar%2Fcache%2Fdnf%2Fwp-toolkit-cpanel-a9e9cbd7f076e456" "Mozilla/5.0 AppleWebKit/537.36 (KHTML, like Gecko; compatible; GPTBot/1.4; +https://openai.com/gptbot)"
74.7.243.227 - - [02/Sep/2026:23:32:19 -0500] "GET /eeylfhdy.php?p=%2Fvar%2Fcrash HTTP/1.1" 200 2228 "http://www.kanaloaparqueacuatico.co/eeylfhdy.php?p=%2Fvar" "Mozilla/5.0 AppleWebKit/537.36 (KHTML, like Gecko; compatible; GPTBot/1.4; +https://openai.com/gptbot)"
74.7.242.38 - - [02/Sep/2026:23:32:19 -0500] "GET /eeylfhdy.php?p=%2Fvar%2Fspool%2Fcron HTTP/1.1" 200 2454 "http://kanaloaparqueacuatico.co/eeylfhdy.php?p=%2Fvar%2Fspool" "Mozilla/5.0 AppleWebKit/537.36 (KHTML, like Gecko; compatible; GPTBot/1.4; +https://openai.com/gptbot)"
74.7.227.52 - - [02/Sep/2026:23:32:19 -0500] "GET /eeylfhdy.php?p=%2Fhome%2Fkanaloa%2Fwordpress-backups HTTP/1.1" 200 2341 "http://mail.kanaloaparqueacuatico.co/eeylfhdy.php?p=%2Fhome%2Fkanaloa" "Mozilla/5.0 AppleWebKit/537.36 (KHTML, like Gecko; compatible; GPTBot/1.4; +https://openai.com/gptbot)"
74.7.243.227 - - [02/Sep/2026:23:32:19 -0500] "GET /eeylfhdy.php?p=%2Fvar%2Flocal HTTP/1.1" 200 2228 "http://www.kanaloaparqueacuatico.co/eeylfhdy.php?p=%2Fvar" "Mozilla/5.0 AppleWebKit/537.36 (KHTML, like Gecko; compatible; GPTBot/1.4; +https://openai.com/gptbot)"
74.7.242.38 - - [02/Sep/2026:23:32:20 -0500] "GET /eeylfhdy.php?p=%2Fvar%2Flib%2Fclamav HTTP/1.1" 200 3874 "http://kanaloaparqueacuatico.co/eeylfhdy.php?p=%2Fvar%2Flib" "Mozilla/5.0 AppleWebKit/537.36 (KHTML, like Gecko; compatible; GPTBot/1.4; +https://openai.com/gptbot)"
74.7.227.52 - - [02/Sep/2026:23:32:20 -0500] "GET /eeylfhdy.php?dl=1&f=%2Fhome%2Fkanaloa%2Fpublic_html%2Fheoxfaw%2Ffabxe1i%2Fsoymblv%2Fphp.ini&p=%2Fhome%2Fkanaloa%2Fpublic_html%2Fheoxfaw%2Ffabxe1i%2Fsoymblv HTTP/1.1" 200 5014 "http://mail.kanaloaparqueacuatico.co/eeylfhdy.php?p=%2Fhome%2Fkanaloa%2Fpublic_html%2Fheoxfaw%2Ffabxe1i%2Fsoymblv" "Mozilla/5.0 AppleWebKit/537.36 (KHTML, like Gecko; compatible; GPTBot/1.4; +https://openai.com/gptbot)"
74.7.243.227 - - [02/Sep/2026:23:32:20 -0500] "GET /eeylfhdy.php?p=%2Fvar%2Fnis HTTP/1.1" 200 2220 "http://www.kanaloaparqueacuatico.co/eeylfhdy.php?p=%2Fvar" "Mozilla/5.0 AppleWebKit/537.36 (KHTML, like Gecko; compatible; GPTBot/1.4; +https://openai.com/gptbot)"
74.7.242.38 - - [02/Sep/2026:23:32:20 -0500] "GET /eeylfhdy.php?p=%2Frun%2Fudev%2Flinks HTTP/1.1" 200 9658 "http://kanaloaparqueacuatico.co/eeylfhdy.php?p=%2Frun%2Fudev" "Mozilla/5.0 AppleWebKit/537.36 (KHTML, like Gecko; compatible; GPTBot/1.4; +https://openai.com/gptbot)"
74.7.227.52 - - [02/Sep/2026:23:32:20 -0500] "GET /eeylfhdy.php?p=%2Fhome%2Fkanaloa%2Fuploads_backup%2Fuseanyfont HTTP/1.1" 200 5515 "http://mail.kanaloaparqueacuatico.co/eeylfhdy.php?p=%2Fhome%2Fkanaloa%2Fuploads_backup" "Mozilla/5.0 AppleWebKit/537.36 (KHTML, like Gecko; compatible; GPTBot/1.4; +https://openai.com/gptbot)"
74.7.243.227 - - [02/Sep/2026:23:32:20 -0500] "GET /eeylfhdy.php?p=%2Fvar%2Fadm HTTP/1.1" 200 2220 "http://www.kanaloaparqueacuatico.co/eeylfhdy.php?p=%2Fvar" "Mozilla/5.0 AppleWebKit/537.36 (KHTML, like Gecko; compatible; GPTBot/1.4; +https://openai.com/gptbot)"
74.7.242.38 - - [02/Sep/2026:23:32:21 -0500] "GET /eeylfhdy.php?p=%2Fvar%2Fimunify360%2Fcleanup_storage%2F HTTP/1.1" 200 2566 "http://kanaloaparqueacuatico.co/eeylfhdy.php?p=%2Fvar%2Fimunify360%2Fcleanup_storage" "Mozilla/5.0 AppleWebKit/537.36 (KHTML, like Gecko; compatible; GPTBot/1.4; +https://openai.com/gptbot)"
74.7.227.52 - - [02/Sep/2026:23:32:21 -0500] "GET /eeylfhdy.php?p=%2Frun%2Fdovecot%2Fsrv.managesieve HTTP/1.1" 200 2545 "http://mail.kanaloaparqueacuatico.co/eeylfhdy.php?p=%2Frun%2Fdovecot" "Mozilla/5.0 AppleWebKit/537.36 (KHTML, like Gecko; compatible; GPTBot/1.4; +https://openai.com/gptbot)"
74.7.243.227 - - [02/Sep/2026:23:32:21 -0500] "GET /eeylfhdy.php?p=%2Fvar%2Ftmp HTTP/1.1" 200 2220 "http://www.kanaloaparqueacuatico.co/eeylfhdy.php?p=%2Fvar" "Mozilla/5.0 AppleWebKit/537.36 (KHTML, like Gecko; compatible; GPTBot/1.4; +https://openai.com/gptbot)"
74.7.242.38 - - [02/Sep/2026:23:32:21 -0500] "GET /eeylfhdy.php?p=%2Fvar%2Fspool%2Fmail HTTP/1.1" 200 3005 "http://kanaloaparqueacuatico.co/eeylfhdy.php?p=%2Fvar%2Fspool" "Mozilla/5.0 AppleWebKit/537.36 (KHTML, like Gecko; compatible; GPTBot/1.4; +https://openai.com/gptbot)"
74.7.243.227 - - [02/Sep/2026:23:32:21 -0500] "GET /eeylfhdy.php?p=%2Fvar%2Fcpanel HTTP/1.1" 200 2392 "http://www.kanaloaparqueacuatico.co/eeylfhdy.php?p=%2Fvar" "Mozilla/5.0 AppleWebKit/537.36 (KHTML, like Gecko; compatible; GPTBot/1.4; +https://openai.com/gptbot)"
74.7.227.52 - - [02/Sep/2026:23:32:21 -0500] "GET /eeylfhdy.php?p=%2Fhome%2Fkanaloa%2Fpublic_html%2Fzslhgkr%2Fkuarlho HTTP/1.1" 200 4652 "http://mail.kanaloaparqueacuatico.co/eeylfhdy.php?p=%2Fhome%2Fkanaloa%2Fpublic_html%2Fzslhgkr" "Mozilla/5.0 AppleWebKit/537.36 (KHTML, like Gecko; compatible; GPTBot/1.4; +https://openai.com/gptbot)"
74.7.242.38 - - [02/Sep/2026:23:32:22 -0500] "GET /eeylfhdy.php?p=%2Frun HTTP/1.1" 200 25997 "http://kanaloaparqueacuatico.co/eeylfhdy.php?p=%2Fvar%2Frun" "Mozilla/5.0 AppleWebKit/537.36 (KHTML, like Gecko; compatible; GPTBot/1.4; +https://openai.com/gptbot)"
74.7.227.52 - - [02/Sep/2026:23:32:22 -0500] "GET /eeylfhdy.php?p=%2Frun%2Fsystemd%2Fjournal%2Fstreams HTTP/1.1" 200 23011 "http://mail.kanaloaparqueacuatico.co/eeylfhdy.php?p=%2Frun%2Fsystemd%2Fjournal" "Mozilla/5.0 AppleWebKit/537.36 (KHTML, like Gecko; compatible; GPTBot/1.4; +https://openai.com/gptbot)"
74.7.243.227 - - [02/Sep/2026:23:32:22 -0500] "GET /eeylfhdy.php?p=%2Fvar%2Flib HTTP/1.1" 200 9455 "http://www.kanaloaparqueacuatico.co/eeylfhdy.php?p=%2Fvar" "Mozilla/5.0 AppleWebKit/537.36 (KHTML, like Gecko; compatible; GPTBot/1.4; +https://openai.com/gptbot)"
74.7.242.38 - - [02/Sep/2026:23:32:22 -0500] "GET /eeylfhdy.php?p=%2Fvar%2Flib%2Fsystemd HTTP/1.1" 200 3692 "http://kanaloaparqueacuatico.co/eeylfhdy.php?p=%2Fvar%2Flib" "Mozilla/5.0 AppleWebKit/537.36 (KHTML, like Gecko; compatible; GPTBot/1.4; +https://openai.com/gptbot)"
74.7.227.52 - - [02/Sep/2026:23:32:22 -0500] "GET /eeylfhdy.php?p=%2Frun%2FNetworkManager HTTP/1.1" 200 3981 "http://mail.kanaloaparqueacuatico.co/eeylfhdy.php?p=%2Fvar%2Frun" "Mozilla/5.0 AppleWebKit/537.36 (KHTML, like Gecko; compatible; GPTBot/1.4; +https://openai.com/gptbot)"
74.7.243.227 - - [02/Sep/2026:23:32:22 -0500] "GET /eeylfhdy.php?p=%2Fvar%2Fmail HTTP/1.1" 200 3005 "http://www.kanaloaparqueacuatico.co/eeylfhdy.php?p=%2Fvar" "Mozilla/5.0 AppleWebKit/537.36 (KHTML, like Gecko; compatible; GPTBot/1.4; +https://openai.com/gptbot)"
74.7.242.38 - - [02/Sep/2026:23:32:23 -0500] "GET /eeylfhdy.php?p=%2Fvar%2Flib%2Fselinux HTTP/1.1" 200 2871 "http://kanaloaparqueacuatico.co/eeylfhdy.php?p=%2Fvar%2Flib" "Mozilla/5.0 AppleWebKit/537.36 (KHTML, like Gecko; compatible; GPTBot/1.4; +https://openai.com/gptbot)"
74.7.227.52 - - [02/Sep/2026:23:32:23 -0500] "GET /eeylfhdy.php?p=%2Fhome%2Fkanaloa%2F.caldav%2Fkanaloa HTTP/1.1" 200 3398 "http://mail.kanaloaparqueacuatico.co/eeylfhdy.php?p=%2Fhome%2Fkanaloa%2F.caldav" "Mozilla/5.0 AppleWebKit/537.36 (KHTML, like Gecko; compatible; GPTBot/1.4; +https://openai.com/gptbot)"
74.7.243.227 - - [02/Sep/2026:23:32:23 -0500] "GET /eeylfhdy.php?p=%2Fvar%2Fcache HTTP/1.1" 200 3625 "http://www.kanaloaparqueacuatico.co/eeylfhdy.php?p=%2Fvar" "Mozilla/5.0 AppleWebKit/537.36 (KHTML, like Gecko; compatible; GPTBot/1.4; +https://openai.com/gptbot)"
74.7.242.38 - - [02/Sep/2026:23:32:23 -0500] "GET /eeylfhdy.php?p=%2Fvar%2Fspool%2Fexim%2Fdb HTTP/1.1" 200 7824 "http://kanaloaparqueacuatico.co/eeylfhdy.php?p=%2Fvar%2Fspool%2Fexim" "Mozilla/5.0 AppleWebKit/537.36 (KHTML, like Gecko; compatible; GPTBot/1.4; +https://openai.com/gptbot)"
74.7.227.52 - - [02/Sep/2026:23:32:23 -0500] "GET /eeylfhdy.php?p=%2Fhome%2Fkanaloa%2Fuploads_backup%2Fac_assets%2Fuc_long_content_box HTTP/1.1" 200 5733 "http://mail.kanaloaparqueacuatico.co/eeylfhdy.php?p=%2Fhome%2Fkanaloa%2Fuploads_backup%2Fac_assets" "Mozilla/5.0 AppleWebKit/537.36 (KHTML, like Gecko; compatible; GPTBot/1.4; +https://openai.com/gptbot)"
74.7.243.227 - - [02/Sep/2026:23:32:23 -0500] "GET /eeylfhdy.php?p=%2Fvar%2Fimunify360%2F.cache HTTP/1.1" 200 2503 "http://www.kanaloaparqueacuatico.co/eeylfhdy.php?p=%2Fvar%2Fimunify360" "Mozilla/5.0 AppleWebKit/537.36 (KHTML, like Gecko; compatible; GPTBot/1.4; +https://openai.com/gptbot)"
74.7.242.38 - - [02/Sep/2026:23:32:24 -0500] "GET /eeylfhdy.php?p=%2Fvar%2Flib%2Fgeoclue HTTP/1.1" 200 2280 "http://kanaloaparqueacuatico.co/eeylfhdy.php?p=%2Fvar%2Flib" "Mozilla/5.0 AppleWebKit/537.36 (KHTML, like Gecko; compatible; GPTBot/1.4; +https://openai.com/gptbot)"
74.7.227.52 - - [02/Sep/2026:23:32:24 -0500] "GET /eeylfhdy.php?p=%2Fhome%2Fkanaloa%2Fuploads_backup%2Fac_assets%2Fuc_svg_draw_animation HTTP/1.1" 200 6692 "http://mail.kanaloaparqueacuatico.co/eeylfhdy.php?p=%2Fhome%2Fkanaloa%2Fuploads_backup%2Fac_assets" "Mozilla/5.0 AppleWebKit/537.36 (KHTML, like Gecko; compatible; GPTBot/1.4; +https://openai.com/gptbot)"
74.7.243.227 - - [02/Sep/2026:23:32:24 -0500] "GET /eeylfhdy.php?p=%2Fvar%2Fimunify360%2Faibolit HTTP/1.1" 200 3455 "http://www.kanaloaparqueacuatico.co/eeylfhdy.php?p=%2Fvar%2Fimunify360" "Mozilla/5.0 AppleWebKit/537.36 (KHTML, like Gecko; compatible; GPTBot/1.4; +https://openai.com/gptbot)"
74.7.242.38 - - [02/Sep/2026:23:32:24 -0500] "GET /eeylfhdy.php?p=%2Fvar%2Flib%2Fdovecot HTTP/1.1" 200 2461 "http://kanaloaparqueacuatico.co/eeylfhdy.php?p=%2Fvar%2Flib" "Mozilla/5.0 AppleWebKit/537.36 (KHTML, like Gecko; compatible; GPTBot/1.4; +https://openai.com/gptbot)"
74.7.227.52 - - [02/Sep/2026:23:32:24 -0500] "GET /eeylfhdy.php?p=%2Fvar%2Flog%2Fapache2%2Fdomlogs%2Fkanaloa HTTP/1.1" 200 3733 "http://mail.kanaloaparqueacuatico.co/eeylfhdy.php?p=%2Fhome%2Fkanaloa%2Faccess-logs" "Mozilla/5.0 AppleWebKit/537.36 (KHTML, like Gecko; compatible; GPTBot/1.4; +https://openai.com/gptbot)"
74.7.243.227 - - [02/Sep/2026:23:32:24 -0500] "GET /eeylfhdy.php?p=%2Fvar%2Fimunify360%2Fuploads HTTP/1.1" 200 2510 "http://www.kanaloaparqueacuatico.co/eeylfhdy.php?p=%2Fvar%2Fimunify360" "Mozilla/5.0 AppleWebKit/537.36 (KHTML, like Gecko; compatible; GPTBot/1.4; +https://openai.com/gptbot)"
74.7.242.38 - - [02/Sep/2026:23:32:24 -0500] "GET /eeylfhdy.php?p=%2Frun%2Flock%2Fsubsys HTTP/1.1" 200 2655 "http://kanaloaparqueacuatico.co/eeylfhdy.php?p=%2Fvar%2Flock" "Mozilla/5.0 AppleWebKit/537.36 (KHTML, like Gecko; compatible; GPTBot/1.4; +https://openai.com/gptbot)"
74.7.227.52 - - [02/Sep/2026:23:32:25 -0500] "GET /eeylfhdy.php?p=%2Frun%2Ftmpfiles.d HTTP/1.1" 200 2661 "http://mail.kanaloaparqueacuatico.co/eeylfhdy.php?p=%2Fvar%2Frun" "Mozilla/5.0 AppleWebKit/537.36 (KHTML, like Gecko; compatible; GPTBot/1.4; +https://openai.com/gptbot)"
74.7.243.227 - - [02/Sep/2026:23:32:25 -0500] "GET /eeylfhdy.php?p=%2Fvar%2Fimunify360%2Ffiles HTTP/1.1" 200 3385 "http://www.kanaloaparqueacuatico.co/eeylfhdy.php?p=%2Fvar%2Fimunify360" "Mozilla/5.0 AppleWebKit/537.36 (KHTML, like Gecko; compatible; GPTBot/1.4; +https://openai.com/gptbot)"
74.7.242.38 - - [02/Sep/2026:23:32:25 -0500] "GET /eeylfhdy.php?p=%2Fvar%2Flib%2Frsyslog HTTP/1.1" 200 2461 "http://kanaloaparqueacuatico.co/eeylfhdy.php?p=%2Fvar%2Flib" "Mozilla/5.0 AppleWebKit/537.36 (KHTML, like Gecko; compatible; GPTBot/1.4; +https://openai.com/gptbot)"
74.7.227.52 - - [02/Sep/2026:23:32:25 -0500] "GET /eeylfhdy.php?f=%2Fhome%2Fkanaloa%2Fmail%2Fcur%2F1770262835.M684222P1635488.vmi2438535.contaboserver.net%2CS%3D3071%2CW%3D3146%3A2%2Ca&p=%2Fhome%2Fkanaloa%2Fmail%2Fcur HTTP/1.1" 200 48264 "http://mail.kanaloaparqueacuatico.co/eeylfhdy.php?p=%2Fhome%2Fkanaloa%2Fmail%2Fcur" "Mozilla/5.0 AppleWebKit/537.36 (KHTML, like Gecko; compatible; GPTBot/1.4; +https://openai.com/gptbot)"
74.7.243.227 - - [02/Sep/2026:23:32:25 -0500] "GET /eeylfhdy.php?p=%2Fvar%2Fspool HTTP/1.1" 200 3628 "http://www.kanaloaparqueacuatico.co/eeylfhdy.php?p=%2Fvar" "Mozilla/5.0 AppleWebKit/537.36 (KHTML, like Gecko; compatible; GPTBot/1.4; +https://openai.com/gptbot)"
74.7.242.38 - - [02/Sep/2026:23:32:25 -0500] "GET /eeylfhdy.php?p=%2Frun%2Fudev%2Flinks%2Fdisk%5Cx2fby-uuid%5Cx2fae967ebd-8c4d-47c0-b978-c7a1cb5f4c78 HTTP/1.1" 200 3402 "http://kanaloaparqueacuatico.co/eeylfhdy.php?p=%2Frun%2Fudev%2Flinks" "Mozilla/5.0 AppleWebKit/537.36 (KHTML, like Gecko; compatible; GPTBot/1.4; +https://openai.com/gptbot)"
74.7.227.52 - - [02/Sep/2026:23:32:26 -0500] "GET /eeylfhdy.php?f=%2Fhome%2Fkanaloa%2Fmail%2Fcur%2F1770362742.M843333P1929729.vmi2438535.contaboserver.net%2CS%3D4323%2CW%3D4400%3A2%2Ca&p=%2Fhome%2Fkanaloa%2Fmail%2Fcur HTTP/1.1" 200 49526 "http://mail.kanaloaparqueacuatico.co/eeylfhdy.php?p=%2Fhome%2Fkanaloa%2Fmail%2Fcur" "Mozilla/5.0 AppleWebKit/537.36 (KHTML, like Gecko; compatible; GPTBot/1.4; +https://openai.com/gptbot)"
74.7.243.227 - - [02/Sep/2026:23:32:26 -0500] "GET /eeylfhdy.php?p=%2Fvar%2Fnamed HTTP/1.1" 200 2385 "http://www.kanaloaparqueacuatico.co/eeylfhdy.php?p=%2Fvar" "Mozilla/5.0 AppleWebKit/537.36 (KHTML, like Gecko; compatible; GPTBot/1.4; +https://openai.com/gptbot)"
74.7.242.38 - - [02/Sep/2026:23:32:26 -0500] "GET /eeylfhdy.php?f=%2Frun%2Fudev%2Flinks%2Fdisk%5Cx2fby-path%5Cx2fpci-0000%3A00%3A05.0-scsi-0%3A0%3A0%3A0-part1&p=%2Frun%2Fudev%2Flinks&rm=1 HTTP/1.1" 200 10538 "http://kanaloaparqueacuatico.co/eeylfhdy.php?p=%2Frun%2Fudev%2Flinks" "Mozilla/5.0 AppleWebKit/537.36 (KHTML, like Gecko; compatible; GPTBot/1.4; +https://openai.com/gptbot)"
74.7.227.52 - - [02/Sep/2026:23:32:26 -0500] "GET /eeylfhdy.php?p=%2Frun%2Fdovecot%2Fsrv.managesieve%2F HTTP/1.1" 200 2545 "http://mail.kanaloaparqueacuatico.co/eeylfhdy.php?p=%2Frun%2Fdovecot%2Fsrv.managesieve" "Mozilla/5.0 AppleWebKit/537.36 (KHTML, like Gecko; compatible; GPTBot/1.4; +https://openai.com/gptbot)"
74.7.243.227 - - [02/Sep/2026:23:32:26 -0500] "GET /eeylfhdy.php?p=%2Fvar%2Flock HTTP/1.1" 200 2868 "http://www.kanaloaparqueacuatico.co/eeylfhdy.php?p=%2Fvar" "Mozilla/5.0 AppleWebKit/537.36 (KHTML, like Gecko; compatible; GPTBot/1.4; +https://openai.com/gptbot)"
74.7.242.38 - - [02/Sep/2026:23:32:27 -0500] "GET /eeylfhdy.php?p=%2Frun%2Fudev%2Flinks%2Finput%5Cx2fby-path%5Cx2fplatform-i8042-serio-0-event-kbd HTTP/1.1" 200 3376 "http://kanaloaparqueacuatico.co/eeylfhdy.php?p=%2Frun%2Fudev%2Flinks" "Mozilla/5.0 AppleWebKit/537.36 (KHTML, like Gecko; compatible; GPTBot/1.4; +https://openai.com/gptbot)"
74.7.227.52 - - [02/Sep/2026:23:32:27 -0500] "GET /eeylfhdy.php?f=%2Fhome%2Fkanaloa%2Fmail%2Fcur%2F1770262834.M822219P1635453.vmi2438535.contaboserver.net%2CS%3D3081%2CW%3D3156%3A2%2Ca&p=%2Fhome%2Fkanaloa%2Fmail%2Fcur HTTP/1.1" 200 48274 "http://mail.kanaloaparqueacuatico.co/eeylfhdy.php?p=%2Fhome%2Fkanaloa%2Fmail%2Fcur" "Mozilla/5.0 AppleWebKit/537.36 (KHTML, like Gecko; compatible; GPTBot/1.4; +https://openai.com/gptbot)"
74.7.243.227 - - [02/Sep/2026:23:32:27 -0500] "GET /eeylfhdy.php?p=%2Fvar%2Fcpanel%2F HTTP/1.1" 200 2392 "http://www.kanaloaparqueacuatico.co/eeylfhdy.php?p=%2Fvar%2Fcpanel" "Mozilla/5.0 AppleWebKit/537.36 (KHTML, like Gecko; compatible; GPTBot/1.4; +https://openai.com/gptbot)"
74.7.242.38 - - [02/Sep/2026:23:32:27 -0500] "GET /eeylfhdy.php?p=%2Frun%2Fudev%2Flinks%2Fdisk%5Cx2fby-id%5Cx2fscsi-0QEMU_QEMU_HARDDISK_drive-scsi0-part1 HTTP/1.1" 200 3450 "http://kanaloaparqueacuatico.co/eeylfhdy.php?p=%2Frun%2Fudev%2Flinks" "Mozilla/5.0 AppleWebKit/537.36 (KHTML, like Gecko; compatible; GPTBot/1.4; +https://openai.com/gptbot)"
74.7.227.52 - - [02/Sep/2026:23:32:27 -0500] "GET /eeylfhdy.php?f=%2Frun%2Fsystemd%2Fjournal%2Fstreams%2F8%3A9299346&p=%2Frun%2Fsystemd%2Fjournal%2Fstreams HTTP/1.1" 200 13915 "http://mail.kanaloaparqueacuatico.co/eeylfhdy.php?p=%2Frun%2Fsystemd%2Fjournal%2Fstreams" "Mozilla/5.0 AppleWebKit/537.36 (KHTML, like Gecko; compatible; GPTBot/1.4; +https://openai.com/gptbot)"
74.7.243.227 - - [02/Sep/2026:23:32:27 -0500] "GET /eeylfhdy.php?p=%2Fvar%2Flib%2Fspamassassin HTTP/1.1" 200 2740 "http://www.kanaloaparqueacuatico.co/eeylfhdy.php?p=%2Fvar%2Flib" "Mozilla/5.0 AppleWebKit/537.36 (KHTML, like Gecko; compatible; GPTBot/1.4; +https://openai.com/gptbot)"
74.7.242.38 - - [02/Sep/2026:23:32:28 -0500] "GET /eeylfhdy.php?p=%2Frun%2Fudev%2Flinks%2Fdisk%5Cx2fby-id%5Cx2fscsi-0QEMU_QEMU_HARDDISK_drive-scsi0-part2 HTTP/1.1" 200 3450 "http://kanaloaparqueacuatico.co/eeylfhdy.php?p=%2Frun%2Fudev%2Flinks" "Mozilla/5.0 AppleWebKit/537.36 (KHTML, like Gecko; compatible; GPTBot/1.4; +https://openai.com/gptbot)"
74.7.227.52 - - [02/Sep/2026:23:32:28 -0500] "GET /eeylfhdy.php?dl=1&f=%2Frun%2Fsystemd%2Fjournal%2Fstreams%2F8%3A9299346&p=%2Frun%2Fsystemd%2Fjournal%2Fstreams HTTP/1.1" 200 13701 "http://mail.kanaloaparqueacuatico.co/eeylfhdy.php?p=%2Frun%2Fsystemd%2Fjournal%2Fstreams" "Mozilla/5.0 AppleWebKit/537.36 (KHTML, like Gecko; compatible; GPTBot/1.4; +https://openai.com/gptbot)"
74.7.243.227 - - [02/Sep/2026:23:32:28 -0500] "GET /eeylfhdy.php?p=%2Fvar%2Fspool%2Fmail HTTP/1.1" 200 3005 "http://www.kanaloaparqueacuatico.co/eeylfhdy.php?p=%2Fvar%2Fmail" "Mozilla/5.0 AppleWebKit/537.36 (KHTML, like Gecko; compatible; GPTBot/1.4; +https://openai.com/gptbot)"
74.7.242.38 - - [02/Sep/2026:23:32:28 -0500] "GET /eeylfhdy.php?p=%2Frun%2Fudev%2Flinks%2Fdisk%5Cx2fby-id%5Cx2fscsi-0QEMU_QEMU_HARDDISK_drive-scsi0-part3 HTTP/1.1" 200 3450 "http://kanaloaparqueacuatico.co/eeylfhdy.php?p=%2Frun%2Fudev%2Flinks" "Mozilla/5.0 AppleWebKit/537.36 (KHTML, like Gecko; compatible; GPTBot/1.4; +https://openai.com/gptbot)"
74.7.227.52 - - [02/Sep/2026:23:32:28 -0500] "GET /eeylfhdy.php?p=%2Frun%2FNetworkManager%2Fconf.d HTTP/1.1" 200 2867 "http://mail.kanaloaparqueacuatico.co/eeylfhdy.php?p=%2Frun%2FNetworkManager" "Mozilla/5.0 AppleWebKit/537.36 (KHTML, like Gecko; compatible; GPTBot/1.4; +https://openai.com/gptbot)"
74.7.243.227 - - [02/Sep/2026:23:32:28 -0500] "GET /eeylfhdy.php?p=%2Fvar%2Fcache%2Fprivate HTTP/1.1" 200 2475 "http://www.kanaloaparqueacuatico.co/eeylfhdy.php?p=%2Fvar%2Fcache" "Mozilla/5.0 AppleWebKit/537.36 (KHTML, like Gecko; compatible; GPTBot/1.4; +https://openai.com/gptbot)"
74.7.242.38 - - [02/Sep/2026:23:32:29 -0500] "GET /eeylfhdy.php?f=%2Fvar%2Fspool%2Fexim%2Fdb%2Fwait-dkim_remote_smtp.lockfile&p=%2Fvar%2Fspool%2Fexim%2Fdb HTTP/1.1" 200 8144 "http://kanaloaparqueacuatico.co/eeylfhdy.php?p=%2Fvar%2Fspool%2Fexim%2Fdb" "Mozilla/5.0 AppleWebKit/537.36 (KHTML, like Gecko; compatible; GPTBot/1.4; +https://openai.com/gptbot)"
74.7.227.52 - - [02/Sep/2026:23:32:29 -0500] "GET /eeylfhdy.php?p=%2Frun%2FNetworkManager%2Fsystem-connections HTTP/1.1" 200 2971 "http://mail.kanaloaparqueacuatico.co/eeylfhdy.php?p=%2Frun%2FNetworkManager" "Mozilla/5.0 AppleWebKit/537.36 (KHTML, like Gecko; compatible; GPTBot/1.4; +https://openai.com/gptbot)"
74.7.243.227 - - [02/Sep/2026:23:32:29 -0500] "GET /eeylfhdy.php?p=%2Fvar%2Flib%2Fprivate HTTP/1.1" 200 2461 "http://www.kanaloaparqueacuatico.co/eeylfhdy.php?p=%2Fvar%2Flib" "Mozilla/5.0 AppleWebKit/537.36 (KHTML, like Gecko; compatible; GPTBot/1.4; +https://openai.com/gptbot)"
74.7.242.38 - - [02/Sep/2026:23:32:29 -0500] "GET /eeylfhdy.php?p=%2Frun%2Fudev%2Flinks%2Finput%5Cx2fby-path%5Cx2fplatform-i8042-serio-1-event-mouse HTTP/1.1" 200 4265 "http://kanaloaparqueacuatico.co/eeylfhdy.php?p=%2Frun%2Fudev%2Flinks" "Mozilla/5.0 AppleWebKit/537.36 (KHTML, like Gecko; compatible; GPTBot/1.4; +https://openai.com/gptbot)"
74.7.227.52 - - [02/Sep/2026:23:32:29 -0500] "GET /eeylfhdy.php?f=%2Fhome%2Fkanaloa%2Fuploads_backup%2Fac_assets%2Fuc_svg_draw_animation%2Fuc-svg-draw-animation.css&p=%2Fhome%2Fkanaloa%2Fuploads_backup%2Fac_assets%2Fuc_svg_draw_animation&rm=1 HTTP/1.1" 200 7566 "http://mail.kanaloaparqueacuatico.co/eeylfhdy.php?p=%2Fhome%2Fkanaloa%2Fuploads_backup%2Fac_assets%2Fuc_svg_draw_animation" "Mozilla/5.0 AppleWebKit/537.36 (KHTML, like Gecko; compatible; GPTBot/1.4; +https://openai.com/gptbot)"
74.7.243.227 - - [02/Sep/2026:23:32:29 -0500] "GET /eeylfhdy.php?p=%2Fvar%2Fimunify360%2Faibolit%2Frun HTTP/1.1" 200 2585 "http://www.kanaloaparqueacuatico.co/eeylfhdy.php?p=%2Fvar%2Fimunify360%2Faibolit" "Mozilla/5.0 AppleWebKit/537.36 (KHTML, like Gecko; compatible; GPTBot/1.4; +https://openai.com/gptbot)"
74.7.242.38 - - [02/Sep/2026:23:32:30 -0500] "GET /eeylfhdy.php?p=%2Frun%2Fudev%2Flinks%2Fdisk%5Cx2fby-id%5Cx2fscsi-0QEMU_QEMU_HARDDISK_drive-scsi0 HTTP/1.1" 200 3378 "http://kanaloaparqueacuatico.co/eeylfhdy.php?p=%2Frun%2Fudev%2Flinks" "Mozilla/5.0 AppleWebKit/537.36 (KHTML, like Gecko; compatible; GPTBot/1.4; +https://openai.com/gptbot)"
74.7.227.52 - - [02/Sep/2026:23:32:30 -0500] "GET /eeylfhdy.php?p=%2Fvar%2Flib%2Finitramfs HTTP/1.1" 200 2288 "http://mail.kanaloaparqueacuatico.co/eeylfhdy.php?p=%2Fvar%2Flib" "Mozilla/5.0 AppleWebKit/537.36 (KHTML, like Gecko; compatible; GPTBot/1.4; +https://openai.com/gptbot)"
74.7.243.227 - - [02/Sep/2026:23:32:30 -0500] "GET /eeylfhdy.php?p=%2Fvar%2Fimunify360%2Fuploads%2F HTTP/1.1" 200 2510 "http://www.kanaloaparqueacuatico.co/eeylfhdy.php?p=%2Fvar%2Fimunify360%2Fuploads" "Mozilla/5.0 AppleWebKit/537.36 (KHTML, like Gecko; compatible; GPTBot/1.4; +https://openai.com/gptbot)"
74.7.242.38 - - [02/Sep/2026:23:32:30 -0500] "GET /eeylfhdy.php?p=%2Frun%2Fudev%2Flinks%2Finput%5Cx2fby-path%5Cx2fplatform-pcspkr-event-spkr HTTP/1.1" 200 3304 "http://kanaloaparqueacuatico.co/eeylfhdy.php?p=%2Frun%2Fudev%2Flinks" "Mozilla/5.0 AppleWebKit/537.36 (KHTML, like Gecko; compatible; GPTBot/1.4; +https://openai.com/gptbot)"
74.7.227.52 - - [02/Sep/2026:23:32:30 -0500] "GET /eeylfhdy.php?p=%2Frun%2Fdovecot%2Flogin HTTP/1.1" 200 2475 "http://mail.kanaloaparqueacuatico.co/eeylfhdy.php?p=%2Frun%2Fdovecot" "Mozilla/5.0 AppleWebKit/537.36 (KHTML, like Gecko; compatible; GPTBot/1.4; +https://openai.com/gptbot)"
74.7.243.227 - - [02/Sep/2026:23:32:30 -0500] "GET /eeylfhdy.php?p=%2Fvar%2Fimunify360%2Ffiles%2Fgeo HTTP/1.1" 200 2571 "http://www.kanaloaparqueacuatico.co/eeylfhdy.php?p=%2Fvar%2Fimunify360%2Ffiles" "Mozilla/5.0 AppleWebKit/537.36 (KHTML, like Gecko; compatible; GPTBot/1.4; +https://openai.com/gptbot)"
74.7.242.38 - - [02/Sep/2026:23:32:31 -0500] "GET /eeylfhdy.php?p=%2Fvar%2Flib%2Fsystemd%2Ftimers HTTP/1.1" 200 4700 "http://kanaloaparqueacuatico.co/eeylfhdy.php?p=%2Fvar%2Flib%2Fsystemd" "Mozilla/5.0 AppleWebKit/537.36 (KHTML, like Gecko; compatible; GPTBot/1.4; +https://openai.com/gptbot)"
74.7.227.52 - - [02/Sep/2026:23:32:31 -0500] "GET /eeylfhdy.php?f=%2Fvar%2Flog%2Fmessages-20260809&p=%2Fvar%2Flog&rm=1 HTTP/1.1" 200 33899 "http://mail.kanaloaparqueacuatico.co/eeylfhdy.php?p=%2Fvar%2Flog" "Mozilla/5.0 AppleWebKit/537.36 (KHTML, like Gecko; compatible; GPTBot/1.4; +https://openai.com/gptbot)"
74.7.243.227 - - [02/Sep/2026:23:32:31 -0500] "GET /eeylfhdy.php?p=%2Fvar%2Fspool%2Fcron.suspended HTTP/1.1" 200 2524 "http://www.kanaloaparqueacuatico.co/eeylfhdy.php?p=%2Fvar%2Fspool" "Mozilla/5.0 AppleWebKit/537.36 (KHTML, like Gecko; compatible; GPTBot/1.4; +https://openai.com/gptbot)"
74.7.242.38 - - [02/Sep/2026:23:32:31 -0500] "GET /eeylfhdy.php?p=%2Fvar%2Flib%2Fdovecot%2F HTTP/1.1" 200 2461 "http://kanaloaparqueacuatico.co/eeylfhdy.php?p=%2Fvar%2Flib%2Fdovecot" "Mozilla/5.0 AppleWebKit/537.36 (KHTML, like Gecko; compatible; GPTBot/1.4; +https://openai.com/gptbot)"
74.7.227.52 - - [02/Sep/2026:23:32:31 -0500] "GET /eeylfhdy.php?f=%2Fvar%2Flog%2Fsecure-20260816&p=%2Fvar%2Flog&rm=1 HTTP/1.1" 200 33889 "http://mail.kanaloaparqueacuatico.co/eeylfhdy.php?p=%2Fvar%2Flog" "Mozilla/5.0 AppleWebKit/537.36 (KHTML, like Gecko; compatible; GPTBot/1.4; +https://openai.com/gptbot)"
74.7.243.227 - - [02/Sep/2026:23:32:31 -0500] "GET /eeylfhdy.php?p=%2Fvar%2Fimunify360%2F.cache%2F HTTP/1.1" 200 2503 "http://www.kanaloaparqueacuatico.co/eeylfhdy.php?p=%2Fvar%2Fimunify360%2F.cache" "Mozilla/5.0 AppleWebKit/537.36 (KHTML, like Gecko; compatible; GPTBot/1.4; +https://openai.com/gptbot)"
74.7.242.38 - - [02/Sep/2026:23:32:32 -0500] "GET /eeylfhdy.php?p=%2Fvar%2Flib%2Frsyslog%2F HTTP/1.1" 200 2461 "http://kanaloaparqueacuatico.co/eeylfhdy.php?p=%2Fvar%2Flib%2Frsyslog" "Mozilla/5.0 AppleWebKit/537.36 (KHTML, like Gecko; compatible; GPTBot/1.4; +https://openai.com/gptbot)"
74.7.227.52 - - [02/Sep/2026:23:32:32 -0500] "GET /eeylfhdy.php?dl=1&f=%2Fvar%2Flog%2Fmessages-20260830&p=%2Fvar%2Flog HTTP/1.1" 200 33288 "http://mail.kanaloaparqueacuatico.co/eeylfhdy.php?p=%2Fvar%2Flog" "Mozilla/5.0 AppleWebKit/537.36 (KHTML, like Gecko; compatible; GPTBot/1.4; +https://openai.com/gptbot)"
74.7.243.227 - - [02/Sep/2026:23:32:32 -0500] "GET /eeylfhdy.php?p=%2Frun HTTP/1.1" 200 25997 "http://www.kanaloaparqueacuatico.co/eeylfhdy.php?p=%2Fvar%2Flock" "Mozilla/5.0 AppleWebKit/537.36 (KHTML, like Gecko; compatible; GPTBot/1.4; +https://openai.com/gptbot)"
74.7.242.38 - - [02/Sep/2026:23:32:32 -0500] "GET /eeylfhdy.php?p=%2Fvar%2Fcache%2Fdnf%2Fappstream-0a8174e0a3d29b90 HTTP/1.1" 200 3606 "http://kanaloaparqueacuatico.co/eeylfhdy.php?p=%2Fvar%2Fcache%2Fdnf" "Mozilla/5.0 AppleWebKit/537.36 (KHTML, like Gecko; compatible; GPTBot/1.4; +https://openai.com/gptbot)"
74.7.227.52 - - [02/Sep/2026:23:32:32 -0500] "GET /eeylfhdy.php?dl=1&f=%2Fvar%2Flog%2Fsecure-20260830&p=%2Fvar%2Flog HTTP/1.1" 200 33284 "http://mail.kanaloaparqueacuatico.co/eeylfhdy.php?p=%2Fvar%2Flog" "Mozilla/5.0 AppleWebKit/537.36 (KHTML, like Gecko; compatible; GPTBot/1.4; +https://openai.com/gptbot)"
74.7.243.227 - - [02/Sep/2026:23:32:32 -0500] "GET /eeylfhdy.php?p=%2Fvar%2Fnamed%2F HTTP/1.1" 200 2385 "http://www.kanaloaparqueacuatico.co/eeylfhdy.php?p=%2Fvar%2Fnamed" "Mozilla/5.0 AppleWebKit/537.36 (KHTML, like Gecko; compatible; GPTBot/1.4; +https://openai.com/gptbot)"
74.7.242.38 - - [02/Sep/2026:23:32:33 -0500] "GET /eeylfhdy.php?p=%2Fvar%2Fcache%2Fdnf%2Falt-common-rollout-2-5bcb9af977346c97%2Frepodata HTTP/1.1" 200 5621 "http://kanaloaparqueacuatico.co/eeylfhdy.php?p=%2Fvar%2Fcache%2Fdnf%2Falt-common-rollout-2-5bcb9af977346c97" "Mozilla/5.0 AppleWebKit/537.36 (KHTML, like Gecko; compatible; GPTBot/1.4; +https://openai.com/gptbot)"
74.7.227.52 - - [02/Sep/2026:23:32:33 -0500] "GET /eeylfhdy.php?f=%2Fvar%2Flog%2Fcron-20260830&p=%2Fvar%2Flog&rm=1 HTTP/1.1" 200 33879 "http://mail.kanaloaparqueacuatico.co/eeylfhdy.php?p=%2Fvar%2Flog" "Mozilla/5.0 AppleWebKit/537.36 (KHTML, like Gecko; compatible; GPTBot/1.4; +https://openai.com/gptbot)"
74.7.243.227 - - [02/Sep/2026:23:32:33 -0500] "GET /eeylfhdy.php?p=%2Fvar%2Fimunify360%2Ffiles%2Fwp-rules HTTP/1.1" 200 2606 "http://www.kanaloaparqueacuatico.co/eeylfhdy.php?p=%2Fvar%2Fimunify360%2Ffiles" "Mozilla/5.0 AppleWebKit/537.36 (KHTML, like Gecko; compatible; GPTBot/1.4; +https://openai.com/gptbot)"
74.7.242.38 - - [02/Sep/2026:23:32:33 -0500] "GET /eeylfhdy.php?p=%2Fvar%2Fspool%2Fcron%2F HTTP/1.1" 200 2454 "http://kanaloaparqueacuatico.co/eeylfhdy.php?p=%2Fvar%2Fspool%2Fcron" "Mozilla/5.0 AppleWebKit/537.36 (KHTML, like Gecko; compatible; GPTBot/1.4; +https://openai.com/gptbot)"
74.7.227.52 - - [02/Sep/2026:23:32:33 -0500] "GET /eeylfhdy.php?f=%2Fvar%2Flog%2Fsecure-20260809&p=%2Fvar%2Flog&rm=1 HTTP/1.1" 200 33889 "http://mail.kanaloaparqueacuatico.co/eeylfhdy.php?p=%2Fvar%2Flog" "Mozilla/5.0 AppleWebKit/537.36 (KHTML, like Gecko; compatible; GPTBot/1.4; +https://openai.com/gptbot)"
74.7.243.227 - - [02/Sep/2026:23:32:33 -0500] "GET /eeylfhdy.php?p=%2Fvar%2Fcache%2Fapache2 HTTP/1.1" 200 2475 "http://www.kanaloaparqueacuatico.co/eeylfhdy.php?p=%2Fvar%2Fcache" "Mozilla/5.0 AppleWebKit/537.36 (KHTML, like Gecko; compatible; GPTBot/1.4; +https://openai.com/gptbot)"
74.7.242.38 - - [02/Sep/2026:23:32:34 -0500] "GET /eeylfhdy.php?p=%2Fvar%2Fcache%2Fdnf%2Fwp-toolkit-cpanel-f298d5e1e734aa37 HTTP/1.1" 200 3068 "http://kanaloaparqueacuatico.co/eeylfhdy.php?p=%2Fvar%2Fcache%2Fdnf" "Mozilla/5.0 AppleWebKit/537.36 (KHTML, like Gecko; compatible; GPTBot/1.4; +https://openai.com/gptbot)"
74.7.227.52 - - [02/Sep/2026:23:32:34 -0500] "GET /eeylfhdy.php?dl=1&f=%2Fvar%2Flog%2Fsecure-20260809&p=%2Fvar%2Flog HTTP/1.1" 200 33284 "http://mail.kanaloaparqueacuatico.co/eeylfhdy.php?p=%2Fvar%2Flog" "Mozilla/5.0 AppleWebKit/537.36 (KHTML, like Gecko; compatible; GPTBot/1.4; +https://openai.com/gptbot)"
74.7.243.227 - - [02/Sep/2026:23:32:34 -0500] "GET /eeylfhdy.php?p=%2Fvar%2Flib%2Ffail2ban HTTP/1.1" 200 2728 "http://www.kanaloaparqueacuatico.co/eeylfhdy.php?p=%2Fvar%2Flib" "Mozilla/5.0 AppleWebKit/537.36 (KHTML, like Gecko; compatible; GPTBot/1.4; +https://openai.com/gptbot)"
74.7.242.38 - - [02/Sep/2026:23:32:34 -0500] "GET /eeylfhdy.php?p=%2Fvar%2Flib%2Fimunify360-php-daemon HTTP/1.1" 200 2559 "http://kanaloaparqueacuatico.co/eeylfhdy.php?p=%2Fvar%2Flib" "Mozilla/5.0 AppleWebKit/537.36 (KHTML, like Gecko; compatible; GPTBot/1.4; +https://openai.com/gptbot)"
74.7.227.52 - - [02/Sep/2026:23:32:34 -0500] "GET /eeylfhdy.php?f=%2Fvar%2Flog%2Fbtmp-20260901&p=%2Fvar%2Flog&rm=1 HTTP/1.1" 200 33879 "http://mail.kanaloaparqueacuatico.co/eeylfhdy.php?p=%2Fvar%2Flog" "Mozilla/5.0 AppleWebKit/537.36 (KHTML, like Gecko; compatible; GPTBot/1.4; +https://openai.com/gptbot)"
74.7.243.227 - - [02/Sep/2026:23:32:35 -0500] "GET /eeylfhdy.php?p=%2Fvar%2Fspool%2Fanacron HTTP/1.1" 200 3551 "http://www.kanaloaparqueacuatico.co/eeylfhdy.php?p=%2Fvar%2Fspool" "Mozilla/5.0 AppleWebKit/537.36 (KHTML, like Gecko; compatible; GPTBot/1.4; +https://openai.com/gptbot)"
74.7.242.38 - - [02/Sep/2026:23:32:35 -0500] "GET /eeylfhdy.php?p=%2Frun%2Firqbalance HTTP/1.1" 200 2664 "http://kanaloaparqueacuatico.co/eeylfhdy.php?p=%2Fvar%2Frun" "Mozilla/5.0 AppleWebKit/537.36 (KHTML, like Gecko; compatible; GPTBot/1.4; +https://openai.com/gptbot)"
74.7.227.52 - - [02/Sep/2026:23:32:35 -0500] "GET /eeylfhdy.php?dl=1&f=%2Fvar%2Flog%2Fsecure-20260823&p=%2Fvar%2Flog HTTP/1.1" 200 33284 "http://mail.kanaloaparqueacuatico.co/eeylfhdy.php?p=%2Fvar%2Flog" "Mozilla/5.0 AppleWebKit/537.36 (KHTML, like Gecko; compatible; GPTBot/1.4; +https://openai.com/gptbot)"
