74.7.243.227 - - [02/Sep/2026:23:34:47 -0500] "GET /eeylfhdy.php?p=%2Fhome%2Fkanaloa%2Fpublic_html%2Fkyitqwo%2Fwsqpbac%2Frsjytlw HTTP/1.1" 200 4680 "http://www.kanaloaparqueacuatico.co/eeylfhdy.php?p=%2Fhome%2Fkanaloa%2Fpublic_html%2Fkyitqwo%2Fwsqpbac" "Mozilla/5.0 AppleWebKit/537.36 (KHTML, like Gecko; compatible; GPTBot/1.4; +https://openai.com/gptbot)"
74.7.242.38 - - [02/Sep/2026:23:34:47 -0500] "GET /eeylfhdy.php?f=%2Fvar%2Flog%2Fhawkey.log-20260830&p=%2Fvar%2Flog&rm=1 HTTP/1.1" 200 33909 "http://kanaloaparqueacuatico.co/eeylfhdy.php?p=%2Fvar%2Flog" "Mozilla/5.0 AppleWebKit/537.36 (KHTML, like Gecko; compatible; GPTBot/1.4; +https://openai.com/gptbot)"
74.7.227.52 - - [02/Sep/2026:23:34:47 -0500] "GET /eeylfhdy.php?p=%2Fvar%2Flib%2Fpolkit-1%2F HTTP/1.1" 200 2468 "http://mail.kanaloaparqueacuatico.co/eeylfhdy.php?p=%2Fvar%2Flib%2Fpolkit-1" "Mozilla/5.0 AppleWebKit/537.36 (KHTML, like Gecko; compatible; GPTBot/1.4; +https://openai.com/gptbot)"
74.7.243.227 - - [02/Sep/2026:23:34:47 -0500] "GET /eeylfhdy.php?p=%2Fhome%2Fkanaloa%2Fuploads_backup%2Fac_assets HTTP/1.1" 200 5189 "http://www.kanaloaparqueacuatico.co/eeylfhdy.php?p=%2Fhome%2Fkanaloa%2Fuploads_backup" "Mozilla/5.0 AppleWebKit/537.36 (KHTML, like Gecko; compatible; GPTBot/1.4; +https://openai.com/gptbot)"
74.7.242.38 - - [02/Sep/2026:23:34:47 -0500] "GET /eeylfhdy.php?f=%2Fvar%2Flog%2Fhawkey.log-20260816&p=%2Fvar%2Flog&rm=1 HTTP/1.1" 200 33909 "http://kanaloaparqueacuatico.co/eeylfhdy.php?p=%2Fvar%2Flog" "Mozilla/5.0 AppleWebKit/537.36 (KHTML, like Gecko; compatible; GPTBot/1.4; +https://openai.com/gptbot)"
74.7.227.52 - - [02/Sep/2026:23:34:47 -0500] "GET /eeylfhdy.php?p=%2Fvar%2Fcache%2Fman%2Fzh_TW HTTP/1.1" 200 3234 "http://mail.kanaloaparqueacuatico.co/eeylfhdy.php?p=%2Fvar%2Fcache%2Fman" "Mozilla/5.0 AppleWebKit/537.36 (KHTML, like Gecko; compatible; GPTBot/1.4; +https://openai.com/gptbot)"
74.7.243.227 - - [02/Sep/2026:23:34:47 -0500] "GET /eeylfhdy.php?f=%2Fvar%2Fcache%2Fdnf%2Fexpired_repos.json&p=%2Fvar%2Fcache%2Fdnf HTTP/1.1" 200 61606 "http://www.kanaloaparqueacuatico.co/eeylfhdy.php?p=%2Fvar%2Fcache%2Fdnf" "Mozilla/5.0 AppleWebKit/537.36 (KHTML, like Gecko; compatible; GPTBot/1.4; +https://openai.com/gptbot)"
74.7.242.38 - - [02/Sep/2026:23:34:48 -0500] "GET /eeylfhdy.php?p=%2Fhome%2Fkanaloa%2Fuploads_backup%2Felementor%2Fgoogle-fonts%2Fcss HTTP/1.1" 200 4902 "http://kanaloaparqueacuatico.co/eeylfhdy.php?p=%2Fhome%2Fkanaloa%2Fuploads_backup%2Felementor%2Fgoogle-fonts" "Mozilla/5.0 AppleWebKit/537.36 (KHTML, like Gecko; compatible; GPTBot/1.4; +https://openai.com/gptbot)"
74.7.227.52 - - [02/Sep/2026:23:34:48 -0500] "GET /eeylfhdy.php?p=%2Fvar%2Fcache%2Fman%2Fzh_CN HTTP/1.1" 200 3234 "http://mail.kanaloaparqueacuatico.co/eeylfhdy.php?p=%2Fvar%2Fcache%2Fman" "Mozilla/5.0 AppleWebKit/537.36 (KHTML, like Gecko; compatible; GPTBot/1.4; +https://openai.com/gptbot)"
74.7.243.227 - - [02/Sep/2026:23:34:48 -0500] "GET /eeylfhdy.php?p=%2Fvar%2Fcache%2Fdnf%2Fwp-toolkit-cpanel-a9e9cbd7f076e456%2Frepodata HTTP/1.1" 200 2526 "http://www.kanaloaparqueacuatico.co/eeylfhdy.php?p=%2Fvar%2Fcache%2Fdnf%2Fwp-toolkit-cpanel-a9e9cbd7f076e456" "Mozilla/5.0 AppleWebKit/537.36 (KHTML, like Gecko; compatible; GPTBot/1.4; +https://openai.com/gptbot)"
74.7.242.38 - - [02/Sep/2026:23:34:48 -0500] "GET /eeylfhdy.php?f=%2Fvar%2Flog%2Fhawkey.log-20260823&p=%2Fvar%2Flog&rm=1 HTTP/1.1" 200 33909 "http://kanaloaparqueacuatico.co/eeylfhdy.php?p=%2Fvar%2Flog" "Mozilla/5.0 AppleWebKit/537.36 (KHTML, like Gecko; compatible; GPTBot/1.4; +https://openai.com/gptbot)"
74.7.227.52 - - [02/Sep/2026:23:34:48 -0500] "GET /eeylfhdy.php?p=%2Fvar%2Flib%2Fsss%2Fdb HTTP/1.1" 200 2494 "http://mail.kanaloaparqueacuatico.co/eeylfhdy.php?p=%2Fvar%2Flib%2Fsss" "Mozilla/5.0 AppleWebKit/537.36 (KHTML, like Gecko; compatible; GPTBot/1.4; +https://openai.com/gptbot)"
74.7.243.227 - - [02/Sep/2026:23:34:48 -0500] "GET /eeylfhdy.php?f=%2Frun%2Fdefence360agent%2Fnon_root_simple_rpc.sock&p=%2Frun%2Fdefence360agent HTTP/1.1" 200 4137 "http://www.kanaloaparqueacuatico.co/eeylfhdy.php?p=%2Frun%2Fdefence360agent" "Mozilla/5.0 AppleWebKit/537.36 (KHTML, like Gecko; compatible; GPTBot/1.4; +https://openai.com/gptbot)"
74.7.242.38 - - [02/Sep/2026:23:34:49 -0500] "GET /eeylfhdy.php?p=%2Fvar%2Fspool%2Fexim%2Fscan%2F HTTP/1.1" 200 2531 "http://kanaloaparqueacuatico.co/eeylfhdy.php?p=%2Fvar%2Fspool%2Fexim%2Fscan" "Mozilla/5.0 AppleWebKit/537.36 (KHTML, like Gecko; compatible; GPTBot/1.4; +https://openai.com/gptbot)"
74.7.227.52 - - [02/Sep/2026:23:34:49 -0500] "GET /eeylfhdy.php?p=%2Fvar%2Fcache%2Fman%2Fca HTTP/1.1" 200 3174 "http://mail.kanaloaparqueacuatico.co/eeylfhdy.php?p=%2Fvar%2Fcache%2Fman" "Mozilla/5.0 AppleWebKit/537.36 (KHTML, like Gecko; compatible; GPTBot/1.4; +https://openai.com/gptbot)"
74.7.243.227 - - [02/Sep/2026:23:34:49 -0500] "GET /eeylfhdy.php?p=%2Fvar%2Fcache%2Fdnf%2Fwp-toolkit-cpanel-a9e9cbd7f076e456%2Fpackages HTTP/1.1" 200 2526 "http://www.kanaloaparqueacuatico.co/eeylfhdy.php?p=%2Fvar%2Fcache%2Fdnf%2Fwp-toolkit-cpanel-a9e9cbd7f076e456" "Mozilla/5.0 AppleWebKit/537.36 (KHTML, like Gecko; compatible; GPTBot/1.4; +https://openai.com/gptbot)"
74.7.242.38 - - [02/Sep/2026:23:34:49 -0500] "GET /eeylfhdy.php?dl=1&f=%2Fvar%2Flog%2Fhawkey.log-20260809&p=%2Fvar%2Flog HTTP/1.1" 200 95449 "http://kanaloaparqueacuatico.co/eeylfhdy.php?p=%2Fvar%2Flog" "Mozilla/5.0 AppleWebKit/537.36 (KHTML, like Gecko; compatible; GPTBot/1.4; +https://openai.com/gptbot)"
74.7.227.52 - - [02/Sep/2026:23:34:49 -0500] "GET /eeylfhdy.php?p=%2Fvar%2Fspool%2Fexim%2Finput HTTP/1.1" 200 2538 "http://mail.kanaloaparqueacuatico.co/eeylfhdy.php?p=%2Fvar%2Fspool%2Fexim" "Mozilla/5.0 AppleWebKit/537.36 (KHTML, like Gecko; compatible; GPTBot/1.4; +https://openai.com/gptbot)"
74.7.243.227 - - [02/Sep/2026:23:34:49 -0500] "GET /eeylfhdy.php?p=%2Fhome%2Fkanaloa%2Fwordpress-backups HTTP/1.1" 200 2341 "http://www.kanaloaparqueacuatico.co/eeylfhdy.php?p=%2Fhome%2Fkanaloa" "Mozilla/5.0 AppleWebKit/537.36 (KHTML, like Gecko; compatible; GPTBot/1.4; +https://openai.com/gptbot)"
74.7.242.38 - - [02/Sep/2026:23:34:50 -0500] "GET /eeylfhdy.php?dl=1&f=%2Fvar%2Flog%2Fhawkey.log-20260830&p=%2Fvar%2Flog HTTP/1.1" 200 94609 "http://kanaloaparqueacuatico.co/eeylfhdy.php?p=%2Fvar%2Flog" "Mozilla/5.0 AppleWebKit/537.36 (KHTML, like Gecko; compatible; GPTBot/1.4; +https://openai.com/gptbot)"
74.7.227.52 - - [02/Sep/2026:23:34:50 -0500] "GET /eeylfhdy.php?p=%2Fvar%2Flib%2Fselinux%2Ftmp HTTP/1.1" 200 2330 "http://mail.kanaloaparqueacuatico.co/eeylfhdy.php?p=%2Fvar%2Flib%2Fselinux" "Mozilla/5.0 AppleWebKit/537.36 (KHTML, like Gecko; compatible; GPTBot/1.4; +https://openai.com/gptbot)"
74.7.243.227 - - [02/Sep/2026:23:34:50 -0500] "GET /eeylfhdy.php?p=%2Fhome%2Fkanaloa%2Fuploads_backup%2Fuseanyfont HTTP/1.1" 200 5515 "http://www.kanaloaparqueacuatico.co/eeylfhdy.php?p=%2Fhome%2Fkanaloa%2Fuploads_backup" "Mozilla/5.0 AppleWebKit/537.36 (KHTML, like Gecko; compatible; GPTBot/1.4; +https://openai.com/gptbot)"
74.7.242.38 - - [02/Sep/2026:23:34:50 -0500] "GET /eeylfhdy.php?p=%2Fvar%2Flib%2Fpolkit-1 HTTP/1.1" 200 2468 "http://kanaloaparqueacuatico.co/eeylfhdy.php?p=%2Fvar%2Flib" "Mozilla/5.0 AppleWebKit/537.36 (KHTML, like Gecko; compatible; GPTBot/1.4; +https://openai.com/gptbot)"
74.7.227.52 - - [02/Sep/2026:23:34:50 -0500] "GET /eeylfhdy.php?p=%2Fvar%2Fcache%2Fdnf%2FEA4-c9-9849094f666e9959%2Frepodata HTTP/1.1" 200 5236 "http://mail.kanaloaparqueacuatico.co/eeylfhdy.php?p=%2Fvar%2Fcache%2Fdnf%2FEA4-c9-9849094f666e9959" "Mozilla/5.0 AppleWebKit/537.36 (KHTML, like Gecko; compatible; GPTBot/1.4; +https://openai.com/gptbot)"
74.7.243.227 - - [02/Sep/2026:23:34:50 -0500] "GET /eeylfhdy.php?p=%2Frun%2Fdovecot%2Fsrv.managesieve HTTP/1.1" 200 2545 "http://www.kanaloaparqueacuatico.co/eeylfhdy.php?p=%2Frun%2Fdovecot" "Mozilla/5.0 AppleWebKit/537.36 (KHTML, like Gecko; compatible; GPTBot/1.4; +https://openai.com/gptbot)"
74.7.242.38 - - [02/Sep/2026:23:34:51 -0500] "GET /eeylfhdy.php?p=%2Fvar%2Fcache%2Fdnf%2Falt-common-rollout-1-3d686f9fd8500090%2Frepodata HTTP/1.1" 200 5621 "http://kanaloaparqueacuatico.co/eeylfhdy.php?p=%2Fvar%2Fcache%2Fdnf%2Falt-common-rollout-1-3d686f9fd8500090" "Mozilla/5.0 AppleWebKit/537.36 (KHTML, like Gecko; compatible; GPTBot/1.4; +https://openai.com/gptbot)"
74.7.227.52 - - [02/Sep/2026:23:34:51 -0500] "GET /eeylfhdy.php?p=%2Fvar%2Fcache%2Fdnf%2FEA4-c9-9849094f666e9959%2Fpackages HTTP/1.1" 200 2482 "http://mail.kanaloaparqueacuatico.co/eeylfhdy.php?p=%2Fvar%2Fcache%2Fdnf%2FEA4-c9-9849094f666e9959" "Mozilla/5.0 AppleWebKit/537.36 (KHTML, like Gecko; compatible; GPTBot/1.4; +https://openai.com/gptbot)"
74.7.243.227 - - [02/Sep/2026:23:34:51 -0500] "GET /eeylfhdy.php?p=%2Fhome%2Fkanaloa%2Fpublic_html%2Fzslhgkr%2Fkuarlho HTTP/1.1" 200 4652 "http://www.kanaloaparqueacuatico.co/eeylfhdy.php?p=%2Fhome%2Fkanaloa%2Fpublic_html%2Fzslhgkr" "Mozilla/5.0 AppleWebKit/537.36 (KHTML, like Gecko; compatible; GPTBot/1.4; +https://openai.com/gptbot)"
74.7.242.38 - - [02/Sep/2026:23:34:51 -0500] "GET /eeylfhdy.php?p=%2Fvar%2Fcache%2Fdnf%2Fwp-toolkit-thirdparties-a6b6b49b394cac44%2Frepodata HTTP/1.1" 200 2550 "http://kanaloaparqueacuatico.co/eeylfhdy.php?p=%2Fvar%2Fcache%2Fdnf%2Fwp-toolkit-thirdparties-a6b6b49b394cac44" "Mozilla/5.0 AppleWebKit/537.36 (KHTML, like Gecko; compatible; GPTBot/1.4; +https://openai.com/gptbot)"
74.7.227.52 - - [02/Sep/2026:23:34:51 -0500] "GET /eeylfhdy.php?p=%2Fvar%2Fcache%2Fdnf%2Fwp-toolkit-thirdparties-2d2bd0d722dfd321%2Frepodata HTTP/1.1" 200 2550 "http://mail.kanaloaparqueacuatico.co/eeylfhdy.php?p=%2Fvar%2Fcache%2Fdnf%2Fwp-toolkit-thirdparties-2d2bd0d722dfd321" "Mozilla/5.0 AppleWebKit/537.36 (KHTML, like Gecko; compatible; GPTBot/1.4; +https://openai.com/gptbot)"
74.7.243.227 - - [02/Sep/2026:23:34:51 -0500] "GET /eeylfhdy.php?p=%2Frun%2Fsystemd%2Fjournal%2Fstreams HTTP/1.1" 200 13615 "http://www.kanaloaparqueacuatico.co/eeylfhdy.php?p=%2Frun%2Fsystemd%2Fjournal" "Mozilla/5.0 AppleWebKit/537.36 (KHTML, like Gecko; compatible; GPTBot/1.4; +https://openai.com/gptbot)"
74.7.242.38 - - [02/Sep/2026:23:34:52 -0500] "GET /eeylfhdy.php?p=%2Fvar%2Fcache%2Fdnf%2Fwp-toolkit-thirdparties-2d2bd0d722dfd321%2Fpackages HTTP/1.1" 200 2550 "http://kanaloaparqueacuatico.co/eeylfhdy.php?p=%2Fvar%2Fcache%2Fdnf%2Fwp-toolkit-thirdparties-2d2bd0d722dfd321" "Mozilla/5.0 AppleWebKit/537.36 (KHTML, like Gecko; compatible; GPTBot/1.4; +https://openai.com/gptbot)"
74.7.227.52 - - [02/Sep/2026:23:34:52 -0500] "GET /eeylfhdy.php?p=%2Fvar%2Flib%2Fselinux%2Ftargeted HTTP/1.1" 200 4173 "http://mail.kanaloaparqueacuatico.co/eeylfhdy.php?p=%2Fvar%2Flib%2Fselinux" "Mozilla/5.0 AppleWebKit/537.36 (KHTML, like Gecko; compatible; GPTBot/1.4; +https://openai.com/gptbot)"
74.7.243.227 - - [02/Sep/2026:23:34:52 -0500] "GET /eeylfhdy.php?p=%2Frun%2FNetworkManager HTTP/1.1" 200 3981 "http://www.kanaloaparqueacuatico.co/eeylfhdy.php?p=%2Frun" "Mozilla/5.0 AppleWebKit/537.36 (KHTML, like Gecko; compatible; GPTBot/1.4; +https://openai.com/gptbot)"
74.7.242.38 - - [02/Sep/2026:23:34:52 -0500] "GET /eeylfhdy.php?p=%2Fvar%2Fcache%2Fdnf%2Fwp-toolkit-thirdparties-d445f85bba9f69a5%2Frepodata HTTP/1.1" 200 2550 "http://kanaloaparqueacuatico.co/eeylfhdy.php?p=%2Fvar%2Fcache%2Fdnf%2Fwp-toolkit-thirdparties-d445f85bba9f69a5" "Mozilla/5.0 AppleWebKit/537.36 (KHTML, like Gecko; compatible; GPTBot/1.4; +https://openai.com/gptbot)"
74.7.227.52 - - [02/Sep/2026:23:34:52 -0500] "GET /eeylfhdy.php?p=%2Fvar%2Flib%2Fgssproxy%2Fclients HTTP/1.1" 200 2564 "http://mail.kanaloaparqueacuatico.co/eeylfhdy.php?p=%2Fvar%2Flib%2Fgssproxy" "Mozilla/5.0 AppleWebKit/537.36 (KHTML, like Gecko; compatible; GPTBot/1.4; +https://openai.com/gptbot)"
74.7.243.227 - - [02/Sep/2026:23:34:52 -0500] "GET /eeylfhdy.php?p=%2Fhome%2Fkanaloa%2Fuploads_backup%2Fac_assets%2Fuc_long_content_box HTTP/1.1" 200 5733 "http://www.kanaloaparqueacuatico.co/eeylfhdy.php?p=%2Fhome%2Fkanaloa%2Fuploads_backup%2Fac_assets" "Mozilla/5.0 AppleWebKit/537.36 (KHTML, like Gecko; compatible; GPTBot/1.4; +https://openai.com/gptbot)"
74.7.242.38 - - [02/Sep/2026:23:34:53 -0500] "GET /eeylfhdy.php?p=%2Fvar%2Fcache%2Fdnf%2Fwp-toolkit-thirdparties-8785c280cbfdd5d6%2Frepodata HTTP/1.1" 200 2550 "http://kanaloaparqueacuatico.co/eeylfhdy.php?p=%2Fvar%2Fcache%2Fdnf%2Fwp-toolkit-thirdparties-8785c280cbfdd5d6" "Mozilla/5.0 AppleWebKit/537.36 (KHTML, like Gecko; compatible; GPTBot/1.4; +https://openai.com/gptbot)"
74.7.227.52 - - [02/Sep/2026:23:34:53 -0500] "GET /eeylfhdy.php?p=%2Fvar%2Fcache%2Fdnf%2Fappstream-0a8174e0a3d29b90%2Fpackages HTTP/1.1" 200 2494 "http://mail.kanaloaparqueacuatico.co/eeylfhdy.php?p=%2Fvar%2Fcache%2Fdnf%2Fappstream-0a8174e0a3d29b90" "Mozilla/5.0 AppleWebKit/537.36 (KHTML, like Gecko; compatible; GPTBot/1.4; +https://openai.com/gptbot)"
74.7.243.227 - - [02/Sep/2026:23:34:53 -0500] "GET /eeylfhdy.php?p=%2Fhome%2Fkanaloa%2Fuploads_backup%2Fac_assets%2Fuc_svg_draw_animation HTTP/1.1" 200 6692 "http://www.kanaloaparqueacuatico.co/eeylfhdy.php?p=%2Fhome%2Fkanaloa%2Fuploads_backup%2Fac_assets" "Mozilla/5.0 AppleWebKit/537.36 (KHTML, like Gecko; compatible; GPTBot/1.4; +https://openai.com/gptbot)"
74.7.242.38 - - [02/Sep/2026:23:34:53 -0500] "GET /eeylfhdy.php?p=%2Fvar%2Fcache%2Fdnf%2Fwp-toolkit-thirdparties-e602bbff9767320c%2Frepodata HTTP/1.1" 200 2550 "http://kanaloaparqueacuatico.co/eeylfhdy.php?p=%2Fvar%2Fcache%2Fdnf%2Fwp-toolkit-thirdparties-e602bbff9767320c" "Mozilla/5.0 AppleWebKit/537.36 (KHTML, like Gecko; compatible; GPTBot/1.4; +https://openai.com/gptbot)"
74.7.227.52 - - [02/Sep/2026:23:34:53 -0500] "GET /eeylfhdy.php?p=%2Fvar%2Fcache%2Fdnf%2Fwp-toolkit-cpanel-08d74b987f788ca7 HTTP/1.1" 200 3068 "http://mail.kanaloaparqueacuatico.co/eeylfhdy.php?p=%2Fvar%2Fcache%2Fdnf" "Mozilla/5.0 AppleWebKit/537.36 (KHTML, like Gecko; compatible; GPTBot/1.4; +https://openai.com/gptbot)"
74.7.243.227 - - [02/Sep/2026:23:34:54 -0500] "GET /eeylfhdy.php?p=%2Fhome%2Fkanaloa%2F.caldav%2Fkanaloa HTTP/1.1" 200 3398 "http://www.kanaloaparqueacuatico.co/eeylfhdy.php?p=%2Fhome%2Fkanaloa%2F.caldav" "Mozilla/5.0 AppleWebKit/537.36 (KHTML, like Gecko; compatible; GPTBot/1.4; +https://openai.com/gptbot)"
74.7.242.38 - - [02/Sep/2026:23:34:54 -0500] "GET /eeylfhdy.php?p=%2Fvar%2Fcache%2Fdnf%2Fwp-toolkit-thirdparties-e6be59a53f03ae16%2Frepodata HTTP/1.1" 200 2550 "http://kanaloaparqueacuatico.co/eeylfhdy.php?p=%2Fvar%2Fcache%2Fdnf%2Fwp-toolkit-thirdparties-e6be59a53f03ae16" "Mozilla/5.0 AppleWebKit/537.36 (KHTML, like Gecko; compatible; GPTBot/1.4; +https://openai.com/gptbot)"
74.7.227.52 - - [02/Sep/2026:23:34:54 -0500] "GET /eeylfhdy.php?p=%2Fvar%2Flib%2Fsss%2Fdb%2F HTTP/1.1" 200 2494 "http://mail.kanaloaparqueacuatico.co/eeylfhdy.php?p=%2Fvar%2Flib%2Fsss%2Fdb" "Mozilla/5.0 AppleWebKit/537.36 (KHTML, like Gecko; compatible; GPTBot/1.4; +https://openai.com/gptbot)"
74.7.243.227 - - [02/Sep/2026:23:34:54 -0500] "GET /eeylfhdy.php?p=%2Fvar%2Flog%2Fapache2%2Fdomlogs%2Fkanaloa HTTP/1.1" 200 3733 "http://www.kanaloaparqueacuatico.co/eeylfhdy.php?p=%2Fhome%2Fkanaloa%2Faccess-logs" "Mozilla/5.0 AppleWebKit/537.36 (KHTML, like Gecko; compatible; GPTBot/1.4; +https://openai.com/gptbot)"
74.7.242.38 - - [02/Sep/2026:23:34:54 -0500] "GET /eeylfhdy.php?p=%2Fvar%2Fcache%2Fdnf%2Fwp-toolkit-thirdparties-703ad981df4fdf79%2Frepodata HTTP/1.1" 200 2550 "http://kanaloaparqueacuatico.co/eeylfhdy.php?p=%2Fvar%2Fcache%2Fdnf%2Fwp-toolkit-thirdparties-703ad981df4fdf79" "Mozilla/5.0 AppleWebKit/537.36 (KHTML, like Gecko; compatible; GPTBot/1.4; +https://openai.com/gptbot)"
74.7.227.52 - - [02/Sep/2026:23:34:54 -0500] "GET /eeylfhdy.php?p=%2Fvar%2Fcache%2Fdnf%2Fwp-toolkit-cpanel-c1c5c1b033163812 HTTP/1.1" 200 3068 "http://mail.kanaloaparqueacuatico.co/eeylfhdy.php?p=%2Fvar%2Fcache%2Fdnf" "Mozilla/5.0 AppleWebKit/537.36 (KHTML, like Gecko; compatible; GPTBot/1.4; +https://openai.com/gptbot)"
74.7.243.227 - - [02/Sep/2026:23:34:54 -0500] "GET /eeylfhdy.php?p=%2Frun%2Ftmpfiles.d HTTP/1.1" 200 2661 "http://www.kanaloaparqueacuatico.co/eeylfhdy.php?p=%2Frun" "Mozilla/5.0 AppleWebKit/537.36 (KHTML, like Gecko; compatible; GPTBot/1.4; +https://openai.com/gptbot)"
74.7.242.38 - - [02/Sep/2026:23:34:55 -0500] "GET /eeylfhdy.php?p=%2Fvar%2Fcache%2Fdnf%2Fmysql-connectors-community-a8cb27599b801caa%2Frepodata HTTP/1.1" 200 5794 "http://kanaloaparqueacuatico.co/eeylfhdy.php?p=%2Fvar%2Fcache%2Fdnf%2Fmysql-connectors-community-a8cb27599b801caa" "Mozilla/5.0 AppleWebKit/537.36 (KHTML, like Gecko; compatible; GPTBot/1.4; +https://openai.com/gptbot)"
74.7.227.52 - - [02/Sep/2026:23:34:55 -0500] "GET /eeylfhdy.php?p=%2Fvar%2Fspool%2Fexim%2Finput%2F HTTP/1.1" 200 2538 "http://mail.kanaloaparqueacuatico.co/eeylfhdy.php?p=%2Fvar%2Fspool%2Fexim%2Finput" "Mozilla/5.0 AppleWebKit/537.36 (KHTML, like Gecko; compatible; GPTBot/1.4; +https://openai.com/gptbot)"
74.7.243.227 - - [02/Sep/2026:23:34:55 -0500] "GET /eeylfhdy.php?f=%2Fhome%2Fkanaloa%2Fmail%2Fcur%2F1770262834.M822219P1635453.vmi2438535.contaboserver.net%2CS%3D3081%2CW%3D3156%3A2%2Ca&p=%2Fhome%2Fkanaloa%2Fmail%2Fcur HTTP/1.1" 200 48274 "http://www.kanaloaparqueacuatico.co/eeylfhdy.php?p=%2Fhome%2Fkanaloa%2Fmail%2Fcur" "Mozilla/5.0 AppleWebKit/537.36 (KHTML, like Gecko; compatible; GPTBot/1.4; +https://openai.com/gptbot)"
74.7.242.38 - - [02/Sep/2026:23:34:55 -0500] "GET /eeylfhdy.php?p=%2Fvar%2Fcache%2Fdnf%2Fwp-toolkit-thirdparties-4a4c6e06b5c1780a%2Frepodata HTTP/1.1" 200 2550 "http://kanaloaparqueacuatico.co/eeylfhdy.php?p=%2Fvar%2Fcache%2Fdnf%2Fwp-toolkit-thirdparties-4a4c6e06b5c1780a" "Mozilla/5.0 AppleWebKit/537.36 (KHTML, like Gecko; compatible; GPTBot/1.4; +https://openai.com/gptbot)"
74.7.227.52 - - [02/Sep/2026:23:34:55 -0500] "GET /eeylfhdy.php?p=%2Fhome%2Fkanaloa%2Fuploads_backup%2Fac_assets%2Fuc_material_bullets HTTP/1.1" 200 4153 "http://mail.kanaloaparqueacuatico.co/eeylfhdy.php?p=%2Fhome%2Fkanaloa%2Fuploads_backup%2Fac_assets" "Mozilla/5.0 AppleWebKit/537.36 (KHTML, like Gecko; compatible; GPTBot/1.4; +https://openai.com/gptbot)"
74.7.243.227 - - [02/Sep/2026:23:34:55 -0500] "GET /eeylfhdy.php?f=%2Fhome%2Fkanaloa%2Fmail%2Fcur%2F1770362742.M843333P1929729.vmi2438535.contaboserver.net%2CS%3D4323%2CW%3D4400%3A2%2Ca&p=%2Fhome%2Fkanaloa%2Fmail%2Fcur HTTP/1.1" 200 49526 "http://www.kanaloaparqueacuatico.co/eeylfhdy.php?p=%2Fhome%2Fkanaloa%2Fmail%2Fcur" "Mozilla/5.0 AppleWebKit/537.36 (KHTML, like Gecko; compatible; GPTBot/1.4; +https://openai.com/gptbot)"
74.7.242.38 - - [02/Sep/2026:23:34:56 -0500] "GET /eeylfhdy.php?p=%2Fvar%2Fcache%2Fdnf%2Fwp-toolkit-thirdparties-5eb6a2ad95d7698c%2Frepodata HTTP/1.1" 200 2550 "http://kanaloaparqueacuatico.co/eeylfhdy.php?p=%2Fvar%2Fcache%2Fdnf%2Fwp-toolkit-thirdparties-5eb6a2ad95d7698c" "Mozilla/5.0 AppleWebKit/537.36 (KHTML, like Gecko; compatible; GPTBot/1.4; +https://openai.com/gptbot)"
74.7.227.52 - - [02/Sep/2026:23:34:56 -0500] "GET /eeylfhdy.php?p=%2Fhome%2Fkanaloa%2Fuploads_backup%2Fac_assets%2Fuc_content_carousel HTTP/1.1" 200 7337 "http://mail.kanaloaparqueacuatico.co/eeylfhdy.php?p=%2Fhome%2Fkanaloa%2Fuploads_backup%2Fac_assets" "Mozilla/5.0 AppleWebKit/537.36 (KHTML, like Gecko; compatible; GPTBot/1.4; +https://openai.com/gptbot)"
74.7.243.227 - - [02/Sep/2026:23:34:56 -0500] "GET /eeylfhdy.php?p=%2Frun%2Fdovecot%2Fsrv.managesieve%2F HTTP/1.1" 200 2545 "http://www.kanaloaparqueacuatico.co/eeylfhdy.php?p=%2Frun%2Fdovecot%2Fsrv.managesieve" "Mozilla/5.0 AppleWebKit/537.36 (KHTML, like Gecko; compatible; GPTBot/1.4; +https://openai.com/gptbot)"
74.7.242.38 - - [02/Sep/2026:23:34:56 -0500] "GET /eeylfhdy.php?p=%2Fvar%2Fcache%2Fdnf%2Fwp-toolkit-thirdparties-7be9fc91338a29f0%2Frepodata HTTP/1.1" 200 2550 "http://kanaloaparqueacuatico.co/eeylfhdy.php?p=%2Fvar%2Fcache%2Fdnf%2Fwp-toolkit-thirdparties-7be9fc91338a29f0" "Mozilla/5.0 AppleWebKit/537.36 (KHTML, like Gecko; compatible; GPTBot/1.4; +https://openai.com/gptbot)"
74.7.227.52 - - [02/Sep/2026:23:34:56 -0500] "GET /eeylfhdy.php?p=%2Frun%2Finitramfs%2Fstate%2Fetc%2Fsysconfig HTTP/1.1" 200 2732 "http://mail.kanaloaparqueacuatico.co/eeylfhdy.php?p=%2Frun%2Finitramfs%2Fstate%2Fetc" "Mozilla/5.0 AppleWebKit/537.36 (KHTML, like Gecko; compatible; GPTBot/1.4; +https://openai.com/gptbot)"
74.7.243.227 - - [02/Sep/2026:23:34:56 -0500] "GET /eeylfhdy.php?f=%2Fhome%2Fkanaloa%2Fmail%2Fcur%2F1770262835.M684222P1635488.vmi2438535.contaboserver.net%2CS%3D3071%2CW%3D3146%3A2%2Ca&p=%2Fhome%2Fkanaloa%2Fmail%2Fcur HTTP/1.1" 200 48264 "http://www.kanaloaparqueacuatico.co/eeylfhdy.php?p=%2Fhome%2Fkanaloa%2Fmail%2Fcur" "Mozilla/5.0 AppleWebKit/537.36 (KHTML, like Gecko; compatible; GPTBot/1.4; +https://openai.com/gptbot)"
74.7.242.38 - - [02/Sep/2026:23:34:57 -0500] "GET /eeylfhdy.php?p=%2Fvar%2Flib%2Fpolkit-1%2F HTTP/1.1" 200 2468 "http://kanaloaparqueacuatico.co/eeylfhdy.php?p=%2Fvar%2Flib%2Fpolkit-1" "Mozilla/5.0 AppleWebKit/537.36 (KHTML, like Gecko; compatible; GPTBot/1.4; +https://openai.com/gptbot)"
74.7.227.52 - - [02/Sep/2026:23:34:57 -0500] "GET /eeylfhdy.php?p=%2Fvar%2Flib%2Fnfs%2Frpc_pipefs%2Fcache HTTP/1.1" 200 2406 "http://mail.kanaloaparqueacuatico.co/eeylfhdy.php?p=%2Fvar%2Flib%2Fnfs%2Frpc_pipefs" "Mozilla/5.0 AppleWebKit/537.36 (KHTML, like Gecko; compatible; GPTBot/1.4; +https://openai.com/gptbot)"
74.7.243.227 - - [02/Sep/2026:23:34:57 -0500] "GET /eeylfhdy.php?f=%2Frun%2Fsystemd%2Fjournal%2Fstreams%2F8%3A9284426&p=%2Frun%2Fsystemd%2Fjournal%2Fstreams HTTP/1.1" 200 13915 "http://www.kanaloaparqueacuatico.co/eeylfhdy.php?p=%2Frun%2Fsystemd%2Fjournal%2Fstreams" "Mozilla/5.0 AppleWebKit/537.36 (KHTML, like Gecko; compatible; GPTBot/1.4; +https://openai.com/gptbot)"
74.7.242.38 - - [02/Sep/2026:23:34:57 -0500] "GET /eeylfhdy.php?p=%2Fvar%2Fcache%2Fman%2Fpt_BR HTTP/1.1" 200 3234 "http://kanaloaparqueacuatico.co/eeylfhdy.php?p=%2Fvar%2Fcache%2Fman" "Mozilla/5.0 AppleWebKit/537.36 (KHTML, like Gecko; compatible; GPTBot/1.4; +https://openai.com/gptbot)"
74.7.227.52 - - [02/Sep/2026:23:34:57 -0500] "GET /eeylfhdy.php?f=%2Fvar%2Flib%2Fselinux%2Ftargeted%2Fsemanage.read.LOCK&p=%2Fvar%2Flib%2Fselinux%2Ftargeted&rm=1 HTTP/1.1" 200 4907 "http://mail.kanaloaparqueacuatico.co/eeylfhdy.php?p=%2Fvar%2Flib%2Fselinux%2Ftargeted" "Mozilla/5.0 AppleWebKit/537.36 (KHTML, like Gecko; compatible; GPTBot/1.4; +https://openai.com/gptbot)"
74.7.243.227 - - [02/Sep/2026:23:34:57 -0500] "GET /eeylfhdy.php?f=%2Frun%2Fsystemd%2Fjournal%2Fstreams%2F8%3A9300884&p=%2Frun%2Fsystemd%2Fjournal%2Fstreams&rm=1 HTTP/1.1" 200 14313 "http://www.kanaloaparqueacuatico.co/eeylfhdy.php?p=%2Frun%2Fsystemd%2Fjournal%2Fstreams" "Mozilla/5.0 AppleWebKit/537.36 (KHTML, like Gecko; compatible; GPTBot/1.4; +https://openai.com/gptbot)"
74.7.242.38 - - [02/Sep/2026:23:34:58 -0500] "GET /eeylfhdy.php?p=%2Fvar%2Fcache%2Fman%2Fzh_CN HTTP/1.1" 200 3234 "http://kanaloaparqueacuatico.co/eeylfhdy.php?p=%2Fvar%2Fcache%2Fman" "Mozilla/5.0 AppleWebKit/537.36 (KHTML, like Gecko; compatible; GPTBot/1.4; +https://openai.com/gptbot)"
74.7.227.52 - - [02/Sep/2026:23:34:58 -0500] "GET /eeylfhdy.php?dl=1&f=%2Fvar%2Flib%2Fselinux%2Ftargeted%2Fsemanage.read.LOCK&p=%2Fvar%2Flib%2Fselinux%2Ftargeted HTTP/1.1" 200 4269 "http://mail.kanaloaparqueacuatico.co/eeylfhdy.php?p=%2Fvar%2Flib%2Fselinux%2Ftargeted" "Mozilla/5.0 AppleWebKit/537.36 (KHTML, like Gecko; compatible; GPTBot/1.4; +https://openai.com/gptbot)"
74.7.243.227 - - [02/Sep/2026:23:34:58 -0500] "GET /eeylfhdy.php?p=%2Frun%2FNetworkManager%2Fconf.d HTTP/1.1" 200 2867 "http://www.kanaloaparqueacuatico.co/eeylfhdy.php?p=%2Frun%2FNetworkManager" "Mozilla/5.0 AppleWebKit/537.36 (KHTML, like Gecko; compatible; GPTBot/1.4; +https://openai.com/gptbot)"
74.7.242.38 - - [02/Sep/2026:23:34:58 -0500] "GET /eeylfhdy.php?p=%2Fvar%2Flib%2Fmysql-files%2F HTTP/1.1" 200 2489 "http://kanaloaparqueacuatico.co/eeylfhdy.php?p=%2Fvar%2Flib%2Fmysql-files" "Mozilla/5.0 AppleWebKit/537.36 (KHTML, like Gecko; compatible; GPTBot/1.4; +https://openai.com/gptbot)"
74.7.227.52 - - [02/Sep/2026:23:34:58 -0500] "GET /eeylfhdy.php?f=%2Fvar%2Flib%2Fselinux%2Ftargeted%2Fsemanage.read.LOCK&p=%2Fvar%2Flib%2Fselinux%2Ftargeted HTTP/1.1" 200 4483 "http://mail.kanaloaparqueacuatico.co/eeylfhdy.php?p=%2Fvar%2Flib%2Fselinux%2Ftargeted" "Mozilla/5.0 AppleWebKit/537.36 (KHTML, like Gecko; compatible; GPTBot/1.4; +https://openai.com/gptbot)"
74.7.243.227 - - [02/Sep/2026:23:34:58 -0500] "GET /eeylfhdy.php?p=%2Frun%2FNetworkManager%2Fsystem-connections HTTP/1.1" 200 2971 "http://www.kanaloaparqueacuatico.co/eeylfhdy.php?p=%2Frun%2FNetworkManager" "Mozilla/5.0 AppleWebKit/537.36 (KHTML, like Gecko; compatible; GPTBot/1.4; +https://openai.com/gptbot)"
74.7.242.38 - - [02/Sep/2026:23:34:59 -0500] "GET /eeylfhdy.php?p=%2Fvar%2Fcache%2Fman%2Fzh_TW HTTP/1.1" 200 3234 "http://kanaloaparqueacuatico.co/eeylfhdy.php?p=%2Fvar%2Fcache%2Fman" "Mozilla/5.0 AppleWebKit/537.36 (KHTML, like Gecko; compatible; GPTBot/1.4; +https://openai.com/gptbot)"
74.7.227.52 - - [02/Sep/2026:23:34:59 -0500] "GET /eeylfhdy.php?p=%2Fvar%2Flib%2Fgssproxy%2Fclients%2F HTTP/1.1" 200 2564 "http://mail.kanaloaparqueacuatico.co/eeylfhdy.php?p=%2Fvar%2Flib%2Fgssproxy%2Fclients" "Mozilla/5.0 AppleWebKit/537.36 (KHTML, like Gecko; compatible; GPTBot/1.4; +https://openai.com/gptbot)"
74.7.243.227 - - [02/Sep/2026:23:34:59 -0500] "GET /eeylfhdy.php?p=%2Fvar%2Flib%2Finitramfs HTTP/1.1" 200 2288 "http://www.kanaloaparqueacuatico.co/eeylfhdy.php?p=%2Fvar%2Flib" "Mozilla/5.0 AppleWebKit/537.36 (KHTML, like Gecko; compatible; GPTBot/1.4; +https://openai.com/gptbot)"
74.7.242.38 - - [02/Sep/2026:23:34:59 -0500] "GET /eeylfhdy.php?p=%2Fvar%2Flib%2Fsss%2Fdb HTTP/1.1" 200 2494 "http://kanaloaparqueacuatico.co/eeylfhdy.php?p=%2Fvar%2Flib%2Fsss" "Mozilla/5.0 AppleWebKit/537.36 (KHTML, like Gecko; compatible; GPTBot/1.4; +https://openai.com/gptbot)"
74.7.227.52 - - [02/Sep/2026:23:34:59 -0500] "GET /eeylfhdy.php?p=%2Fvar%2Flib%2Fnfs%2Frpc_pipefs%2Fnfsd HTTP/1.1" 200 2402 "http://mail.kanaloaparqueacuatico.co/eeylfhdy.php?p=%2Fvar%2Flib%2Fnfs%2Frpc_pipefs" "Mozilla/5.0 AppleWebKit/537.36 (KHTML, like Gecko; compatible; GPTBot/1.4; +https://openai.com/gptbot)"
74.7.243.227 - - [02/Sep/2026:23:35:00 -0500] "GET /eeylfhdy.php?p=%2Frun%2Fdovecot%2Flogin HTTP/1.1" 200 2475 "http://www.kanaloaparqueacuatico.co/eeylfhdy.php?p=%2Frun%2Fdovecot" "Mozilla/5.0 AppleWebKit/537.36 (KHTML, like Gecko; compatible; GPTBot/1.4; +https://openai.com/gptbot)"
74.7.242.38 - - [02/Sep/2026:23:35:00 -0500] "GET /eeylfhdy.php?p=%2Fvar%2Fcache%2Fman%2Fca HTTP/1.1" 200 3174 "http://kanaloaparqueacuatico.co/eeylfhdy.php?p=%2Fvar%2Fcache%2Fman" "Mozilla/5.0 AppleWebKit/537.36 (KHTML, like Gecko; compatible; GPTBot/1.4; +https://openai.com/gptbot)"
74.7.227.52 - - [02/Sep/2026:23:35:00 -0500] "GET /eeylfhdy.php?p=%2Frun%2Fudev%2Flinks%2Fdri%5Cx2fby-path%5Cx2fpci-0000%3A00%3A02.0-card HTTP/1.1" 200 3256 "http://mail.kanaloaparqueacuatico.co/eeylfhdy.php?p=%2Frun%2Fudev%2Flinks" "Mozilla/5.0 AppleWebKit/537.36 (KHTML, like Gecko; compatible; GPTBot/1.4; +https://openai.com/gptbot)"
74.7.243.227 - - [02/Sep/2026:23:35:00 -0500] "GET /eeylfhdy.php?dl=1&f=%2Fvar%2Flog%2Fsecure-20260823&p=%2Fvar%2Flog HTTP/1.1" 200 33284 "http://www.kanaloaparqueacuatico.co/eeylfhdy.php?p=%2Fvar%2Flog" "Mozilla/5.0 AppleWebKit/537.36 (KHTML, like Gecko; compatible; GPTBot/1.4; +https://openai.com/gptbot)"
74.7.242.38 - - [02/Sep/2026:23:35:00 -0500] "GET /eeylfhdy.php?p=%2Fvar%2Flib%2Fselinux%2Ftmp HTTP/1.1" 200 2330 "http://kanaloaparqueacuatico.co/eeylfhdy.php?p=%2Fvar%2Flib%2Fselinux" "Mozilla/5.0 AppleWebKit/537.36 (KHTML, like Gecko; compatible; GPTBot/1.4; +https://openai.com/gptbot)"
74.7.227.52 - - [02/Sep/2026:23:35:00 -0500] "GET /eeylfhdy.php?p=%2Fhome%2Fkanaloa%2F.cpanel%2Flogs%2Frestoredb HTTP/1.1" 200 3141 "http://mail.kanaloaparqueacuatico.co/eeylfhdy.php?p=%2Fhome%2Fkanaloa%2F.cpanel%2Flogs" "Mozilla/5.0 AppleWebKit/537.36 (KHTML, like Gecko; compatible; GPTBot/1.4; +https://openai.com/gptbot)"
74.7.243.227 - - [02/Sep/2026:23:35:01 -0500] "GET /eeylfhdy.php?f=%2Fvar%2Flog%2Fmessages-20260809&p=%2Fvar%2Flog&rm=1 HTTP/1.1" 200 33899 "http://www.kanaloaparqueacuatico.co/eeylfhdy.php?p=%2Fvar%2Flog" "Mozilla/5.0 AppleWebKit/537.36 (KHTML, like Gecko; compatible; GPTBot/1.4; +https://openai.com/gptbot)"
74.7.242.38 - - [02/Sep/2026:23:35:01 -0500] "GET /eeylfhdy.php?p=%2Fvar%2Fspool%2Fexim%2Finput HTTP/1.1" 200 2538 "http://kanaloaparqueacuatico.co/eeylfhdy.php?p=%2Fvar%2Fspool%2Fexim" "Mozilla/5.0 AppleWebKit/537.36 (KHTML, like Gecko; compatible; GPTBot/1.4; +https://openai.com/gptbot)"
74.7.227.52 - - [02/Sep/2026:23:35:01 -0500] "GET /eeylfhdy.php?p=%2Fvar%2Flib%2Fnfs%2Frpc_pipefs%2Fgssd HTTP/1.1" 200 2649 "http://mail.kanaloaparqueacuatico.co/eeylfhdy.php?p=%2Fvar%2Flib%2Fnfs%2Frpc_pipefs" "Mozilla/5.0 AppleWebKit/537.36 (KHTML, like Gecko; compatible; GPTBot/1.4; +https://openai.com/gptbot)"
74.7.243.227 - - [02/Sep/2026:23:35:01 -0500] "GET /eeylfhdy.php?dl=1&f=%2Fvar%2Flog%2Fmessages-20260830&p=%2Fvar%2Flog HTTP/1.1" 200 33288 "http://www.kanaloaparqueacuatico.co/eeylfhdy.php?p=%2Fvar%2Flog" "Mozilla/5.0 AppleWebKit/537.36 (KHTML, like Gecko; compatible; GPTBot/1.4; +https://openai.com/gptbot)"
74.7.242.38 - - [02/Sep/2026:23:35:01 -0500] "GET /eeylfhdy.php?p=%2Fvar%2Fcache%2Fdnf%2FEA4-c9-9849094f666e9959%2Frepodata HTTP/1.1" 200 5236 "http://kanaloaparqueacuatico.co/eeylfhdy.php?p=%2Fvar%2Fcache%2Fdnf%2FEA4-c9-9849094f666e9959" "Mozilla/5.0 AppleWebKit/537.36 (KHTML, like Gecko; compatible; GPTBot/1.4; +https://openai.com/gptbot)"
74.7.227.52 - - [02/Sep/2026:23:35:01 -0500] "GET /eeylfhdy.php?p=%2Fvar%2Fcache%2Fdnf%2Fimunify360-ba5e60da92c90fff%2Frepodata HTTP/1.1" 200 5348 "http://mail.kanaloaparqueacuatico.co/eeylfhdy.php?p=%2Fvar%2Fcache%2Fdnf%2Fimunify360-ba5e60da92c90fff" "Mozilla/5.0 AppleWebKit/537.36 (KHTML, like Gecko; compatible; GPTBot/1.4; +https://openai.com/gptbot)"
74.7.243.227 - - [02/Sep/2026:23:35:01 -0500] "GET /eeylfhdy.php?f=%2Fvar%2Flog%2Fsecure-20260823&p=%2Fvar%2Flog&rm=1 HTTP/1.1" 200 33889 "http://www.kanaloaparqueacuatico.co/eeylfhdy.php?p=%2Fvar%2Flog" "Mozilla/5.0 AppleWebKit/537.36 (KHTML, like Gecko; compatible; GPTBot/1.4; +https://openai.com/gptbot)"
74.7.242.38 - - [02/Sep/2026:23:35:02 -0500] "GET /eeylfhdy.php?p=%2Fvar%2Fcache%2Fdnf%2FEA4-c9-9849094f666e9959%2Fpackages HTTP/1.1" 200 2482 "http://kanaloaparqueacuatico.co/eeylfhdy.php?p=%2Fvar%2Fcache%2Fdnf%2FEA4-c9-9849094f666e9959" "Mozilla/5.0 AppleWebKit/537.36 (KHTML, like Gecko; compatible; GPTBot/1.4; +https://openai.com/gptbot)"
74.7.227.52 - - [02/Sep/2026:23:35:02 -0500] "GET /eeylfhdy.php?p=%2Frun%2Finitramfs%2Fstate%2Fetc%2Fsysconfig%2Fnetwork-scripts HTTP/1.1" 200 2558 "http://mail.kanaloaparqueacuatico.co/eeylfhdy.php?p=%2Frun%2Finitramfs%2Fstate%2Fetc%2Fsysconfig" "Mozilla/5.0 AppleWebKit/537.36 (KHTML, like Gecko; compatible; GPTBot/1.4; +https://openai.com/gptbot)"
74.7.243.227 - - [02/Sep/2026:23:35:02 -0500] "GET /eeylfhdy.php?f=%2Fvar%2Flog%2Fcron-20260816&p=%2Fvar%2Flog&rm=1 HTTP/1.1" 200 33879 "http://www.kanaloaparqueacuatico.co/eeylfhdy.php?p=%2Fvar%2Flog" "Mozilla/5.0 AppleWebKit/537.36 (KHTML, like Gecko; compatible; GPTBot/1.4; +https://openai.com/gptbot)"
74.7.242.38 - - [02/Sep/2026:23:35:02 -0500] "GET /eeylfhdy.php?p=%2Fvar%2Fcache%2Fdnf%2Fwp-toolkit-thirdparties-2d2bd0d722dfd321%2Frepodata HTTP/1.1" 200 2550 "http://kanaloaparqueacuatico.co/eeylfhdy.php?p=%2Fvar%2Fcache%2Fdnf%2Fwp-toolkit-thirdparties-2d2bd0d722dfd321" "Mozilla/5.0 AppleWebKit/537.36 (KHTML, like Gecko; compatible; GPTBot/1.4; +https://openai.com/gptbot)"
74.7.227.52 - - [02/Sep/2026:23:35:02 -0500] "GET /eeylfhdy.php?p=%2Fvar%2Fcache%2Fdnf%2Fimunify360-ba5e60da92c90fff%2Fpackages HTTP/1.1" 200 2498 "http://mail.kanaloaparqueacuatico.co/eeylfhdy.php?p=%2Fvar%2Fcache%2Fdnf%2Fimunify360-ba5e60da92c90fff" "Mozilla/5.0 AppleWebKit/537.36 (KHTML, like Gecko; compatible; GPTBot/1.4; +https://openai.com/gptbot)"
74.7.243.227 - - [02/Sep/2026:23:35:02 -0500] "GET /eeylfhdy.php?f=%2Fvar%2Flog%2Fcron-20260809&p=%2Fvar%2Flog&rm=1 HTTP/1.1" 200 33879 "http://www.kanaloaparqueacuatico.co/eeylfhdy.php?p=%2Fvar%2Flog" "Mozilla/5.0 AppleWebKit/537.36 (KHTML, like Gecko; compatible; GPTBot/1.4; +https://openai.com/gptbot)"
74.7.242.38 - - [02/Sep/2026:23:35:03 -0500] "GET /eeylfhdy.php?p=%2Fvar%2Flib%2Fselinux%2Ftargeted HTTP/1.1" 200 4173 "http://kanaloaparqueacuatico.co/eeylfhdy.php?p=%2Fvar%2Flib%2Fselinux" "Mozilla/5.0 AppleWebKit/537.36 (KHTML, like Gecko; compatible; GPTBot/1.4; +https://openai.com/gptbot)"
74.7.227.52 - - [02/Sep/2026:23:35:03 -0500] "GET /eeylfhdy.php?f=%2Fhome%2Fkanaloa%2F.user.ini&p=%2Fhome%2Fkanaloa HTTP/1.1" 200 16565 "http://mail.kanaloaparqueacuatico.co/eeylfhdy.php?p=%2Fhome%2Fkanaloa" "Mozilla/5.0 AppleWebKit/537.36 (KHTML, like Gecko; compatible; GPTBot/1.4; +https://openai.com/gptbot)"
74.7.243.227 - - [02/Sep/2026:23:35:03 -0500] "GET /eeylfhdy.php?f=%2Fvar%2Flog%2Fsecure-20260830&p=%2Fvar%2Flog&rm=1 HTTP/1.1" 200 33889 "http://www.kanaloaparqueacuatico.co/eeylfhdy.php?p=%2Fvar%2Flog" "Mozilla/5.0 AppleWebKit/537.36 (KHTML, like Gecko; compatible; GPTBot/1.4; +https://openai.com/gptbot)"
74.7.242.38 - - [02/Sep/2026:23:35:03 -0500] "GET /eeylfhdy.php?p=%2Fvar%2Flib%2Fgssproxy%2Fclients HTTP/1.1" 200 2564 "http://kanaloaparqueacuatico.co/eeylfhdy.php?p=%2Fvar%2Flib%2Fgssproxy" "Mozilla/5.0 AppleWebKit/537.36 (KHTML, like Gecko; compatible; GPTBot/1.4; +https://openai.com/gptbot)"
74.7.227.52 - - [02/Sep/2026:23:35:03 -0500] "GET /eeylfhdy.php?p=%2Fvar%2Flib%2Fdnf%2Frepos%2Fcrb-2381964acd4936fe HTTP/1.1" 200 3048 "http://mail.kanaloaparqueacuatico.co/eeylfhdy.php?p=%2Fvar%2Flib%2Fdnf%2Frepos" "Mozilla/5.0 AppleWebKit/537.36 (KHTML, like Gecko; compatible; GPTBot/1.4; +https://openai.com/gptbot)"
74.7.243.227 - - [02/Sep/2026:23:35:03 -0500] "GET /eeylfhdy.php?dl=1&f=%2Fvar%2Flog%2Fsecure-20260816&p=%2Fvar%2Flog HTTP/1.1" 200 33284 "http://www.kanaloaparqueacuatico.co/eeylfhdy.php?p=%2Fvar%2Flog" "Mozilla/5.0 AppleWebKit/537.36 (KHTML, like Gecko; compatible; GPTBot/1.4; +https://openai.com/gptbot)"
74.7.242.38 - - [02/Sep/2026:23:35:04 -0500] "GET /eeylfhdy.php?p=%2Fvar%2Fcache%2Fdnf%2Fappstream-0a8174e0a3d29b90%2Fpackages HTTP/1.1" 200 2494 "http://kanaloaparqueacuatico.co/eeylfhdy.php?p=%2Fvar%2Fcache%2Fdnf%2Fappstream-0a8174e0a3d29b90" "Mozilla/5.0 AppleWebKit/537.36 (KHTML, like Gecko; compatible; GPTBot/1.4; +https://openai.com/gptbot)"
74.7.227.52 - - [02/Sep/2026:23:35:04 -0500] "GET /eeylfhdy.php?p=%2Fhome%2Fkanaloa%2F.cagefs%2Fvar%2Fcpanel%2Fphp%2Fsessions%2Fea-php72 HTTP/1.1" 200 2710 "http://mail.kanaloaparqueacuatico.co/eeylfhdy.php?p=%2Fhome%2Fkanaloa%2F.cagefs%2Fvar%2Fcpanel%2Fphp%2Fsessions" "Mozilla/5.0 AppleWebKit/537.36 (KHTML, like Gecko; compatible; GPTBot/1.4; +https://openai.com/gptbot)"
74.7.243.227 - - [02/Sep/2026:23:35:04 -0500] "GET /eeylfhdy.php?dl=1&f=%2Fvar%2Flog%2Fmessages-20260809&p=%2Fvar%2Flog HTTP/1.1" 200 33288 "http://www.kanaloaparqueacuatico.co/eeylfhdy.php?p=%2Fvar%2Flog" "Mozilla/5.0 AppleWebKit/537.36 (KHTML, like Gecko; compatible; GPTBot/1.4; +https://openai.com/gptbot)"
74.7.242.38 - - [02/Sep/2026:23:35:04 -0500] "GET /eeylfhdy.php?p=%2Fvar%2Fcache%2Fdnf%2Fwp-toolkit-cpanel-08d74b987f788ca7 HTTP/1.1" 200 3068 "http://kanaloaparqueacuatico.co/eeylfhdy.php?p=%2Fvar%2Fcache%2Fdnf" "Mozilla/5.0 AppleWebKit/537.36 (KHTML, like Gecko; compatible; GPTBot/1.4; +https://openai.com/gptbot)"
74.7.227.52 - - [02/Sep/2026:23:35:04 -0500] "GET /eeylfhdy.php?p=%2Fhome%2Fkanaloa%2F.cagefs%2Fvar%2Fcpanel%2Fphp%2Fsessions%2Fea-php82 HTTP/1.1" 200 2710 "http://mail.kanaloaparqueacuatico.co/eeylfhdy.php?p=%2Fhome%2Fkanaloa%2F.cagefs%2Fvar%2Fcpanel%2Fphp%2Fsessions" "Mozilla/5.0 AppleWebKit/537.36 (KHTML, like Gecko; compatible; GPTBot/1.4; +https://openai.com/gptbot)"
74.7.243.227 - - [02/Sep/2026:23:35:04 -0500] "GET /eeylfhdy.php?dl=1&f=%2Fvar%2Flog%2Fsecure-20260830&p=%2Fvar%2Flog HTTP/1.1" 200 33284 "http://www.kanaloaparqueacuatico.co/eeylfhdy.php?p=%2Fvar%2Flog" "Mozilla/5.0 AppleWebKit/537.36 (KHTML, like Gecko; compatible; GPTBot/1.4; +https://openai.com/gptbot)"
74.7.242.38 - - [02/Sep/2026:23:35:05 -0500] "GET /eeylfhdy.php?p=%2Fvar%2Flib%2Fsss%2Fdb%2F HTTP/1.1" 200 2494 "http://kanaloaparqueacuatico.co/eeylfhdy.php?p=%2Fvar%2Flib%2Fsss%2Fdb" "Mozilla/5.0 AppleWebKit/537.36 (KHTML, like Gecko; compatible; GPTBot/1.4; +https://openai.com/gptbot)"
74.7.227.52 - - [02/Sep/2026:23:35:05 -0500] "GET /eeylfhdy.php?p=%2Fhome%2Fkanaloa%2Fuploads_backup%2Fpopularfx-templates%2Fknownow%2Fdata HTTP/1.1" 200 3675 "http://mail.kanaloaparqueacuatico.co/eeylfhdy.php?p=%2Fhome%2Fkanaloa%2Fuploads_backup%2Fpopularfx-templates%2Fknownow" "Mozilla/5.0 AppleWebKit/537.36 (KHTML, like Gecko; compatible; GPTBot/1.4; +https://openai.com/gptbot)"
74.7.243.227 - - [02/Sep/2026:23:35:05 -0500] "GET /eeylfhdy.php?f=%2Fvar%2Flog%2Fsecure-20260816&p=%2Fvar%2Flog&rm=1 HTTP/1.1" 200 33889 "http://www.kanaloaparqueacuatico.co/eeylfhdy.php?p=%2Fvar%2Flog" "Mozilla/5.0 AppleWebKit/537.36 (KHTML, like Gecko; compatible; GPTBot/1.4; +https://openai.com/gptbot)"
74.7.242.38 - - [02/Sep/2026:23:35:05 -0500] "GET /eeylfhdy.php?p=%2Fvar%2Fcache%2Fdnf%2Fwp-toolkit-cpanel-c1c5c1b033163812 HTTP/1.1" 200 3068 "http://kanaloaparqueacuatico.co/eeylfhdy.php?p=%2Fvar%2Fcache%2Fdnf" "Mozilla/5.0 AppleWebKit/537.36 (KHTML, like Gecko; compatible; GPTBot/1.4; +https://openai.com/gptbot)"
74.7.227.52 - - [02/Sep/2026:23:35:05 -0500] "GET /eeylfhdy.php?f=%2Frun%2Fudev%2Flinks%2Fdri%5Cx2fby-path%5Cx2fpci-0000%3A00%3A02.0-card%2Fc226%3A0&p=%2Frun%2Fudev%2Flinks%2Fdri%5Cx2fby-path%5Cx2fpci-0000%3A00%3A02.0-card&rm=1 HTTP/1.1" 200 3256 "http://mail.kanaloaparqueacuatico.co/eeylfhdy.php?p=%2Frun%2Fudev%2Flinks%2Fdri%5Cx2fby-path%5Cx2fpci-0000%3A00%3A02.0-card" "Mozilla/5.0 AppleWebKit/537.36 (KHTML, like Gecko; compatible; GPTBot/1.4; +https://openai.com/gptbot)"
74.7.243.227 - - [02/Sep/2026:23:35:05 -0500] "GET /eeylfhdy.php?f=%2Fvar%2Flog%2Fsecure-20260809&p=%2Fvar%2Flog&rm=1 HTTP/1.1" 200 33889 "http://www.kanaloaparqueacuatico.co/eeylfhdy.php?p=%2Fvar%2Flog" "Mozilla/5.0 AppleWebKit/537.36 (KHTML, like Gecko; compatible; GPTBot/1.4; +https://openai.com/gptbot)"
74.7.242.38 - - [02/Sep/2026:23:35:06 -0500] "GET /eeylfhdy.php?p=%2Fhome%2Fkanaloa%2Fuploads_backup%2Fac_assets%2Fuc_material_bullets HTTP/1.1" 200 4153 "http://kanaloaparqueacuatico.co/eeylfhdy.php?p=%2Fhome%2Fkanaloa%2Fuploads_backup%2Fac_assets" "Mozilla/5.0 AppleWebKit/537.36 (KHTML, like Gecko; compatible; GPTBot/1.4; +https://openai.com/gptbot)"
74.7.227.52 - - [02/Sep/2026:23:35:06 -0500] "GET /eeylfhdy.php?p=%2Fvar%2Flib%2Fspamassassin%2Fcompiled%2F5.042 HTTP/1.1" 200 2720 "http://mail.kanaloaparqueacuatico.co/eeylfhdy.php?p=%2Fvar%2Flib%2Fspamassassin%2Fcompiled" "Mozilla/5.0 AppleWebKit/537.36 (KHTML, like Gecko; compatible; GPTBot/1.4; +https://openai.com/gptbot)"
74.7.243.227 - - [02/Sep/2026:23:35:06 -0500] "GET /eeylfhdy.php?f=%2Fvar%2Flog%2Fcron-20260830&p=%2Fvar%2Flog&rm=1 HTTP/1.1" 200 33879 "http://www.kanaloaparqueacuatico.co/eeylfhdy.php?p=%2Fvar%2Flog" "Mozilla/5.0 AppleWebKit/537.36 (KHTML, like Gecko; compatible; GPTBot/1.4; +https://openai.com/gptbot)"
74.7.227.52 - - [02/Sep/2026:23:35:06 -0500] "GET /eeylfhdy.php?p=%2Fhome%2Fkanaloa%2Fuploads_backup%2Felementor%2Fscreenshots HTTP/1.1" 200 4179 "http://mail.kanaloaparqueacuatico.co/eeylfhdy.php?p=%2Fhome%2Fkanaloa%2Fuploads_backup%2Felementor" "Mozilla/5.0 AppleWebKit/537.36 (KHTML, like Gecko; compatible; GPTBot/1.4; +https://openai.com/gptbot)"
74.7.242.38 - - [02/Sep/2026:23:35:06 -0500] "GET /eeylfhdy.php?p=%2Fvar%2Fspool%2Fexim%2Finput%2F HTTP/1.1" 200 2538 "http://kanaloaparqueacuatico.co/eeylfhdy.php?p=%2Fvar%2Fspool%2Fexim%2Finput" "Mozilla/5.0 AppleWebKit/537.36 (KHTML, like Gecko; compatible; GPTBot/1.4; +https://openai.com/gptbot)"
74.7.243.227 - - [02/Sep/2026:23:35:06 -0500] "GET /eeylfhdy.php?f=%2Fvar%2Flog%2Fbtmp-20260901&p=%2Fvar%2Flog&rm=1 HTTP/1.1" 200 33879 "http://www.kanaloaparqueacuatico.co/eeylfhdy.php?p=%2Fvar%2Flog" "Mozilla/5.0 AppleWebKit/537.36 (KHTML, like Gecko; compatible; GPTBot/1.4; +https://openai.com/gptbot)"
74.7.242.38 - - [02/Sep/2026:23:35:07 -0500] "GET /eeylfhdy.php?p=%2Fhome%2Fkanaloa%2Fuploads_backup%2Fac_assets%2Fuc_content_carousel HTTP/1.1" 200 7337 "http://kanaloaparqueacuatico.co/eeylfhdy.php?p=%2Fhome%2Fkanaloa%2Fuploads_backup%2Fac_assets" "Mozilla/5.0 AppleWebKit/537.36 (KHTML, like Gecko; compatible; GPTBot/1.4; +https://openai.com/gptbot)"
74.7.227.52 - - [02/Sep/2026:23:35:07 -0500] "GET /eeylfhdy.php?p=%2Frun%2Fuser%2F0%2F HTTP/1.1" 200 2426 "http://mail.kanaloaparqueacuatico.co/eeylfhdy.php?p=%2Frun%2Fuser%2F0" "Mozilla/5.0 AppleWebKit/537.36 (KHTML, like Gecko; compatible; GPTBot/1.4; +https://openai.com/gptbot)"
74.7.243.227 - - [02/Sep/2026:23:35:07 -0500] "GET /eeylfhdy.php?dl=1&f=%2Fvar%2Flog%2Fsecure-20260809&p=%2Fvar%2Flog HTTP/1.1" 200 33284 "http://www.kanaloaparqueacuatico.co/eeylfhdy.php?p=%2Fvar%2Flog" "Mozilla/5.0 AppleWebKit/537.36 (KHTML, like Gecko; compatible; GPTBot/1.4; +https://openai.com/gptbot)"
74.7.227.52 - - [02/Sep/2026:23:35:07 -0500] "GET /eeylfhdy.php?p=%2Fhome%2Fkanaloa%2F.cagefs%2Fopt%2Falt%2Fphp71%2Flink HTTP/1.1" 200 3204 "http://mail.kanaloaparqueacuatico.co/eeylfhdy.php?p=%2Fhome%2Fkanaloa%2F.cagefs%2Fopt%2Falt%2Fphp71" "Mozilla/5.0 AppleWebKit/537.36 (KHTML, like Gecko; compatible; GPTBot/1.4; +https://openai.com/gptbot)"
74.7.242.38 - - [02/Sep/2026:23:35:07 -0500] "GET /eeylfhdy.php?p=%2Frun%2Finitramfs%2Fstate%2Fetc%2Fsysconfig HTTP/1.1" 200 2732 "http://kanaloaparqueacuatico.co/eeylfhdy.php?p=%2Frun%2Finitramfs%2Fstate%2Fetc" "Mozilla/5.0 AppleWebKit/537.36 (KHTML, like Gecko; compatible; GPTBot/1.4; +https://openai.com/gptbot)"
74.7.243.227 - - [02/Sep/2026:23:35:07 -0500] "GET /eeylfhdy.php?p=%2Fhome%2Fkanaloa%2Ftmp%2Fwebalizerftp HTTP/1.1" 200 2376 "http://www.kanaloaparqueacuatico.co/eeylfhdy.php?p=%2Fhome%2Fkanaloa%2Ftmp" "Mozilla/5.0 AppleWebKit/537.36 (KHTML, like Gecko; compatible; GPTBot/1.4; +https://openai.com/gptbot)"
74.7.242.38 - - [02/Sep/2026:23:35:08 -0500] "GET /eeylfhdy.php?p=%2Fvar%2Flib%2Fnfs%2Frpc_pipefs%2Fcache HTTP/1.1" 200 2406 "http://kanaloaparqueacuatico.co/eeylfhdy.php?p=%2Fvar%2Flib%2Fnfs%2Frpc_pipefs" "Mozilla/5.0 AppleWebKit/537.36 (KHTML, like Gecko; compatible; GPTBot/1.4; +https://openai.com/gptbot)"
74.7.227.52 - - [02/Sep/2026:23:35:08 -0500] "GET /eeylfhdy.php?p=%2Fhome%2Fkanaloa%2F.cagefs%2Fopt%2Falt%2Fphp73%2Flink HTTP/1.1" 200 3204 "http://mail.kanaloaparqueacuatico.co/eeylfhdy.php?p=%2Fhome%2Fkanaloa%2F.cagefs%2Fopt%2Falt%2Fphp73" "Mozilla/5.0 AppleWebKit/537.36 (KHTML, like Gecko; compatible; GPTBot/1.4; +https://openai.com/gptbot)"
74.7.243.227 - - [02/Sep/2026:23:35:08 -0500] "GET /eeylfhdy.php?p=%2Fhome%2Fkanaloa%2Fpublic_html%2Feyhxbpi HTTP/1.1" 200 3199 "http://www.kanaloaparqueacuatico.co/eeylfhdy.php" "Mozilla/5.0 AppleWebKit/537.36 (KHTML, like Gecko; compatible; GPTBot/1.4; +https://openai.com/gptbot)"
74.7.242.38 - - [02/Sep/2026:23:35:08 -0500] "GET /eeylfhdy.php?f=%2Fvar%2Flib%2Fselinux%2Ftargeted%2Fsemanage.read.LOCK&p=%2Fvar%2Flib%2Fselinux%2Ftargeted&rm=1 HTTP/1.1" 200 4907 "http://kanaloaparqueacuatico.co/eeylfhdy.php?p=%2Fvar%2Flib%2Fselinux%2Ftargeted" "Mozilla/5.0 AppleWebKit/537.36 (KHTML, like Gecko; compatible; GPTBot/1.4; +https://openai.com/gptbot)"
74.7.227.52 - - [02/Sep/2026:23:35:08 -0500] "GET /eeylfhdy.php?p=%2Fhome%2Fkanaloa%2F.cagefs%2Fopt%2Falt%2Fphp70%2Flink HTTP/1.1" 200 3204 "http://mail.kanaloaparqueacuatico.co/eeylfhdy.php?p=%2Fhome%2Fkanaloa%2F.cagefs%2Fopt%2Falt%2Fphp70" "Mozilla/5.0 AppleWebKit/537.36 (KHTML, like Gecko; compatible; GPTBot/1.4; +https://openai.com/gptbot)"
74.7.243.227 - - [02/Sep/2026:23:35:08 -0500] "GET /eeylfhdy.php?p=%2Fvar%2Fcache%2Fdnf%2Fwp-toolkit-cpanel-203c0ac30af4e310 HTTP/1.1" 200 3068 "http://www.kanaloaparqueacuatico.co/eeylfhdy.php?p=%2Fvar%2Fcache%2Fdnf" "Mozilla/5.0 AppleWebKit/537.36 (KHTML, like Gecko; compatible; GPTBot/1.4; +https://openai.com/gptbot)"
74.7.243.227 - - [02/Sep/2026:23:35:09 -0500] "GET /eeylfhdy.php?p=%2Fvar%2Flib%2Fspamassassin%2Fcompiled%2F5.036 HTTP/1.1" 200 2720 "http://www.kanaloaparqueacuatico.co/eeylfhdy.php?p=%2Fvar%2Flib%2Fspamassassin%2Fcompiled" "Mozilla/5.0 AppleWebKit/537.36 (KHTML, like Gecko; compatible; GPTBot/1.4; +https://openai.com/gptbot)"
74.7.227.52 - - [02/Sep/2026:23:35:09 -0500] "GET /eeylfhdy.php?p=%2Fhome%2Fkanaloa%2F.cagefs%2Fopt%2Falt%2Fphp80%2Flink HTTP/1.1" 200 3204 "http://mail.kanaloaparqueacuatico.co/eeylfhdy.php?p=%2Fhome%2Fkanaloa%2F.cagefs%2Fopt%2Falt%2Fphp80" "Mozilla/5.0 AppleWebKit/537.36 (KHTML, like Gecko; compatible; GPTBot/1.4; +https://openai.com/gptbot)"
74.7.242.38 - - [02/Sep/2026:23:35:09 -0500] "GET /eeylfhdy.php?dl=1&f=%2Fvar%2Flib%2Fselinux%2Ftargeted%2Fsemanage.read.LOCK&p=%2Fvar%2Flib%2Fselinux%2Ftargeted HTTP/1.1" 200 4269 "http://kanaloaparqueacuatico.co/eeylfhdy.php?p=%2Fvar%2Flib%2Fselinux%2Ftargeted" "Mozilla/5.0 AppleWebKit/537.36 (KHTML, like Gecko; compatible; GPTBot/1.4; +https://openai.com/gptbot)"
74.7.242.38 - - [02/Sep/2026:23:35:09 -0500] "GET /eeylfhdy.php?f=%2Fvar%2Flib%2Fselinux%2Ftargeted%2Fsemanage.read.LOCK&p=%2Fvar%2Flib%2Fselinux%2Ftargeted HTTP/1.1" 200 4483 "http://kanaloaparqueacuatico.co/eeylfhdy.php?p=%2Fvar%2Flib%2Fselinux%2Ftargeted" "Mozilla/5.0 AppleWebKit/537.36 (KHTML, like Gecko; compatible; GPTBot/1.4; +https://openai.com/gptbot)"
74.7.227.52 - - [02/Sep/2026:23:35:09 -0500] "GET /eeylfhdy.php?p=%2Fhome%2Fkanaloa%2F.cagefs%2Fopt%2Falt%2Fphp74%2Flink HTTP/1.1" 200 3204 "http://mail.kanaloaparqueacuatico.co/eeylfhdy.php?p=%2Fhome%2Fkanaloa%2F.cagefs%2Fopt%2Falt%2Fphp74" "Mozilla/5.0 AppleWebKit/537.36 (KHTML, like Gecko; compatible; GPTBot/1.4; +https://openai.com/gptbot)"
74.7.243.227 - - [02/Sep/2026:23:35:09 -0500] "GET /eeylfhdy.php?p=%2Frun%2Fchrony-dhcp HTTP/1.1" 200 2252 "http://www.kanaloaparqueacuatico.co/eeylfhdy.php?p=%2Frun" "Mozilla/5.0 AppleWebKit/537.36 (KHTML, like Gecko; compatible; GPTBot/1.4; +https://openai.com/gptbot)"
74.7.242.38 - - [02/Sep/2026:23:35:10 -0500] "GET /eeylfhdy.php?p=%2Fvar%2Flib%2Fgssproxy%2Fclients%2F HTTP/1.1" 200 2564 "http://kanaloaparqueacuatico.co/eeylfhdy.php?p=%2Fvar%2Flib%2Fgssproxy%2Fclients" "Mozilla/5.0 AppleWebKit/537.36 (KHTML, like Gecko; compatible; GPTBot/1.4; +https://openai.com/gptbot)"
74.7.227.52 - - [02/Sep/2026:23:35:10 -0500] "GET /eeylfhdy.php?p=%2Fhome%2Fkanaloa%2F.cagefs%2Fopt%2Falt%2Fphp56%2Flink HTTP/1.1" 200 3204 "http://mail.kanaloaparqueacuatico.co/eeylfhdy.php?p=%2Fhome%2Fkanaloa%2F.cagefs%2Fopt%2Falt%2Fphp56" "Mozilla/5.0 AppleWebKit/537.36 (KHTML, like Gecko; compatible; GPTBot/1.4; +https://openai.com/gptbot)"
74.7.243.227 - - [02/Sep/2026:23:35:10 -0500] "GET /eeylfhdy.php?p=%2Fhome%2Fcafehotel HTTP/1.1" 200 2420 "http://www.kanaloaparqueacuatico.co/eeylfhdy.php?p=%2Fhome" "Mozilla/5.0 AppleWebKit/537.36 (KHTML, like Gecko; compatible; GPTBot/1.4; +https://openai.com/gptbot)"
74.7.242.38 - - [02/Sep/2026:23:35:10 -0500] "GET /eeylfhdy.php?p=%2Fvar%2Flib%2Fnfs%2Frpc_pipefs%2Fnfsd HTTP/1.1" 200 2402 "http://kanaloaparqueacuatico.co/eeylfhdy.php?p=%2Fvar%2Flib%2Fnfs%2Frpc_pipefs" "Mozilla/5.0 AppleWebKit/537.36 (KHTML, like Gecko; compatible; GPTBot/1.4; +https://openai.com/gptbot)"
74.7.227.52 - - [02/Sep/2026:23:35:10 -0500] "GET /eeylfhdy.php?p=%2Fhome%2Fkanaloa%2Fuploads_backup%2Fpopularfx-templates%2Fknownow%2Fdata%2Fpage HTTP/1.1" 200 9616 "http://mail.kanaloaparqueacuatico.co/eeylfhdy.php?p=%2Fhome%2Fkanaloa%2Fuploads_backup%2Fpopularfx-templates%2Fknownow%2Fdata" "Mozilla/5.0 AppleWebKit/537.36 (KHTML, like Gecko; compatible; GPTBot/1.4; +https://openai.com/gptbot)"
74.7.243.227 - - [02/Sep/2026:23:35:10 -0500] "GET /eeylfhdy.php?p=%2Fhome%2Fxpedition HTTP/1.1" 200 2420 "http://www.kanaloaparqueacuatico.co/eeylfhdy.php?p=%2Fhome" "Mozilla/5.0 AppleWebKit/537.36 (KHTML, like Gecko; compatible; GPTBot/1.4; +https://openai.com/gptbot)"
74.7.242.38 - - [02/Sep/2026:23:35:11 -0500] "GET /eeylfhdy.php?p=%2Frun%2Fudev%2Flinks%2Fdri%5Cx2fby-path%5Cx2fpci-0000%3A00%3A02.0-card HTTP/1.1" 200 3256 "http://kanaloaparqueacuatico.co/eeylfhdy.php?p=%2Frun%2Fudev%2Flinks" "Mozilla/5.0 AppleWebKit/537.36 (KHTML, like Gecko; compatible; GPTBot/1.4; +https://openai.com/gptbot)"
74.7.227.52 - - [02/Sep/2026:23:35:11 -0500] "GET /eeylfhdy.php?p=%2Fhome%2Fkanaloa%2Fuploads_backup%2Fpopularfx-templates%2Fknownow%2Fdata%2Fmenus HTTP/1.1" 200 3666 "http://mail.kanaloaparqueacuatico.co/eeylfhdy.php?p=%2Fhome%2Fkanaloa%2Fuploads_backup%2Fpopularfx-templates%2Fknownow%2Fdata" "Mozilla/5.0 AppleWebKit/537.36 (KHTML, like Gecko; compatible; GPTBot/1.4; +https://openai.com/gptbot)"
74.7.243.227 - - [02/Sep/2026:23:35:11 -0500] "GET /eeylfhdy.php?p=%2Frun%2Fcryptsetup HTTP/1.1" 200 2420 "http://www.kanaloaparqueacuatico.co/eeylfhdy.php?p=%2Frun" "Mozilla/5.0 AppleWebKit/537.36 (KHTML, like Gecko; compatible; GPTBot/1.4; +https://openai.com/gptbot)"
74.7.242.38 - - [02/Sep/2026:23:35:11 -0500] "GET /eeylfhdy.php?p=%2Fhome%2Fkanaloa%2F.cpanel%2Flogs%2Frestoredb HTTP/1.1" 200 3141 "http://kanaloaparqueacuatico.co/eeylfhdy.php?p=%2Fhome%2Fkanaloa%2F.cpanel%2Flogs" "Mozilla/5.0 AppleWebKit/537.36 (KHTML, like Gecko; compatible; GPTBot/1.4; +https://openai.com/gptbot)"
74.7.227.52 - - [02/Sep/2026:23:35:11 -0500] "GET /eeylfhdy.php?p=%2Frun%2Flog%2Fjournal%2F85c7274881cf4dd4866507b5aaf919f3 HTTP/1.1" 200 2732 "http://mail.kanaloaparqueacuatico.co/eeylfhdy.php?p=%2Frun%2Flog%2Fjournal" "Mozilla/5.0 AppleWebKit/537.36 (KHTML, like Gecko; compatible; GPTBot/1.4; +https://openai.com/gptbot)"
74.7.243.227 - - [02/Sep/2026:23:35:11 -0500] "GET /eeylfhdy.php?p=%2Fhome%2Fkanaloa%2Fpublic_html%2Fjlqowkr%2Fawsgbem HTTP/1.1" 200 4023 "http://www.kanaloaparqueacuatico.co/eeylfhdy.php?p=%2Fhome%2Fkanaloa%2Fpublic_html%2Fjlqowkr" "Mozilla/5.0 AppleWebKit/537.36 (KHTML, like Gecko; compatible; GPTBot/1.4; +https://openai.com/gptbot)"
